{"id":14869,"date":"2024-07-01T21:20:48","date_gmt":"2024-07-02T00:20:48","guid":{"rendered":"https:\/\/farmaciadagostino.com.ar\/sitio\/producto\/caviahue-serum-facial-balansis-derm-cbd-30-ml\/"},"modified":"2026-03-09T10:10:12","modified_gmt":"2026-03-09T13:10:12","slug":"caviahue-serum-facial-balansis-derm-cbd-30-ml","status":"publish","type":"product","link":"https:\/\/farmaciadagostino.com.ar\/sitio\/producto\/caviahue-serum-facial-balansis-derm-cbd-30-ml\/","title":{"rendered":"Caviahue Serum Facial Balansis Derm Cbd 30 ml"},"content":{"rendered":"<p>\u00a1Nuevo! Serum | Balansis Derm enfocado en calmar y reparar la piel del estr\u00e9s de factores externos. Su f\u00f3rmula con concentrado con Liposomas de CBD (cannabidiol) y Agua Termal ayuda a reducir la inflamaci\u00f3n, irritaci\u00f3n y enrojecimiento de la piel.<br \/>\n Ideal para todo tipo de piel, especialmente pieles sensibles y con imperfecciones (exceso de sebo, rojeces, inflamaci\u00f3n).<\/p>\n<p>-F\u00f3rmula sin fragancias<br \/>\n-sin parabenos<br \/>\n-sin colorantes<br \/>\n-sin sulfatos<br \/>\n-sin ftalatos<br \/>\n-sin siliconas<br \/>\n-sin parafinas.<br \/>\n-Sin crueldad animal.<br \/>\nDermatol\u00f3gicamente testeado.  Con respaldo cient\u00edfico. <\/p>\n<p>Beneficios<br \/>\n&#8211; Posee propiedades antioxidantes y antiinflamatorias, ayudando a regenerar la piel.<br \/>\n&#8211; Mejora la textura global de la piel y suaviza manchas.<br \/>\n&#8211; Regula la producci\u00f3n de sebo y minimiza los poros dilatados.<br \/>\n&#8211; Ayuda a reparar la barrera cut\u00e1nea de la piel.<br \/>\n&#8211; La combinaci\u00f3n del Aloe Vera, Equisetum Arvense y Niacinamida act\u00faa calmando y desinflamando la piel. <\/p>\n<p>Modo de Uso<\/p>\n<p>Aplicar 4 o 5 gotas sobre la piel limpia del rostro, cuello y escote, dando suaves masajes. Usar por la ma\u00f1ana antes de aplicar tu crema y maquillaje y por las noches antes de ir a dormir.<\/p>\n<p>Ingredientes<\/p>\n<p>Aqua, (Aqua, Alcohol, Cannabidiol isolated, Caprylic capric triglyceride, Lecithin, Polysorbate 80, Xanthan gum, Phenoxyethanol, Imidazolidinyl Urea, Tocopheryl Acetate, Disodium EDTA &amp; BHT), Equisetum arvense extract,Thermal water, Aloe barbadenis leaf juice, Niacinamide, Xanthangum, Phenoxyethanol, Imidazolidinyl Urea, Disodium EDTA,Triethanolamine.<\/p>\n","protected":false},"excerpt":{"rendered":"<p>\u00a1Nuevo! Serum | Balansis Derm enfocado en calmar y reparar la piel del estr\u00e9s de factores externos<\/p>\n","protected":false},"featured_media":12540,"comment_status":"open","ping_status":"closed","template":"","meta":[],"product_brand":[],"product_cat":[237,162],"product_tag":[],"class_list":{"0":"post-14869","1":"product","2":"type-product","3":"status-publish","4":"has-post-thumbnail","6":"product_cat-belleza","7":"product_cat-dermocosmetica","9":"first","10":"instock","11":"shipping-taxable","12":"purchasable","13":"product-type-simple"},"_links":{"self":[{"href":"https:\/\/farmaciadagostino.com.ar\/sitio\/wp-json\/wp\/v2\/product\/14869","targetHints":{"allow":["GET"]}}],"collection":[{"href":"https:\/\/farmaciadagostino.com.ar\/sitio\/wp-json\/wp\/v2\/product"}],"about":[{"href":"https:\/\/farmaciadagostino.com.ar\/sitio\/wp-json\/wp\/v2\/types\/product"}],"replies":[{"embeddable":true,"href":"https:\/\/farmaciadagostino.com.ar\/sitio\/wp-json\/wp\/v2\/comments?post=14869"}],"wp:featuredmedia":[{"embeddable":true,"href":"https:\/\/farmaciadagostino.com.ar\/sitio\/wp-json\/wp\/v2\/media\/12540"}],"wp:attachment":[{"href":"https:\/\/farmaciadagostino.com.ar\/sitio\/wp-json\/wp\/v2\/media?parent=14869"}],"wp:term":[{"taxonomy":"product_brand","embeddable":true,"href":"https:\/\/farmaciadagostino.com.ar\/sitio\/wp-json\/wp\/v2\/product_brand?post=14869"},{"taxonomy":"product_cat","embeddable":true,"href":"https:\/\/farmaciadagostino.com.ar\/sitio\/wp-json\/wp\/v2\/product_cat?post=14869"},{"taxonomy":"product_tag","embeddable":true,"href":"https:\/\/farmaciadagostino.com.ar\/sitio\/wp-json\/wp\/v2\/product_tag?post=14869"}],"curies":[{"name":"wp","href":"https:\/\/api.w.org\/{rel}","templated":true}]}}