{"id":14880,"date":"2024-07-01T21:21:05","date_gmt":"2024-07-02T00:21:05","guid":{"rendered":"https:\/\/farmaciadagostino.com.ar\/sitio\/producto\/dermaglos-protector-solar-fps-30-efecto-seco-180-gr\/"},"modified":"2026-03-09T10:25:29","modified_gmt":"2026-03-09T13:25:29","slug":"dermaglos-protector-solar-fps-30-efecto-seco-180-gr","status":"publish","type":"product","link":"https:\/\/farmaciadagostino.com.ar\/sitio\/producto\/dermaglos-protector-solar-fps-30-efecto-seco-180-gr\/","title":{"rendered":"Dermaglos Protector Solar Fps 30 Efecto Seco 180 gr"},"content":{"rendered":"<p> El protector solar Dermagl\u00f3s Efecto Seco FPS 30 tiene una f\u00f3rmula innovadora para el cuidado del rostro y del cuerpo.<\/p>\n<h5>Beneficios<\/h5>\n<p> Con efecto seco instant\u00e1neo, que permite que no se pegue la arena a la piel. Hidrata sin oleosidad a la vez que previene manchas y arrugas. Testeado dermatol\u00f3gicamente. Su f\u00f3rmula se compone de silica que, permite un resultado antibrillo inmediado y duradero, vitamina E con efecto antioxidante y antiinflamatorio; alanto\u00edna: acci\u00f3n queratol\u00edtica y regeneradora de la piel, y filtros solares. Resistente al agua. Libre de gluten, apto para cel\u00edacos.<\/p>\n<h5>Modo de uso<\/h5>\n<p>Aplicar abundantemente en el rostro y en el cuerpo treinta minutos antes de la exposici\u00f3n al sol. Reaplicar cada 2 horas y luego de sudoraci\u00f3n intensa, nadar o ba\u00f1arse y\/o secarse con toalla. Recomendado a partir de los 3 a\u00f1os.<\/p>\n","protected":false},"excerpt":{"rendered":"<p>El protector solar Dermagl\u00f3s Efecto Seco FPS 30 tiene una f\u00f3rmula innovadora para el cuidado del rostro y del cuerpo<\/p>\n","protected":false},"featured_media":11528,"comment_status":"open","ping_status":"closed","template":"","meta":[],"product_brand":[],"product_cat":[237,162],"product_tag":[],"class_list":{"0":"post-14880","1":"product","2":"type-product","3":"status-publish","4":"has-post-thumbnail","6":"product_cat-belleza","7":"product_cat-dermocosmetica","9":"first","10":"instock","11":"shipping-taxable","12":"purchasable","13":"product-type-simple"},"_links":{"self":[{"href":"https:\/\/farmaciadagostino.com.ar\/sitio\/wp-json\/wp\/v2\/product\/14880","targetHints":{"allow":["GET"]}}],"collection":[{"href":"https:\/\/farmaciadagostino.com.ar\/sitio\/wp-json\/wp\/v2\/product"}],"about":[{"href":"https:\/\/farmaciadagostino.com.ar\/sitio\/wp-json\/wp\/v2\/types\/product"}],"replies":[{"embeddable":true,"href":"https:\/\/farmaciadagostino.com.ar\/sitio\/wp-json\/wp\/v2\/comments?post=14880"}],"wp:featuredmedia":[{"embeddable":true,"href":"https:\/\/farmaciadagostino.com.ar\/sitio\/wp-json\/wp\/v2\/media\/11528"}],"wp:attachment":[{"href":"https:\/\/farmaciadagostino.com.ar\/sitio\/wp-json\/wp\/v2\/media?parent=14880"}],"wp:term":[{"taxonomy":"product_brand","embeddable":true,"href":"https:\/\/farmaciadagostino.com.ar\/sitio\/wp-json\/wp\/v2\/product_brand?post=14880"},{"taxonomy":"product_cat","embeddable":true,"href":"https:\/\/farmaciadagostino.com.ar\/sitio\/wp-json\/wp\/v2\/product_cat?post=14880"},{"taxonomy":"product_tag","embeddable":true,"href":"https:\/\/farmaciadagostino.com.ar\/sitio\/wp-json\/wp\/v2\/product_tag?post=14880"}],"curies":[{"name":"wp","href":"https:\/\/api.w.org\/{rel}","templated":true}]}}