{"id":14911,"date":"2024-07-01T21:21:50","date_gmt":"2024-07-02T00:21:50","guid":{"rendered":"https:\/\/farmaciadagostino.com.ar\/sitio\/producto\/dermaglos-protector-solar-ninos-spray-continuo-fps-50-170-ml\/"},"modified":"2026-03-09T10:10:12","modified_gmt":"2026-03-09T13:10:12","slug":"dermaglos-protector-solar-ninos-spray-continuo-fps-50-170-ml","status":"publish","type":"product","link":"https:\/\/farmaciadagostino.com.ar\/sitio\/producto\/dermaglos-protector-solar-ninos-spray-continuo-fps-50-170-ml\/","title":{"rendered":"Dermaglos Protector Solar Ni\u00f1os Spray Continuo Fps 50 170 ml"},"content":{"rendered":"<p>Protector solar con protecci\u00f3n FPS 50 para ni\u00f1os con f\u00f3rmula de emulsi\u00f3n en spray continuo. Especialmente dise\u00f1ado para la piel delicada de los ni\u00f1os. Resistente al agua. <\/p>\n<h5>Beneficios:<\/h5>\n<p>-Contiene Vitamina E que brinda efecto antioxidante y antiinflamatorio.<\/p>\n<p>-Filtros solares.<\/p>\n<p>&#8211; Su f\u00f3rmula no contiene perfume, no irrita la piel ya que es hipoalerg\u00e9nico. <\/p>\n<h5>Modo de uso:<\/h5>\n<p> Aplicar abundantemente en el rostro y en el cuerpo 30 (treinta) minutos antes de la exposici\u00f3n al sol. Rociar preferentemente en un lugar resguardado del viento y esparcir con la mano en forma pareja. No vaporizar directo sobre la cara, ojos o mucosas; aplicarlo sobre la mano y luego esparcirlos sobre el rostro. Reaplicar cada 2 horas y luego de sudoraci\u00f3n intensa, nadar o ba\u00f1arse y\/o secarse con toalla. Uso externo.<br \/>\nAntes de su primer uso, se sugiere aplicar una peque\u00f1a cantidad en el antebrazo, para comprobar que el producto es apropiado para su piel. <\/p>\n<p>Libre de gluten, apto para cel\u00edacos.<\/p>\n","protected":false},"excerpt":{"rendered":"<p>Protector solar con protecci\u00f3n FPS 50 para ni\u00f1os con f\u00f3rmula de emulsi\u00f3n en spray continuo<\/p>\n","protected":false},"featured_media":11525,"comment_status":"open","ping_status":"closed","template":"","meta":[],"product_brand":[],"product_cat":[237,262,272,162,264],"product_tag":[],"class_list":{"0":"post-14911","1":"product","2":"type-product","3":"status-publish","4":"has-post-thumbnail","6":"product_cat-belleza","7":"product_cat-promo","8":"product_cat-dermaglos-promo","9":"product_cat-dermocosmetica","10":"product_cat-ofertas","12":"first","13":"instock","14":"sale","15":"shipping-taxable","16":"purchasable","17":"product-type-simple"},"_links":{"self":[{"href":"https:\/\/farmaciadagostino.com.ar\/sitio\/wp-json\/wp\/v2\/product\/14911","targetHints":{"allow":["GET"]}}],"collection":[{"href":"https:\/\/farmaciadagostino.com.ar\/sitio\/wp-json\/wp\/v2\/product"}],"about":[{"href":"https:\/\/farmaciadagostino.com.ar\/sitio\/wp-json\/wp\/v2\/types\/product"}],"replies":[{"embeddable":true,"href":"https:\/\/farmaciadagostino.com.ar\/sitio\/wp-json\/wp\/v2\/comments?post=14911"}],"wp:featuredmedia":[{"embeddable":true,"href":"https:\/\/farmaciadagostino.com.ar\/sitio\/wp-json\/wp\/v2\/media\/11525"}],"wp:attachment":[{"href":"https:\/\/farmaciadagostino.com.ar\/sitio\/wp-json\/wp\/v2\/media?parent=14911"}],"wp:term":[{"taxonomy":"product_brand","embeddable":true,"href":"https:\/\/farmaciadagostino.com.ar\/sitio\/wp-json\/wp\/v2\/product_brand?post=14911"},{"taxonomy":"product_cat","embeddable":true,"href":"https:\/\/farmaciadagostino.com.ar\/sitio\/wp-json\/wp\/v2\/product_cat?post=14911"},{"taxonomy":"product_tag","embeddable":true,"href":"https:\/\/farmaciadagostino.com.ar\/sitio\/wp-json\/wp\/v2\/product_tag?post=14911"}],"curies":[{"name":"wp","href":"https:\/\/api.w.org\/{rel}","templated":true}]}}