{"id":14928,"date":"2024-07-01T21:22:52","date_gmt":"2024-07-02T00:22:52","guid":{"rendered":"https:\/\/farmaciadagostino.com.ar\/sitio\/producto\/avent-vaso-con-sorbete-straw-cup-300-ml-scf798-02\/"},"modified":"2026-03-09T10:18:20","modified_gmt":"2026-03-09T13:18:20","slug":"avent-vaso-con-sorbete-straw-cup-300-ml-scf798-02","status":"publish","type":"product","link":"https:\/\/farmaciadagostino.com.ar\/sitio\/producto\/avent-vaso-con-sorbete-straw-cup-300-ml-scf798-02\/","title":{"rendered":"Avent Vaso Con Sorbete Straw Cup 300 ml Scf798\/02"},"content":{"rendered":"<p>El vaso con pajita flexible Philips Avent, con forma contorneada y textura antideslizante para un agarre f\u00e1cil ; adem\u00e1s, permite un desarrollo bucal saludable. Dise\u00f1ado por especialistas. Con v\u00e1lvula antiderrames integrada y dise\u00f1o abatible para evitar derrames. Pocas piezas; f\u00e1cil de armar y de limpiar (apto para el lavavajillas). Compatible con los biberones y vasos Philips Avent. Capacidad 300ml<\/p>\n","protected":false},"excerpt":{"rendered":"<p>El vaso con pajita flexible Philips Avent, con forma contorneada y textura antideslizante para un agarre f\u00e1cil ; adem\u00e1s, permite un desarrollo bucal saludable<\/p>\n","protected":false},"featured_media":13873,"comment_status":"open","ping_status":"closed","template":"","meta":[],"product_brand":[],"product_cat":[177,266],"product_tag":[],"class_list":{"0":"post-14928","1":"product","2":"type-product","3":"status-publish","4":"has-post-thumbnail","6":"product_cat-bebe-maternidad","7":"product_cat-infancias","9":"first","10":"instock","11":"shipping-taxable","12":"purchasable","13":"product-type-simple"},"_links":{"self":[{"href":"https:\/\/farmaciadagostino.com.ar\/sitio\/wp-json\/wp\/v2\/product\/14928","targetHints":{"allow":["GET"]}}],"collection":[{"href":"https:\/\/farmaciadagostino.com.ar\/sitio\/wp-json\/wp\/v2\/product"}],"about":[{"href":"https:\/\/farmaciadagostino.com.ar\/sitio\/wp-json\/wp\/v2\/types\/product"}],"replies":[{"embeddable":true,"href":"https:\/\/farmaciadagostino.com.ar\/sitio\/wp-json\/wp\/v2\/comments?post=14928"}],"wp:featuredmedia":[{"embeddable":true,"href":"https:\/\/farmaciadagostino.com.ar\/sitio\/wp-json\/wp\/v2\/media\/13873"}],"wp:attachment":[{"href":"https:\/\/farmaciadagostino.com.ar\/sitio\/wp-json\/wp\/v2\/media?parent=14928"}],"wp:term":[{"taxonomy":"product_brand","embeddable":true,"href":"https:\/\/farmaciadagostino.com.ar\/sitio\/wp-json\/wp\/v2\/product_brand?post=14928"},{"taxonomy":"product_cat","embeddable":true,"href":"https:\/\/farmaciadagostino.com.ar\/sitio\/wp-json\/wp\/v2\/product_cat?post=14928"},{"taxonomy":"product_tag","embeddable":true,"href":"https:\/\/farmaciadagostino.com.ar\/sitio\/wp-json\/wp\/v2\/product_tag?post=14928"}],"curies":[{"name":"wp","href":"https:\/\/api.w.org\/{rel}","templated":true}]}}