{"id":15104,"date":"2024-07-01T21:27:52","date_gmt":"2024-07-02T00:27:52","guid":{"rendered":"https:\/\/farmaciadagostino.com.ar\/sitio\/producto\/satial-food-polvo-50-gr\/"},"modified":"2026-03-09T10:18:22","modified_gmt":"2026-03-09T13:18:22","slug":"satial-food-polvo-50-gr","status":"publish","type":"product","link":"https:\/\/farmaciadagostino.com.ar\/sitio\/producto\/satial-food-polvo-50-gr\/","title":{"rendered":"Satial Food Polvo 50 gr"},"content":{"rendered":"<p>Satial food es un complemento de la alimentaci\u00f3n elaborado a base de ingredientes naturales que han demostrado en ensayos precl\u00ednicos y cl\u00ednicos su capacidad de disminuir la absorci\u00f3n de hidratos de carbono. Siendo su materia prima original, el primer y \u00fanico bloqueador de hidratos de carbono. El componente activo principal es un nutriente especifico y purificado de faseolamina, presente en el extracto de Phaseolus vulgaris, que ha demostrado cl\u00ednicamente reducir la absorci\u00f3n y digesti\u00f3n del almid\u00f3n presente en los alimentos hasta en un 75%.<\/p>\n<h5>Beneficios:<\/h5>\n<p>Su acci\u00f3n reduce el impacto cal\u00f3rico de los alimentos rico en almid\u00f3n, y tambi\u00e9n disminuye la repuesta de la glucosa y el \u00edndice gluc\u00e9mico. Ayuda a controlar el peso cuando se utiliza junto con una dieta y un programa de ejercicio. \u00danico producto del mercado en presentaci\u00f3n lista para aplicar directamente sobre la comida. Libre de gluten. Sin TACC. Avalado por la SAOTO (Asociaci\u00f3n Argentina de Obesidad y Trastornos Alimentarios). <\/p>\n<h5>Modo de uso<\/h5>\n<p> Espolvorear directamente sobre la comida e ingerir. Puede utilizarse en alimentos fr\u00edos o calientes. Apto para cocinar. Se puede aplicar en agua, jugo, infusi\u00f3n o yogur. Dosis Sugerida una (1) Cucharadita (2 gramos).<\/p>\n","protected":false},"excerpt":{"rendered":"<p>Satial food es un complemento de la alimentaci\u00f3n elaborado a base de ingredientes naturales que han demostrado en ensayos precl\u00ednicos y cl\u00ednicos su capacidad de disminuir la absorci\u00f3n de hidratos de carbono<\/p>\n","protected":false},"featured_media":12129,"comment_status":"open","ping_status":"closed","template":"","meta":[],"product_brand":[],"product_cat":[149],"product_tag":[],"class_list":{"0":"post-15104","1":"product","2":"type-product","3":"status-publish","4":"has-post-thumbnail","6":"product_cat-farmacia","8":"first","9":"instock","10":"shipping-taxable","11":"purchasable","12":"product-type-simple"},"_links":{"self":[{"href":"https:\/\/farmaciadagostino.com.ar\/sitio\/wp-json\/wp\/v2\/product\/15104","targetHints":{"allow":["GET"]}}],"collection":[{"href":"https:\/\/farmaciadagostino.com.ar\/sitio\/wp-json\/wp\/v2\/product"}],"about":[{"href":"https:\/\/farmaciadagostino.com.ar\/sitio\/wp-json\/wp\/v2\/types\/product"}],"replies":[{"embeddable":true,"href":"https:\/\/farmaciadagostino.com.ar\/sitio\/wp-json\/wp\/v2\/comments?post=15104"}],"wp:featuredmedia":[{"embeddable":true,"href":"https:\/\/farmaciadagostino.com.ar\/sitio\/wp-json\/wp\/v2\/media\/12129"}],"wp:attachment":[{"href":"https:\/\/farmaciadagostino.com.ar\/sitio\/wp-json\/wp\/v2\/media?parent=15104"}],"wp:term":[{"taxonomy":"product_brand","embeddable":true,"href":"https:\/\/farmaciadagostino.com.ar\/sitio\/wp-json\/wp\/v2\/product_brand?post=15104"},{"taxonomy":"product_cat","embeddable":true,"href":"https:\/\/farmaciadagostino.com.ar\/sitio\/wp-json\/wp\/v2\/product_cat?post=15104"},{"taxonomy":"product_tag","embeddable":true,"href":"https:\/\/farmaciadagostino.com.ar\/sitio\/wp-json\/wp\/v2\/product_tag?post=15104"}],"curies":[{"name":"wp","href":"https:\/\/api.w.org\/{rel}","templated":true}]}}