{"id":15109,"date":"2024-07-01T21:27:59","date_gmt":"2024-07-02T00:27:59","guid":{"rendered":"https:\/\/farmaciadagostino.com.ar\/sitio\/producto\/bialcohol-alcohol-en-gel-con-glicerina-dosificador-1-litro\/"},"modified":"2026-03-09T10:25:31","modified_gmt":"2026-03-09T13:25:31","slug":"bialcohol-alcohol-en-gel-con-glicerina-dosificador-1-litro","status":"publish","type":"product","link":"https:\/\/farmaciadagostino.com.ar\/sitio\/producto\/bialcohol-alcohol-en-gel-con-glicerina-dosificador-1-litro\/","title":{"rendered":"Bialcohol Alcohol En Gel Con Glicerina Dosificador 1 Litro"},"content":{"rendered":"<p>\u00a1Rinde 9231 dosis! Es una de las formas m\u00e1s eficaces y pr\u00e1cticas de sanitizaci\u00f3n e higiene de manos. Elaborado con Alcohol al 70%. No deja sensaci\u00f3n de grasitud ni pegajosidad en las manos. Contiene glicerina: suavidad y frescura en tus manos.<\/p>\n","protected":false},"excerpt":{"rendered":"<p>\u00a1Rinde 9231 dosis! Es una de las formas m\u00e1s eficaces y pr\u00e1cticas de sanitizaci\u00f3n e higiene de manos<\/p>\n","protected":false},"featured_media":10048,"comment_status":"open","ping_status":"closed","template":"","meta":[],"product_brand":[],"product_cat":[152,149],"product_tag":[],"class_list":{"0":"post-15109","1":"product","2":"type-product","3":"status-publish","4":"has-post-thumbnail","6":"product_cat-cuidado-personal","7":"product_cat-farmacia","9":"first","10":"instock","11":"shipping-taxable","12":"purchasable","13":"product-type-simple"},"_links":{"self":[{"href":"https:\/\/farmaciadagostino.com.ar\/sitio\/wp-json\/wp\/v2\/product\/15109","targetHints":{"allow":["GET"]}}],"collection":[{"href":"https:\/\/farmaciadagostino.com.ar\/sitio\/wp-json\/wp\/v2\/product"}],"about":[{"href":"https:\/\/farmaciadagostino.com.ar\/sitio\/wp-json\/wp\/v2\/types\/product"}],"replies":[{"embeddable":true,"href":"https:\/\/farmaciadagostino.com.ar\/sitio\/wp-json\/wp\/v2\/comments?post=15109"}],"wp:featuredmedia":[{"embeddable":true,"href":"https:\/\/farmaciadagostino.com.ar\/sitio\/wp-json\/wp\/v2\/media\/10048"}],"wp:attachment":[{"href":"https:\/\/farmaciadagostino.com.ar\/sitio\/wp-json\/wp\/v2\/media?parent=15109"}],"wp:term":[{"taxonomy":"product_brand","embeddable":true,"href":"https:\/\/farmaciadagostino.com.ar\/sitio\/wp-json\/wp\/v2\/product_brand?post=15109"},{"taxonomy":"product_cat","embeddable":true,"href":"https:\/\/farmaciadagostino.com.ar\/sitio\/wp-json\/wp\/v2\/product_cat?post=15109"},{"taxonomy":"product_tag","embeddable":true,"href":"https:\/\/farmaciadagostino.com.ar\/sitio\/wp-json\/wp\/v2\/product_tag?post=15109"}],"curies":[{"name":"wp","href":"https:\/\/api.w.org\/{rel}","templated":true}]}}