{"id":15118,"date":"2024-07-01T21:28:06","date_gmt":"2024-07-02T00:28:06","guid":{"rendered":"https:\/\/farmaciadagostino.com.ar\/sitio\/producto\/gillette-antitranspirante-aerosol-cool-wave-93-gr\/"},"modified":"2026-03-09T10:18:22","modified_gmt":"2026-03-09T13:18:22","slug":"gillette-antitranspirante-aerosol-cool-wave-93-gr","status":"publish","type":"product","link":"https:\/\/farmaciadagostino.com.ar\/sitio\/producto\/gillette-antitranspirante-aerosol-cool-wave-93-gr\/","title":{"rendered":"Gillette Antitranspirante Aerosol Cool Wave 93 gr"},"content":{"rendered":"<h5>Nombre<\/h5>\n<p>Desodorante Antitranspirante para hombre Gillette Endurance Cool Wave Argentina en aerosol x 150 ml <\/p>\n<h5>Descripci\u00f3n<\/h5>\n<p>Gillette 3X Sistema de Triple Protecci\u00f3n: Te mantiene seco. Combate el mal olor. Fragancia que dura todo el d\u00eda.<\/p>\n<h5>Indicaciones<\/h5>\n<p>Agite bien antes de usar. Gire el pulsador para abrir. Aplique a unos 15 cm de la piel. Si se tapa la v\u00e1lvula, enju\u00e1guela con agua caliente y recuperar\u00e1 su funcionamiento normal.<\/p>\n<h5>Advertencias<\/h5>\n<p>\u00daselo solo como se indica. Evite el contacto con los ojos. No se aplique en piel irritada y lastimada. Discontin\u00fae su uso en caso de irritaci\u00f3n, enrojecimiento o alguna molestia. Mant\u00e9ngase fuera del alcance de los ni\u00f1os. Use en peque\u00f1as dosis, evite roc\u00edos prolongados. Util\u00edcelo en un \u00e1rea ventilada y evite cualquier inhalaci\u00f3n. Contenidos presurizado: Inflamable. No exponer el envase al sol ni a temperaturas mayores de 50\u00b0C. No perfore ni incinere, incluso despu\u00e9s de usado. Prohibido su rellenado. No roc\u00ede sobre llama, flama o cualquier material incandescente. Mant\u00e9ngase alejado de cualquier fuente de ignici\u00f3n. Prohibido fumar durante y reci\u00e9n aplicado el producto. Cons\u00e9rvese el ambiente, deposite el envase vac\u00edo en la basura. No da\u00f1a la capa de ozono. <\/p>\n<h5>Caracter\u00edsticas y Beneficios<\/h5>\n<p>3X Triple Protection System.<\/p>\n","protected":false},"excerpt":{"rendered":"<p>NombreDesodorante Antitranspirante para hombre Gillette Endurance Cool Wave Argentina en aerosol x 150 ml Descripci\u00f3nGillette 3X Sistema de Triple Protecci\u00f3n: Te mantiene seco<\/p>\n","protected":false},"featured_media":9100,"comment_status":"open","ping_status":"closed","template":"","meta":[],"product_brand":[],"product_cat":[152],"product_tag":[],"class_list":{"0":"post-15118","1":"product","2":"type-product","3":"status-publish","4":"has-post-thumbnail","6":"product_cat-cuidado-personal","8":"first","9":"instock","10":"shipping-taxable","11":"purchasable","12":"product-type-simple"},"_links":{"self":[{"href":"https:\/\/farmaciadagostino.com.ar\/sitio\/wp-json\/wp\/v2\/product\/15118","targetHints":{"allow":["GET"]}}],"collection":[{"href":"https:\/\/farmaciadagostino.com.ar\/sitio\/wp-json\/wp\/v2\/product"}],"about":[{"href":"https:\/\/farmaciadagostino.com.ar\/sitio\/wp-json\/wp\/v2\/types\/product"}],"replies":[{"embeddable":true,"href":"https:\/\/farmaciadagostino.com.ar\/sitio\/wp-json\/wp\/v2\/comments?post=15118"}],"wp:featuredmedia":[{"embeddable":true,"href":"https:\/\/farmaciadagostino.com.ar\/sitio\/wp-json\/wp\/v2\/media\/9100"}],"wp:attachment":[{"href":"https:\/\/farmaciadagostino.com.ar\/sitio\/wp-json\/wp\/v2\/media?parent=15118"}],"wp:term":[{"taxonomy":"product_brand","embeddable":true,"href":"https:\/\/farmaciadagostino.com.ar\/sitio\/wp-json\/wp\/v2\/product_brand?post=15118"},{"taxonomy":"product_cat","embeddable":true,"href":"https:\/\/farmaciadagostino.com.ar\/sitio\/wp-json\/wp\/v2\/product_cat?post=15118"},{"taxonomy":"product_tag","embeddable":true,"href":"https:\/\/farmaciadagostino.com.ar\/sitio\/wp-json\/wp\/v2\/product_tag?post=15118"}],"curies":[{"name":"wp","href":"https:\/\/api.w.org\/{rel}","templated":true}]}}