{"id":15132,"date":"2024-07-01T21:28:28","date_gmt":"2024-07-02T00:28:28","guid":{"rendered":"https:\/\/farmaciadagostino.com.ar\/sitio\/producto\/curitas-apositos-para-dedos-tela-elastica-16-unidades\/"},"modified":"2026-03-09T10:25:31","modified_gmt":"2026-03-09T13:25:31","slug":"curitas-apositos-para-dedos-tela-elastica-16-unidades","status":"publish","type":"product","link":"https:\/\/farmaciadagostino.com.ar\/sitio\/producto\/curitas-apositos-para-dedos-tela-elastica-16-unidades\/","title":{"rendered":"Curitas Apositos Para Dedos Tela Elastica (16 Unidades)"},"content":{"rendered":"<p>Tela El\u00e1stica<\/p>\n<p>Las Curitas\u00ae de Tela El\u00e1stica son la elecci\u00f3n perfecta para cubrir diversas heridas peque\u00f1as.<\/p>\n<p>Este material el\u00e1stico se ajusta a los movimientos naturales de la piel, proporcionando comodidad y flexibilidad.<\/p>\n<p>La almohadilla antiadherente no solo protege la herida, sino que tambi\u00e9n la acolchona para mayor confort.<\/p>\n<p>Gracias a su firme adhesi\u00f3n, estas curitas se mantienen en su lugar, brindando una protecci\u00f3n efectiva.<\/p>\n<p>Las Curitas est\u00e1n disponibles en diferentes tama\u00f1os, cubriendo completamente la herida, as\u00ed como en pa\u00f1os que permiten ser cortados a medida seg\u00fan la necesidad. Una soluci\u00f3n vers\u00e1til para el cuidado efectivo de heridas peque\u00f1as.<\/p>\n","protected":false},"excerpt":{"rendered":"<p>Tela El\u00e1stica<\/p>\n<p>Las Curitas\u00ae de Tela El\u00e1stica son la elecci\u00f3n perfecta para cubrir diversas heridas peque\u00f1as<\/p>\n","protected":false},"featured_media":8065,"comment_status":"open","ping_status":"closed","template":"","meta":[],"product_brand":[],"product_cat":[152,149],"product_tag":[],"class_list":{"0":"post-15132","1":"product","2":"type-product","3":"status-publish","4":"has-post-thumbnail","6":"product_cat-cuidado-personal","7":"product_cat-farmacia","9":"first","10":"instock","11":"shipping-taxable","12":"purchasable","13":"product-type-simple"},"_links":{"self":[{"href":"https:\/\/farmaciadagostino.com.ar\/sitio\/wp-json\/wp\/v2\/product\/15132","targetHints":{"allow":["GET"]}}],"collection":[{"href":"https:\/\/farmaciadagostino.com.ar\/sitio\/wp-json\/wp\/v2\/product"}],"about":[{"href":"https:\/\/farmaciadagostino.com.ar\/sitio\/wp-json\/wp\/v2\/types\/product"}],"replies":[{"embeddable":true,"href":"https:\/\/farmaciadagostino.com.ar\/sitio\/wp-json\/wp\/v2\/comments?post=15132"}],"wp:featuredmedia":[{"embeddable":true,"href":"https:\/\/farmaciadagostino.com.ar\/sitio\/wp-json\/wp\/v2\/media\/8065"}],"wp:attachment":[{"href":"https:\/\/farmaciadagostino.com.ar\/sitio\/wp-json\/wp\/v2\/media?parent=15132"}],"wp:term":[{"taxonomy":"product_brand","embeddable":true,"href":"https:\/\/farmaciadagostino.com.ar\/sitio\/wp-json\/wp\/v2\/product_brand?post=15132"},{"taxonomy":"product_cat","embeddable":true,"href":"https:\/\/farmaciadagostino.com.ar\/sitio\/wp-json\/wp\/v2\/product_cat?post=15132"},{"taxonomy":"product_tag","embeddable":true,"href":"https:\/\/farmaciadagostino.com.ar\/sitio\/wp-json\/wp\/v2\/product_tag?post=15132"}],"curies":[{"name":"wp","href":"https:\/\/api.w.org\/{rel}","templated":true}]}}