{"id":15140,"date":"2024-07-01T21:28:57","date_gmt":"2024-07-02T00:28:57","guid":{"rendered":"https:\/\/farmaciadagostino.com.ar\/sitio\/producto\/johnsonjohnson-acondicionador-johnsons-baby-hidratacion-intensa-200-ml\/"},"modified":"2026-03-09T10:18:22","modified_gmt":"2026-03-09T13:18:22","slug":"johnsonjohnson-acondicionador-johnsons-baby-hidratacion-intensa-200-ml","status":"publish","type":"product","link":"https:\/\/farmaciadagostino.com.ar\/sitio\/producto\/johnsonjohnson-acondicionador-johnsons-baby-hidratacion-intensa-200-ml\/","title":{"rendered":"Johnson&#038;Johnson Acondicionador Johnson&#8217;s Baby Hidratacion Intensa 200 ml"},"content":{"rendered":"<p>ACONDICIONADOR Johnson\u00b4s Baby HIDRATACION INTENSA 200ML<\/p>\n<p>El acondicionador para beb\u00e9 JOHNSON&#8217;S\u00ae baby Hidrataci\u00f3n Intensa fue especialmente formulado para lavar el delicado cabello de tu beb\u00e9 de manera suave, eficaz y segura. Hidrata el cabello de tu beb\u00e9 dej\u00e1ndolo brillante, con cuerpo y f\u00e1cil de peinar. <\/p>\n<p>Modo de uso:<br \/>\n\u00abDespu\u00e9s de usar el Shampoo JOHNSON&#8217;S\u00ae baby Hidrataci\u00f3n Intensa, aplic\u00e1 el acondicionador para beb\u00e9 JOHNSON&#8217;S\u00ae baby Hidrataci\u00f3n Intensa sobre el cabello mojado masaje\u00e1ndolo suavemente hasta obtener espuma abundante. Dejalo actuar por algunos instantes y enjuag\u00e1 bien.<br \/>\nPara un acondicionamiento completo, se recomienda tambi\u00e9n la crema para peinar JOHNSON&#8217;S\u00ae baby Hidrataci\u00f3n Intensa. El uso de toda la l\u00ednea JOHNSON&#8217;S\u00ae baby Hidrataci\u00f3n Intensa deja el cabello brillante, con cuerpo y f\u00e1cil de peinar.\u00bb<\/p>\n","protected":false},"excerpt":{"rendered":"<p>ACONDICIONADOR Johnson\u00b4s Baby HIDRATACION INTENSA 200ML<\/p>\n<p>El acondicionador para beb\u00e9 JOHNSON&#8217;S\u00ae baby Hidrataci\u00f3n Intensa fue especialmente formulado para lavar el delicado cabello de tu beb\u00e9 de manera suave, eficaz y segura<\/p>\n","protected":false},"featured_media":9978,"comment_status":"open","ping_status":"closed","template":"","meta":[],"product_brand":[],"product_cat":[177],"product_tag":[],"class_list":{"0":"post-15140","1":"product","2":"type-product","3":"status-publish","4":"has-post-thumbnail","6":"product_cat-bebe-maternidad","8":"first","9":"instock","10":"shipping-taxable","11":"purchasable","12":"product-type-simple"},"_links":{"self":[{"href":"https:\/\/farmaciadagostino.com.ar\/sitio\/wp-json\/wp\/v2\/product\/15140","targetHints":{"allow":["GET"]}}],"collection":[{"href":"https:\/\/farmaciadagostino.com.ar\/sitio\/wp-json\/wp\/v2\/product"}],"about":[{"href":"https:\/\/farmaciadagostino.com.ar\/sitio\/wp-json\/wp\/v2\/types\/product"}],"replies":[{"embeddable":true,"href":"https:\/\/farmaciadagostino.com.ar\/sitio\/wp-json\/wp\/v2\/comments?post=15140"}],"wp:featuredmedia":[{"embeddable":true,"href":"https:\/\/farmaciadagostino.com.ar\/sitio\/wp-json\/wp\/v2\/media\/9978"}],"wp:attachment":[{"href":"https:\/\/farmaciadagostino.com.ar\/sitio\/wp-json\/wp\/v2\/media?parent=15140"}],"wp:term":[{"taxonomy":"product_brand","embeddable":true,"href":"https:\/\/farmaciadagostino.com.ar\/sitio\/wp-json\/wp\/v2\/product_brand?post=15140"},{"taxonomy":"product_cat","embeddable":true,"href":"https:\/\/farmaciadagostino.com.ar\/sitio\/wp-json\/wp\/v2\/product_cat?post=15140"},{"taxonomy":"product_tag","embeddable":true,"href":"https:\/\/farmaciadagostino.com.ar\/sitio\/wp-json\/wp\/v2\/product_tag?post=15140"}],"curies":[{"name":"wp","href":"https:\/\/api.w.org\/{rel}","templated":true}]}}