{"id":15149,"date":"2024-07-01T21:29:24","date_gmt":"2024-07-02T00:29:24","guid":{"rendered":"https:\/\/farmaciadagostino.com.ar\/sitio\/producto\/johnsons-baby-shampoo-manzanilla-400-ml\/"},"modified":"2026-03-09T10:18:22","modified_gmt":"2026-03-09T13:18:22","slug":"johnsons-baby-shampoo-manzanilla-400-ml","status":"publish","type":"product","link":"https:\/\/farmaciadagostino.com.ar\/sitio\/producto\/johnsons-baby-shampoo-manzanilla-400-ml\/","title":{"rendered":"Johnsons Baby Shampoo Manzanilla 400 ml"},"content":{"rendered":"<p>El Shampoo JOHNSON&#8217;S\u00ae Cabello Claro posee manzanilla natural*, que ayuda a realzar el color de los cabellos claros. Adem\u00e1s, deja el delicado cabello del beb\u00e9 suave y sedoso . Tiene pH fisiol\u00f3gico, es hipoalerg\u00e9nico y libre de colorantes, parabenos, sulfatos y ftalatos. Los resultados son todav\u00eda mejores cuando se usa junto al acondicionador de la misma l\u00ednea. <\/p>\n<p>Debe ser aplicado por un adulto o bajo la supervisi\u00f3n de uno. <\/p>\n<p>No utilizar en caso de que el cuero cabelludo presente irritaciones. <\/p>\n<p>Adecuado para su uso diario.<\/p>\n<p>*fragancia con extracto de manzanilla.\u00bb<\/p>\n","protected":false},"excerpt":{"rendered":"<p>El Shampoo JOHNSON&#8217;S\u00ae Cabello Claro posee manzanilla natural*, que ayuda a realzar el color de los cabellos claros<\/p>\n","protected":false},"featured_media":9963,"comment_status":"open","ping_status":"closed","template":"","meta":[],"product_brand":[],"product_cat":[177],"product_tag":[],"class_list":{"0":"post-15149","1":"product","2":"type-product","3":"status-publish","4":"has-post-thumbnail","6":"product_cat-bebe-maternidad","8":"first","9":"instock","10":"shipping-taxable","11":"purchasable","12":"product-type-simple"},"_links":{"self":[{"href":"https:\/\/farmaciadagostino.com.ar\/sitio\/wp-json\/wp\/v2\/product\/15149","targetHints":{"allow":["GET"]}}],"collection":[{"href":"https:\/\/farmaciadagostino.com.ar\/sitio\/wp-json\/wp\/v2\/product"}],"about":[{"href":"https:\/\/farmaciadagostino.com.ar\/sitio\/wp-json\/wp\/v2\/types\/product"}],"replies":[{"embeddable":true,"href":"https:\/\/farmaciadagostino.com.ar\/sitio\/wp-json\/wp\/v2\/comments?post=15149"}],"wp:featuredmedia":[{"embeddable":true,"href":"https:\/\/farmaciadagostino.com.ar\/sitio\/wp-json\/wp\/v2\/media\/9963"}],"wp:attachment":[{"href":"https:\/\/farmaciadagostino.com.ar\/sitio\/wp-json\/wp\/v2\/media?parent=15149"}],"wp:term":[{"taxonomy":"product_brand","embeddable":true,"href":"https:\/\/farmaciadagostino.com.ar\/sitio\/wp-json\/wp\/v2\/product_brand?post=15149"},{"taxonomy":"product_cat","embeddable":true,"href":"https:\/\/farmaciadagostino.com.ar\/sitio\/wp-json\/wp\/v2\/product_cat?post=15149"},{"taxonomy":"product_tag","embeddable":true,"href":"https:\/\/farmaciadagostino.com.ar\/sitio\/wp-json\/wp\/v2\/product_tag?post=15149"}],"curies":[{"name":"wp","href":"https:\/\/api.w.org\/{rel}","templated":true}]}}