{"id":15361,"date":"2024-07-01T22:59:30","date_gmt":"2024-07-02T01:59:30","guid":{"rendered":"https:\/\/farmaciadagostino.com.ar\/sitio\/producto\/colgate-cepillo-dental-smiles-barbie-6-anos-2-unidades-promo-pack\/"},"modified":"2026-03-09T10:25:34","modified_gmt":"2026-03-09T13:25:34","slug":"colgate-cepillo-dental-smiles-barbie-6-anos-2-unidades-promo-pack","status":"publish","type":"product","link":"https:\/\/farmaciadagostino.com.ar\/sitio\/producto\/colgate-cepillo-dental-smiles-barbie-6-anos-2-unidades-promo-pack\/","title":{"rendered":"Colgate Cepillo Dental Smiles Barbie 6+ A\u00f1os 2 Unidades Promo Pack"},"content":{"rendered":"<h5>Descripci\u00f3n<\/h5>\n<p>Especialmente dise\u00f1ado para ni\u00f1os que tienen una combinaci\u00f3n de dientes de leche y permanentes.<\/p>\n<h5>Beneficios:<\/h5>\n<p>&#8211; Colgate Smiles cuenta con cerdas de diferentes alturas para limpiar profundamente los dientes grandes y peque\u00f1os, y puntas en relieve para limpiar los dientes posteriores dif\u00edciles de alcanzar.<\/p>\n<p>&#8211; Tambi\u00e9n posee una base de succi\u00f3n divertida para poner de pie.<\/p>\n<h5>Modo de uso:<\/h5>\n<p>Cep\u00edllese adecuadamente los dientes despu\u00e9s de cada comida, tres veces al d\u00eda o seg\u00fan la recomendaci\u00f3n de su odont\u00f3logo. Enjuagar completamente despu\u00e9s del cepillado.<\/p>\n<h5>Precauciones:<\/h5>\n<p> No adecuado para ni\u00f1os menores de 3 a\u00f1os. Ni\u00f1os menores de 4 a\u00f1os deben tener la supervisi\u00f3n de un adulto. No morder o masticar. S\u00f3lo para cepillar los dientes. No usar como juguete. Producto no perecedero. No usar si el empaque est\u00e1 abierto.<\/p>\n<p>Los odont\u00f3logos e higienistas recomiendan cambiar el cepillo de dientes cada 3 meses.<\/p>\n","protected":false},"excerpt":{"rendered":"<p>Descripci\u00f3nEspecialmente dise\u00f1ado para ni\u00f1os que tienen una combinaci\u00f3n de dientes de leche y permanentes<\/p>\n","protected":false},"featured_media":9132,"comment_status":"open","ping_status":"closed","template":"","meta":[],"product_brand":[],"product_cat":[152],"product_tag":[],"class_list":{"0":"post-15361","1":"product","2":"type-product","3":"status-publish","4":"has-post-thumbnail","6":"product_cat-cuidado-personal","8":"first","9":"instock","10":"shipping-taxable","11":"purchasable","12":"product-type-simple"},"_links":{"self":[{"href":"https:\/\/farmaciadagostino.com.ar\/sitio\/wp-json\/wp\/v2\/product\/15361","targetHints":{"allow":["GET"]}}],"collection":[{"href":"https:\/\/farmaciadagostino.com.ar\/sitio\/wp-json\/wp\/v2\/product"}],"about":[{"href":"https:\/\/farmaciadagostino.com.ar\/sitio\/wp-json\/wp\/v2\/types\/product"}],"replies":[{"embeddable":true,"href":"https:\/\/farmaciadagostino.com.ar\/sitio\/wp-json\/wp\/v2\/comments?post=15361"}],"wp:featuredmedia":[{"embeddable":true,"href":"https:\/\/farmaciadagostino.com.ar\/sitio\/wp-json\/wp\/v2\/media\/9132"}],"wp:attachment":[{"href":"https:\/\/farmaciadagostino.com.ar\/sitio\/wp-json\/wp\/v2\/media?parent=15361"}],"wp:term":[{"taxonomy":"product_brand","embeddable":true,"href":"https:\/\/farmaciadagostino.com.ar\/sitio\/wp-json\/wp\/v2\/product_brand?post=15361"},{"taxonomy":"product_cat","embeddable":true,"href":"https:\/\/farmaciadagostino.com.ar\/sitio\/wp-json\/wp\/v2\/product_cat?post=15361"},{"taxonomy":"product_tag","embeddable":true,"href":"https:\/\/farmaciadagostino.com.ar\/sitio\/wp-json\/wp\/v2\/product_tag?post=15361"}],"curies":[{"name":"wp","href":"https:\/\/api.w.org\/{rel}","templated":true}]}}