{"id":15548,"date":"2024-07-01T23:07:06","date_gmt":"2024-07-02T02:07:06","guid":{"rendered":"https:\/\/farmaciadagostino.com.ar\/sitio\/producto\/cetaphil-crema-hidratante-facial-de-noche-48-g\/"},"modified":"2026-03-09T10:10:19","modified_gmt":"2026-03-09T13:10:19","slug":"cetaphil-crema-hidratante-facial-de-noche-48-g","status":"publish","type":"product","link":"https:\/\/farmaciadagostino.com.ar\/sitio\/producto\/cetaphil-crema-hidratante-facial-de-noche-48-g\/","title":{"rendered":"Cetaphil Crema Hidratante Facial de Noche 48 g"},"content":{"rendered":"<p>Esta crema ligera y no grasa repone profundamente la hidrataci\u00f3n de la piel durante 48 horas y ayuda a mejorar la calidad general de la piel. Formulado con \u00e1cido hialur\u00f3nico para calmar inmediatamente y reponer profundamente la piel sensible seca y deshidratada.<\/p>\n<h5>Beneficios:<\/h5>\n<p>\u2022 Cuenta con nuestro exclusivo Complejo HydroSensitiv\u2122 con margaritas azules calmantes para profundizar la hidrataci\u00f3n din\u00e1mica.<\/p>\n<\/p>\n<p>\u2022 Ayuda a mejorar la calidad de la piel sensible.<\/p>\n<p>\u2022 Inmediatamente deja la piel suave y flexible, revelando un brillo saludable.<\/p>\n<p>\u2022 Nutre y repone la hidrataci\u00f3n de la piel durante 48 horas.<\/p>\n<p>\u2022 Probado por dermat\u00f3logos y cl\u00ednicamente probado para ser suave con la piel sensible.<\/p>\n<h5>Modo de uso:<\/h5>\n<p>Noche.<\/p>\n<h5>Composici\u00f3n:<\/h5>\n<p>Aqua, Dicaprylyl Carbonate, Glycerin, Caprylic\/Capric Triglyceride, Dimethicone, Cetearyl olivate, octyldodecanol, simmondsia chinensis seed oil, dicaprylyl carbonate, sorbitan olivate, acrylates\/C10-30 Alkyl crosspolymer, anhydroxylitol, bambusa vulgaris shoot extract, butylene glycol, hydrolyzed hyaluronic acid, nelumbo nucifera flower extract, nymphaea alba root extract, panthenol, propylene glycl, sodium benzoate, sodium polyacrylate, tocopherol, xylitol, xylityglucoside, FIL.1771.V00.<\/p>\n<h5>Tipo de Piel:<\/h5>\n<p>Para pieles secas o deshidratadas y sensibles.<\/p>\n<h5>Zona de aplicaci\u00f3n:<\/h5>\n<p>Rostro.<\/p>\n","protected":false},"excerpt":{"rendered":"<p>Esta crema ligera y no grasa repone profundamente la hidrataci\u00f3n de la piel durante 48 horas y ayuda a mejorar la calidad general de la piel<\/p>\n","protected":false},"featured_media":7551,"comment_status":"open","ping_status":"closed","template":"","meta":[],"product_brand":[],"product_cat":[237,152],"product_tag":[],"class_list":{"0":"post-15548","1":"product","2":"type-product","3":"status-publish","4":"has-post-thumbnail","6":"product_cat-belleza","7":"product_cat-cuidado-personal","9":"first","10":"instock","11":"shipping-taxable","12":"purchasable","13":"product-type-simple"},"_links":{"self":[{"href":"https:\/\/farmaciadagostino.com.ar\/sitio\/wp-json\/wp\/v2\/product\/15548","targetHints":{"allow":["GET"]}}],"collection":[{"href":"https:\/\/farmaciadagostino.com.ar\/sitio\/wp-json\/wp\/v2\/product"}],"about":[{"href":"https:\/\/farmaciadagostino.com.ar\/sitio\/wp-json\/wp\/v2\/types\/product"}],"replies":[{"embeddable":true,"href":"https:\/\/farmaciadagostino.com.ar\/sitio\/wp-json\/wp\/v2\/comments?post=15548"}],"wp:featuredmedia":[{"embeddable":true,"href":"https:\/\/farmaciadagostino.com.ar\/sitio\/wp-json\/wp\/v2\/media\/7551"}],"wp:attachment":[{"href":"https:\/\/farmaciadagostino.com.ar\/sitio\/wp-json\/wp\/v2\/media?parent=15548"}],"wp:term":[{"taxonomy":"product_brand","embeddable":true,"href":"https:\/\/farmaciadagostino.com.ar\/sitio\/wp-json\/wp\/v2\/product_brand?post=15548"},{"taxonomy":"product_cat","embeddable":true,"href":"https:\/\/farmaciadagostino.com.ar\/sitio\/wp-json\/wp\/v2\/product_cat?post=15548"},{"taxonomy":"product_tag","embeddable":true,"href":"https:\/\/farmaciadagostino.com.ar\/sitio\/wp-json\/wp\/v2\/product_tag?post=15548"}],"curies":[{"name":"wp","href":"https:\/\/api.w.org\/{rel}","templated":true}]}}