{"id":15578,"date":"2024-07-01T23:07:30","date_gmt":"2024-07-02T02:07:30","guid":{"rendered":"https:\/\/farmaciadagostino.com.ar\/sitio\/producto\/ultra-corega-adhesivo-dental-40-grs\/"},"modified":"2026-03-09T10:25:36","modified_gmt":"2026-03-09T13:25:36","slug":"ultra-corega-adhesivo-dental-40-grs","status":"publish","type":"product","link":"https:\/\/farmaciadagostino.com.ar\/sitio\/producto\/ultra-corega-adhesivo-dental-40-grs\/","title":{"rendered":"Ultra Corega Adhesivo Dental 40 grs"},"content":{"rendered":"<p>Te d\u00e1 fijaci\u00f3n firme hasta por 12 horas. <\/p>\n<h5>Beneficios:<\/h5>\n<p>Forma un sello que ayuda impedir la entrada de alimentos, entre la pr\u00f3tesis y la enc\u00eda, ayudando a prevenir la irritaci\u00f3n de enc\u00edas. <\/p>\n<p>&#8211; Mejora el ajuste y la comodidad de la pr\u00f3tesis. <\/p>\n","protected":false},"excerpt":{"rendered":"<p>Te d\u00e1 fijaci\u00f3n firme hasta por 12 horas<\/p>\n","protected":false},"featured_media":11961,"comment_status":"open","ping_status":"closed","template":"","meta":[],"product_brand":[],"product_cat":[152],"product_tag":[],"class_list":{"0":"post-15578","1":"product","2":"type-product","3":"status-publish","4":"has-post-thumbnail","6":"product_cat-cuidado-personal","8":"first","9":"instock","10":"shipping-taxable","11":"purchasable","12":"product-type-simple"},"_links":{"self":[{"href":"https:\/\/farmaciadagostino.com.ar\/sitio\/wp-json\/wp\/v2\/product\/15578","targetHints":{"allow":["GET"]}}],"collection":[{"href":"https:\/\/farmaciadagostino.com.ar\/sitio\/wp-json\/wp\/v2\/product"}],"about":[{"href":"https:\/\/farmaciadagostino.com.ar\/sitio\/wp-json\/wp\/v2\/types\/product"}],"replies":[{"embeddable":true,"href":"https:\/\/farmaciadagostino.com.ar\/sitio\/wp-json\/wp\/v2\/comments?post=15578"}],"wp:featuredmedia":[{"embeddable":true,"href":"https:\/\/farmaciadagostino.com.ar\/sitio\/wp-json\/wp\/v2\/media\/11961"}],"wp:attachment":[{"href":"https:\/\/farmaciadagostino.com.ar\/sitio\/wp-json\/wp\/v2\/media?parent=15578"}],"wp:term":[{"taxonomy":"product_brand","embeddable":true,"href":"https:\/\/farmaciadagostino.com.ar\/sitio\/wp-json\/wp\/v2\/product_brand?post=15578"},{"taxonomy":"product_cat","embeddable":true,"href":"https:\/\/farmaciadagostino.com.ar\/sitio\/wp-json\/wp\/v2\/product_cat?post=15578"},{"taxonomy":"product_tag","embeddable":true,"href":"https:\/\/farmaciadagostino.com.ar\/sitio\/wp-json\/wp\/v2\/product_tag?post=15578"}],"curies":[{"name":"wp","href":"https:\/\/api.w.org\/{rel}","templated":true}]}}