{"id":15610,"date":"2024-07-01T23:07:46","date_gmt":"2024-07-02T02:07:46","guid":{"rendered":"https:\/\/farmaciadagostino.com.ar\/sitio\/producto\/desodorante-para-hombre-axe-dark-temptation-en-aerosol-x-150-ml\/"},"modified":"2026-03-09T10:25:36","modified_gmt":"2026-03-09T13:25:36","slug":"desodorante-para-hombre-axe-dark-temptation-en-aerosol-x-150-ml","status":"publish","type":"product","link":"https:\/\/farmaciadagostino.com.ar\/sitio\/producto\/desodorante-para-hombre-axe-dark-temptation-en-aerosol-x-150-ml\/","title":{"rendered":"Desodorante Para Hombre Axe Dark Temptation en Aerosol x 150 ml"},"content":{"rendered":"<p>AXE Dark Temptation es un desodorante para hombre corporal con una fragancia dulce pero sutil. Con un toque de especias, captura toda la sensualidad y provocaci\u00f3n del chocolate caliente y la vainilla. Sus notas picantes provenientes de la pimienta te van a tentar e impulsar para sobrepasar los l\u00edmites de tu rutina. Este es el tipo de chocolate que no se derrite cuando las cosas se calientan. Vos tranqui, AXE Dark Temptation tiene todo bajo control. Nuestra nueva y revolucionaria tecnolog\u00eda de doble acci\u00f3n combate las bacterias que causan el mal olor para que puedas oler incre\u00edble durante 48 horas. Sent\u00ed vos tambi\u00e9n el efecto AXE. Con los desodorantes AXE Dark Temptation y su suave aroma a chocolate negro que es imposible de resistir, no importa lo que se te presente: est\u00e1s listo. Una aplicaci\u00f3n r\u00e1pida en toooodo el cuerpo te mantiene con un olorcito tentador e irresistible durante 48 horas. Agit\u00e1, gir\u00e1 la parte de arriba para abrir la tapa y roci\u00e1 el producto por todo el cuerpo. Manten\u00e9 el envase del desodorante en aerosol a 15 cent\u00edmetros y evit\u00e1 las partes \u00edntimas. Sent\u00ed el poder del chocolate caliente. Spoiler alert: vas a oler incre\u00edblemente tentador. El mismo aroma de AXE Dark Temptation en el que siempre confiaste, ahora en lata renovada hecha de aluminio infinitamente reciclable. M\u00e1s fresco est\u00e1s vos, m\u00e1s limpio est\u00e1 el planeta. En AXE nos propusimos que para 2025 todos nuestros envases sean reciclables o incluyan materiales reciclados. La f\u00f3rmula de los desodorantes en aerosol AXE tienen 0% sales de aluminio y no da\u00f1an la capa de ozono. Bienvenido al futuro&#8230; huele incre\u00edble.<\/p>\n<h5>Beneficios:<\/h5>\n<p>AXE Dark Temptation es un desodorante para hombre corporal con una fragancia dulce pero sutil. Un toque de especias que captura toda la sensualidad y provocaci\u00f3n del chocolate caliente y la vainilla. La nueva y revolucionaria tecnolog\u00eda de este desodorante es de doble acci\u00f3n, combate las bacterias que causan el mal olor para que puedas oler incre\u00edble hasta por 48 horas. Con los desodorantes AXE Dark Temptation y su suave aroma a chocolate negro, no importa lo que se te presente: est\u00e1s listo. Sus notas picantes de pimienta te van a impulsar a sobrepasar los l\u00edmites. Agit\u00e1, gir\u00e1 la parte de arriba para abrir la tapa y roci\u00e1 el desodorante por todo el cuerpo. Sent\u00ed el poder del chocolate caliente. Spoiler alert: vas a oler incre\u00edblemente tentador. El mismo aroma del desodorante AXE Dark Temptation en el que siempre confiaste, ahora en lata renovada hecha de aluminio infinitamente reciclable. M\u00e1s fresco est\u00e1s vos, m\u00e1s limpio est\u00e1 el planeta. La f\u00f3rmula de los desodorantes en aerosol AXE tienen 0% sales de aluminio y no da\u00f1an la capa de ozono.<\/p>\n<h5>Modo de uso:<\/h5>\n<p>No pulverizar cerca de llama. No exponer al sol ni a temperaturas mayores a 50 \u00b0C. Mantener el recipiente herm\u00e9ticamente cerrado en lugar ventilado, fresco y seco. Proteger los ojos durante la aplicaci\u00f3n. No perforar ni incinerar. Evitar inhalaci\u00f3n directa. No aplicar sobre piel irritada o lastimada. Discontinuar su uso si aparecen s\u00edntomas de irritaci\u00f3n, enrojecimiento o alguna molestia. Dejar fuera del alcance de los ni\u00f1os. Aplicar solamente en las axilas a no menos de 15 cm de la piel.<\/p>\n","protected":false},"excerpt":{"rendered":"<p>AXE Dark Temptation es un desodorante para hombre corporal con una fragancia dulce pero sutil<\/p>\n","protected":false},"featured_media":10421,"comment_status":"open","ping_status":"closed","template":"","meta":[],"product_brand":[],"product_cat":[152],"product_tag":[],"class_list":{"0":"post-15610","1":"product","2":"type-product","3":"status-publish","4":"has-post-thumbnail","6":"product_cat-cuidado-personal","8":"first","9":"instock","10":"shipping-taxable","11":"purchasable","12":"product-type-simple"},"_links":{"self":[{"href":"https:\/\/farmaciadagostino.com.ar\/sitio\/wp-json\/wp\/v2\/product\/15610","targetHints":{"allow":["GET"]}}],"collection":[{"href":"https:\/\/farmaciadagostino.com.ar\/sitio\/wp-json\/wp\/v2\/product"}],"about":[{"href":"https:\/\/farmaciadagostino.com.ar\/sitio\/wp-json\/wp\/v2\/types\/product"}],"replies":[{"embeddable":true,"href":"https:\/\/farmaciadagostino.com.ar\/sitio\/wp-json\/wp\/v2\/comments?post=15610"}],"wp:featuredmedia":[{"embeddable":true,"href":"https:\/\/farmaciadagostino.com.ar\/sitio\/wp-json\/wp\/v2\/media\/10421"}],"wp:attachment":[{"href":"https:\/\/farmaciadagostino.com.ar\/sitio\/wp-json\/wp\/v2\/media?parent=15610"}],"wp:term":[{"taxonomy":"product_brand","embeddable":true,"href":"https:\/\/farmaciadagostino.com.ar\/sitio\/wp-json\/wp\/v2\/product_brand?post=15610"},{"taxonomy":"product_cat","embeddable":true,"href":"https:\/\/farmaciadagostino.com.ar\/sitio\/wp-json\/wp\/v2\/product_cat?post=15610"},{"taxonomy":"product_tag","embeddable":true,"href":"https:\/\/farmaciadagostino.com.ar\/sitio\/wp-json\/wp\/v2\/product_tag?post=15610"}],"curies":[{"name":"wp","href":"https:\/\/api.w.org\/{rel}","templated":true}]}}