{"id":15686,"date":"2024-07-01T23:08:22","date_gmt":"2024-07-02T02:08:22","guid":{"rendered":"https:\/\/farmaciadagostino.com.ar\/sitio\/producto\/antitranspirante-dove-go-fresh-granada-y-verbena-en-aerosol-x-150-ml\/"},"modified":"2026-03-09T10:10:21","modified_gmt":"2026-03-09T13:10:21","slug":"antitranspirante-dove-go-fresh-granada-y-verbena-en-aerosol-x-150-ml","status":"publish","type":"product","link":"https:\/\/farmaciadagostino.com.ar\/sitio\/producto\/antitranspirante-dove-go-fresh-granada-y-verbena-en-aerosol-x-150-ml\/","title":{"rendered":"Antitranspirante Dove Go Fresh Granada Y Verbena en Aerosol x 150 ml"},"content":{"rendered":"<p>Sent\u00ed el refrescante aroma a Verbena de nuestro nuevo antitranspirante Dove Go Fresh Granada y Verbena. Ideal para empezar el dia con toda la frescura para sentirte fresca, revitalizada y cuidada. El antitranspirante Dove Go Fresh Granada y Verbena te protege desde la primera aplicaci\u00f3n. Con 48 horas de protecci\u00f3n antitranspirante junto a su 1\/4 de crema humectante, te ayuda a sentirte confiada todo el dia.<\/p>\n<h5>Beneficios:<\/h5>\n<p>Nuestro desodorante Dove cuida la delicada piel de las axilas ya que no tiene alcohol et\u00edlico, mientras que brinda frescura Prob\u00e1 la refrescante fragancia que deja en tu piel el antitranspirante de Dove de Granada y Verbena go fresh Ayuda a reducir la irritaci\u00f3n de la piel de las axilas gracias a que posee 1\/4 de crema humectante El Antitranspirante Dove te brinda hasta 48 horas de eficacia en protecci\u00f3n antitranspirante contra el mal olor F\u00f3rmula con 0% alcohol para ayudar a reducir la irritaci\u00f3n de la piel Sent\u00ed tu delicada piel fresca y protegida durante todo el d\u00eda con el antitranspirante en aerosol Dove go fresh.<\/p>\n<h5>Modo de uso:<\/h5>\n<p>Para una mejor protecci\u00f3n durante todo el d\u00eda: despu\u00e9s de la ducha, aseg\u00farate que tus axilas est\u00e9n completamente secas. Luego agita el envase para mezclar homog\u00e9neamente los ingredientes protectores y nutritivos. Finalmente, levanta tu brazo y aplic\u00e1 el producto en tu axila. El envase se debe sostener a 15cm de las axilas durante dos segundos aproximadamente y listo.<\/p>\n","protected":false},"excerpt":{"rendered":"<p>Sent\u00ed el refrescante aroma a Verbena de nuestro nuevo antitranspirante Dove Go Fresh Granada y Verbena<\/p>\n","protected":false},"featured_media":10712,"comment_status":"open","ping_status":"closed","template":"","meta":[],"product_brand":[],"product_cat":[152],"product_tag":[],"class_list":{"0":"post-15686","1":"product","2":"type-product","3":"status-publish","4":"has-post-thumbnail","6":"product_cat-cuidado-personal","8":"first","9":"instock","10":"shipping-taxable","11":"purchasable","12":"product-type-simple"},"_links":{"self":[{"href":"https:\/\/farmaciadagostino.com.ar\/sitio\/wp-json\/wp\/v2\/product\/15686","targetHints":{"allow":["GET"]}}],"collection":[{"href":"https:\/\/farmaciadagostino.com.ar\/sitio\/wp-json\/wp\/v2\/product"}],"about":[{"href":"https:\/\/farmaciadagostino.com.ar\/sitio\/wp-json\/wp\/v2\/types\/product"}],"replies":[{"embeddable":true,"href":"https:\/\/farmaciadagostino.com.ar\/sitio\/wp-json\/wp\/v2\/comments?post=15686"}],"wp:featuredmedia":[{"embeddable":true,"href":"https:\/\/farmaciadagostino.com.ar\/sitio\/wp-json\/wp\/v2\/media\/10712"}],"wp:attachment":[{"href":"https:\/\/farmaciadagostino.com.ar\/sitio\/wp-json\/wp\/v2\/media?parent=15686"}],"wp:term":[{"taxonomy":"product_brand","embeddable":true,"href":"https:\/\/farmaciadagostino.com.ar\/sitio\/wp-json\/wp\/v2\/product_brand?post=15686"},{"taxonomy":"product_cat","embeddable":true,"href":"https:\/\/farmaciadagostino.com.ar\/sitio\/wp-json\/wp\/v2\/product_cat?post=15686"},{"taxonomy":"product_tag","embeddable":true,"href":"https:\/\/farmaciadagostino.com.ar\/sitio\/wp-json\/wp\/v2\/product_tag?post=15686"}],"curies":[{"name":"wp","href":"https:\/\/api.w.org\/{rel}","templated":true}]}}