{"id":15727,"date":"2024-07-01T23:08:42","date_gmt":"2024-07-02T02:08:42","guid":{"rendered":"https:\/\/farmaciadagostino.com.ar\/sitio\/producto\/rexona-desodorante-roll-on-skin-care-nutritive-50-ml\/"},"modified":"2026-03-09T10:25:37","modified_gmt":"2026-03-09T13:25:37","slug":"rexona-desodorante-roll-on-skin-care-nutritive-50-ml","status":"publish","type":"product","link":"https:\/\/farmaciadagostino.com.ar\/sitio\/producto\/rexona-desodorante-roll-on-skin-care-nutritive-50-ml\/","title":{"rendered":"Rexona Desodorante Roll On Skin Care Nutritive 50 Ml"},"content":{"rendered":"<h5>Nombre<\/h5>\n<p>Antitranspirante para mujer Rexona Nutritive en roll on x 50 ml<\/p>\n<h5>Descripci\u00f3n<\/h5>\n<p>Brinda 48 hs de protecci\u00f3n larga duraci\u00f3n. Su f\u00f3rmula enriquece tus axilas con nutrientes fundamentales, mejorando as\u00ed la condici\u00f3n natural de su piel.<\/p>\n","protected":false},"excerpt":{"rendered":"<p>NombreAntitranspirante para mujer Rexona Nutritive en roll on x 50 mlDescripci\u00f3nBrinda 48 hs de protecci\u00f3n larga duraci\u00f3n<\/p>\n","protected":false},"featured_media":6968,"comment_status":"open","ping_status":"closed","template":"","meta":[],"product_brand":[],"product_cat":[152],"product_tag":[],"class_list":{"0":"post-15727","1":"product","2":"type-product","3":"status-publish","4":"has-post-thumbnail","6":"product_cat-cuidado-personal","8":"first","9":"instock","10":"shipping-taxable","11":"purchasable","12":"product-type-simple"},"_links":{"self":[{"href":"https:\/\/farmaciadagostino.com.ar\/sitio\/wp-json\/wp\/v2\/product\/15727","targetHints":{"allow":["GET"]}}],"collection":[{"href":"https:\/\/farmaciadagostino.com.ar\/sitio\/wp-json\/wp\/v2\/product"}],"about":[{"href":"https:\/\/farmaciadagostino.com.ar\/sitio\/wp-json\/wp\/v2\/types\/product"}],"replies":[{"embeddable":true,"href":"https:\/\/farmaciadagostino.com.ar\/sitio\/wp-json\/wp\/v2\/comments?post=15727"}],"wp:featuredmedia":[{"embeddable":true,"href":"https:\/\/farmaciadagostino.com.ar\/sitio\/wp-json\/wp\/v2\/media\/6968"}],"wp:attachment":[{"href":"https:\/\/farmaciadagostino.com.ar\/sitio\/wp-json\/wp\/v2\/media?parent=15727"}],"wp:term":[{"taxonomy":"product_brand","embeddable":true,"href":"https:\/\/farmaciadagostino.com.ar\/sitio\/wp-json\/wp\/v2\/product_brand?post=15727"},{"taxonomy":"product_cat","embeddable":true,"href":"https:\/\/farmaciadagostino.com.ar\/sitio\/wp-json\/wp\/v2\/product_cat?post=15727"},{"taxonomy":"product_tag","embeddable":true,"href":"https:\/\/farmaciadagostino.com.ar\/sitio\/wp-json\/wp\/v2\/product_tag?post=15727"}],"curies":[{"name":"wp","href":"https:\/\/api.w.org\/{rel}","templated":true}]}}