{"id":15860,"date":"2024-07-01T23:27:01","date_gmt":"2024-07-02T02:27:01","guid":{"rendered":"https:\/\/farmaciadagostino.com.ar\/sitio\/producto\/vogue-esmalte-superfantastic-10-ml-encanto-91\/"},"modified":"2026-03-09T10:25:37","modified_gmt":"2026-03-09T13:25:37","slug":"vogue-esmalte-superfantastic-10-ml-encanto-91","status":"publish","type":"product","link":"https:\/\/farmaciadagostino.com.ar\/sitio\/producto\/vogue-esmalte-superfantastic-10-ml-encanto-91\/","title":{"rendered":"Vogue Esmalte Superfantastic 10 ml Encanto 91"},"content":{"rendered":"<p>Luc\u00ed unas u\u00f1as impresionantes con el nuevo esmalte de u\u00f1as negro Vogue Superfantastic Agraz en formato 10 ml. Descubr\u00ed su pincel plano para obtener una resultado m\u00e1s profesional con una aplicaci\u00f3n m\u00e1s sencilla.\u00a1Ser fant\u00e1stica es cuesti\u00f3n de actitud! M\u00e1s de 90 tonos para dar color a lo mejor de cada una! Tonos vibrantes, divertidos y a la moda.<\/p>\n<p>&#8211; Pincel Plano<br \/>\n&#8211; F\u00e1cil aplicaci\u00f3n<br \/>\n&#8211; Los colores que imagin\u00e1s y m\u00e1s!<\/p>\n<p>Consejos de aplicaci\u00f3n.<\/p>\n<p>&#8211; Aplic\u00e1 una capa de la base endurecedora Super Fantastic, luego el color que m\u00e1s te guste y para finalizar utiliz\u00e1 el top coat efecto gel Super Fantastic para un acabado brilloso y de una mayor duraci\u00f3n. <\/p>\n<p>Vogue da color a lo mejor de las mujeres, ofreci\u00e9ndoles productos que acompa\u00f1an cada momento de su vida con amplios rangos de color y de larga duraci\u00f3n, con excelente relaci\u00f3n calidad-precio. La marca se inspira en mujeres que se definen as\u00ed mismas como luchadoras, cotidianas y cercanas, que enfrentan su d\u00eda a d\u00eda con un esp\u00edritu alegre y optimista.<\/p>\n","protected":false},"excerpt":{"rendered":"<p>Luc\u00ed unas u\u00f1as impresionantes con el nuevo esmalte de u\u00f1as negro Vogue Superfantastic Agraz en formato 10 ml<\/p>\n","protected":false},"featured_media":9862,"comment_status":"open","ping_status":"closed","template":"","meta":[],"product_brand":[],"product_cat":[237,265],"product_tag":[],"class_list":{"0":"post-15860","1":"product","2":"type-product","3":"status-publish","4":"has-post-thumbnail","6":"product_cat-belleza","7":"product_cat-maquillaje","9":"first","10":"instock","11":"shipping-taxable","12":"purchasable","13":"product-type-simple"},"_links":{"self":[{"href":"https:\/\/farmaciadagostino.com.ar\/sitio\/wp-json\/wp\/v2\/product\/15860","targetHints":{"allow":["GET"]}}],"collection":[{"href":"https:\/\/farmaciadagostino.com.ar\/sitio\/wp-json\/wp\/v2\/product"}],"about":[{"href":"https:\/\/farmaciadagostino.com.ar\/sitio\/wp-json\/wp\/v2\/types\/product"}],"replies":[{"embeddable":true,"href":"https:\/\/farmaciadagostino.com.ar\/sitio\/wp-json\/wp\/v2\/comments?post=15860"}],"wp:featuredmedia":[{"embeddable":true,"href":"https:\/\/farmaciadagostino.com.ar\/sitio\/wp-json\/wp\/v2\/media\/9862"}],"wp:attachment":[{"href":"https:\/\/farmaciadagostino.com.ar\/sitio\/wp-json\/wp\/v2\/media?parent=15860"}],"wp:term":[{"taxonomy":"product_brand","embeddable":true,"href":"https:\/\/farmaciadagostino.com.ar\/sitio\/wp-json\/wp\/v2\/product_brand?post=15860"},{"taxonomy":"product_cat","embeddable":true,"href":"https:\/\/farmaciadagostino.com.ar\/sitio\/wp-json\/wp\/v2\/product_cat?post=15860"},{"taxonomy":"product_tag","embeddable":true,"href":"https:\/\/farmaciadagostino.com.ar\/sitio\/wp-json\/wp\/v2\/product_tag?post=15860"}],"curies":[{"name":"wp","href":"https:\/\/api.w.org\/{rel}","templated":true}]}}