{"id":15880,"date":"2024-07-01T23:27:06","date_gmt":"2024-07-02T02:27:06","guid":{"rendered":"https:\/\/farmaciadagostino.com.ar\/sitio\/producto\/asepxia-mascarilla-purificante-carbon-detox-peel-off-30-gr\/"},"modified":"2026-03-09T10:10:22","modified_gmt":"2026-03-09T13:10:22","slug":"asepxia-mascarilla-purificante-carbon-detox-peel-off-30-gr","status":"publish","type":"product","link":"https:\/\/farmaciadagostino.com.ar\/sitio\/producto\/asepxia-mascarilla-purificante-carbon-detox-peel-off-30-gr\/","title":{"rendered":"Asepxia Mascarilla Purificante Carb\u00f3n Detox Peel Off 30 gr"},"content":{"rendered":"<p>La MASCARILLA Peel Off Carb\u00f3n Detox ayuda a destapar los POROS, y eliminar la suciedad, GRASA y PUNTOS NEGROS, dejando la piel LIMPIA, SUAVE y PURIFICADA.<\/p>\n<h5>Beneficios:<\/h5>\n<p>&#8211; MASCARILLA PEEL-OFF: Remueve puntos negros, exceso de grasa y suciedad, destapando poros a profundidad.<\/p>\n<p>&#8211; PREVIENE IMPERFECCIONES: Ayuda a prevenir granitos y purifica la piel.<\/p>\n<p>&#8211; CARB\u00d3N DETOX: Carb\u00f3n Activado.<\/p>\n<p>&#8211; EFECTO PURIFICANTE: El carb\u00f3n es un mineral 100% natural que es conocido por su incre\u00edble capacidad de absorber, en sus miles de microporos, la suciedad, grasitud e impurezas, provocadas por la contaminaci\u00f3n y suciedad del ambiente.<\/p>\n<h5>Modo de uso:<\/h5>\n<p>Primero limpiar y secar completamente el rostro. Aplicar una leve capa sobre el \u00e1rea deseada, evitando ojos, cejas, labios y nacimiento del pelo. Dejar el tiempo necesario para que se seque formando la pel\u00edcula definitiva. Retirar suavemente la m\u00e1scara, en un movimiento descendente desde la frente. Lavar con agua tibia cualquier excedente.<\/p>\n<h5>Presentaci\u00f3n:<\/h5>\n<p>30 g.<\/p>\n","protected":false},"excerpt":{"rendered":"<p>La MASCARILLA Peel Off Carb\u00f3n Detox ayuda a destapar los POROS, y eliminar la suciedad, GRASA y PUNTOS NEGROS, dejando la piel LIMPIA, SUAVE y PURIFICADA<\/p>\n","protected":false},"featured_media":12985,"comment_status":"open","ping_status":"closed","template":"","meta":[],"product_brand":[],"product_cat":[237,162],"product_tag":[],"class_list":{"0":"post-15880","1":"product","2":"type-product","3":"status-publish","4":"has-post-thumbnail","6":"product_cat-belleza","7":"product_cat-dermocosmetica","9":"first","10":"instock","11":"shipping-taxable","12":"purchasable","13":"product-type-simple"},"_links":{"self":[{"href":"https:\/\/farmaciadagostino.com.ar\/sitio\/wp-json\/wp\/v2\/product\/15880","targetHints":{"allow":["GET"]}}],"collection":[{"href":"https:\/\/farmaciadagostino.com.ar\/sitio\/wp-json\/wp\/v2\/product"}],"about":[{"href":"https:\/\/farmaciadagostino.com.ar\/sitio\/wp-json\/wp\/v2\/types\/product"}],"replies":[{"embeddable":true,"href":"https:\/\/farmaciadagostino.com.ar\/sitio\/wp-json\/wp\/v2\/comments?post=15880"}],"wp:featuredmedia":[{"embeddable":true,"href":"https:\/\/farmaciadagostino.com.ar\/sitio\/wp-json\/wp\/v2\/media\/12985"}],"wp:attachment":[{"href":"https:\/\/farmaciadagostino.com.ar\/sitio\/wp-json\/wp\/v2\/media?parent=15880"}],"wp:term":[{"taxonomy":"product_brand","embeddable":true,"href":"https:\/\/farmaciadagostino.com.ar\/sitio\/wp-json\/wp\/v2\/product_brand?post=15880"},{"taxonomy":"product_cat","embeddable":true,"href":"https:\/\/farmaciadagostino.com.ar\/sitio\/wp-json\/wp\/v2\/product_cat?post=15880"},{"taxonomy":"product_tag","embeddable":true,"href":"https:\/\/farmaciadagostino.com.ar\/sitio\/wp-json\/wp\/v2\/product_tag?post=15880"}],"curies":[{"name":"wp","href":"https:\/\/api.w.org\/{rel}","templated":true}]}}