{"id":15913,"date":"2024-07-01T23:27:19","date_gmt":"2024-07-02T02:27:19","guid":{"rendered":"https:\/\/farmaciadagostino.com.ar\/sitio\/producto\/nivea-crema-facial-antiedad-dia-q10-power-fps15-todo-tipo-de-piel-50-ml\/"},"modified":"2026-03-09T10:10:23","modified_gmt":"2026-03-09T13:10:23","slug":"nivea-crema-facial-antiedad-dia-q10-power-fps15-todo-tipo-de-piel-50-ml","status":"publish","type":"product","link":"https:\/\/farmaciadagostino.com.ar\/sitio\/producto\/nivea-crema-facial-antiedad-dia-q10-power-fps15-todo-tipo-de-piel-50-ml\/","title":{"rendered":"Nivea Crema Facial Antiedad D\u00eda Q10 Power Fps15 Todo Tipo de Piel 50 ml"},"content":{"rendered":"<p>La Crema facial antiedad de d\u00eda Nivea Q10 POWER reduce eficazmente las arrugas y l\u00edneas de expresi\u00f3n, dejando la piel visiblemente m\u00e1s firme en solo siete d\u00edas de uso regular. Su f\u00f3rmula combina dos ingredientes: Coenzima Q10, id\u00e9ntica a la de la piel, que asegura una acci\u00f3n antiarrugas durante 24 horas; y Creatina para estimular las fibras reafirmantes de la piel, dej\u00e1ndola m\u00e1s nutrida y saludable. Adem\u00e1s, contiene FPS 30 y protecci\u00f3n UVA\/UVB que ayuda a cuidar la piel contra la formaci\u00f3n de arrugas inducidas por el sol. Esta probada en todo tipo de pieles.<\/p>\n<h5>Beneficios:<\/h5>\n<p>-Hidrataci\u00f3n intensa.<\/p>\n<p>&#8211; Reduce las arrugas y lineas de expresi\u00f3n.<\/p>\n<p>&#8211; Piel firme a partir de siete d\u00edas de uso continuado.<\/p>\n<p>&#8211; Contiene FPS 30 y protecci\u00f3n UVA\/UVB.<\/p>\n<p>&#8211; Apta para todo tipo de piel.<\/p>\n<h5>Composicion:<\/h5>\n<p>Aqua, Glycerin, Butyrospermum Parkii Butter, Cetearyl Alcohol, Ethylhexyl Salicylate, Methylpropanediol, Glyceryl Stearate SE, Butyl Methoxydibenzoylmethane, Octocrylene, C12-15 Alkyl Benzoate, Caprylic\/Capric Triglyceride, Phenylbenzimidazole Sulfonic Acid, Synthetic Beeswax, Ubiquinone, Creatine, 1-Methylhydantoin-2-Imide, Tocopheryl Acetate, Xanthan Gum, Carbomer, Dimethicone, Trisodium EDTA, Ethylhexylglycerin, Sodium Hydroxide, Phenoxyethanol, Benzyl Alcohol, Limonene, Parfum.<\/p>\n<h5>Propiedades:<\/h5>\n<p>-Sin parabenos, sin sal.<\/p>\n<p>-Ligeramente perfumado.<\/p>\n<p>&#8211; Propiedades humectantes.<\/p>\n<p>-No testeado en animales.<\/p>\n<h5>Modo de Uso:<\/h5>\n<p>-Usar cada ma\u00f1ana despu\u00e9s de limpiar y tonificar la piel.<\/p>\n<p>-Aplicar NIVEA Q10 POWER Crema facial antiedad de d\u00eda FPS 30 en el rostro y el cuello. <\/p>\n<p>-Masajear suavemente con golpecitos circulares ascendentes, evitando el \u00e1rea del contorno de ojos.<\/p>\n","protected":false},"excerpt":{"rendered":"<p>La Crema facial antiedad de d\u00eda Nivea Q10 POWER reduce eficazmente las arrugas y l\u00edneas de expresi\u00f3n, dejando la piel visiblemente m\u00e1s firme en solo siete d\u00edas de uso regular<\/p>\n","protected":false},"featured_media":8131,"comment_status":"open","ping_status":"closed","template":"","meta":[],"product_brand":[],"product_cat":[237,262,162,264],"product_tag":[],"class_list":{"0":"post-15913","1":"product","2":"type-product","3":"status-publish","4":"has-post-thumbnail","6":"product_cat-belleza","7":"product_cat-promo","8":"product_cat-dermocosmetica","9":"product_cat-ofertas","11":"first","12":"instock","13":"sale","14":"shipping-taxable","15":"purchasable","16":"product-type-simple"},"_links":{"self":[{"href":"https:\/\/farmaciadagostino.com.ar\/sitio\/wp-json\/wp\/v2\/product\/15913","targetHints":{"allow":["GET"]}}],"collection":[{"href":"https:\/\/farmaciadagostino.com.ar\/sitio\/wp-json\/wp\/v2\/product"}],"about":[{"href":"https:\/\/farmaciadagostino.com.ar\/sitio\/wp-json\/wp\/v2\/types\/product"}],"replies":[{"embeddable":true,"href":"https:\/\/farmaciadagostino.com.ar\/sitio\/wp-json\/wp\/v2\/comments?post=15913"}],"wp:featuredmedia":[{"embeddable":true,"href":"https:\/\/farmaciadagostino.com.ar\/sitio\/wp-json\/wp\/v2\/media\/8131"}],"wp:attachment":[{"href":"https:\/\/farmaciadagostino.com.ar\/sitio\/wp-json\/wp\/v2\/media?parent=15913"}],"wp:term":[{"taxonomy":"product_brand","embeddable":true,"href":"https:\/\/farmaciadagostino.com.ar\/sitio\/wp-json\/wp\/v2\/product_brand?post=15913"},{"taxonomy":"product_cat","embeddable":true,"href":"https:\/\/farmaciadagostino.com.ar\/sitio\/wp-json\/wp\/v2\/product_cat?post=15913"},{"taxonomy":"product_tag","embeddable":true,"href":"https:\/\/farmaciadagostino.com.ar\/sitio\/wp-json\/wp\/v2\/product_tag?post=15913"}],"curies":[{"name":"wp","href":"https:\/\/api.w.org\/{rel}","templated":true}]}}