{"id":15918,"date":"2024-07-01T23:27:20","date_gmt":"2024-07-02T02:27:20","guid":{"rendered":"https:\/\/farmaciadagostino.com.ar\/sitio\/producto\/nivea-crema-facial-revitalizante-antiarrugas-con-aceite-de-argan-55-50-ml\/"},"modified":"2026-03-09T10:25:38","modified_gmt":"2026-03-09T13:25:38","slug":"nivea-crema-facial-revitalizante-antiarrugas-con-aceite-de-argan-55-50-ml","status":"publish","type":"product","link":"https:\/\/farmaciadagostino.com.ar\/sitio\/producto\/nivea-crema-facial-revitalizante-antiarrugas-con-aceite-de-argan-55-50-ml\/","title":{"rendered":"Nivea Crema Facial Revitalizante antiarrugas Con Aceite de Arg\u00e1n 55+ 50 ml"},"content":{"rendered":"<p>La Crema facial revitalizante Nivea Antiarrugas 55+ proporciona 3 beneficios: humecta, gracias a sus aceites naturales de Semillas de Uva con Vitamina E y protege con su filtro UV previniendo el fotoenvejecimiento. Adem\u00e1s, reduce visiblemente las arrugas y brinda humectaci\u00f3n intensiva, dejando en la piel una sensaci\u00f3n de suavidad y bienestar. Es apta para todo tipo de pieles.<\/p>\n<h5>Beneficios:<\/h5>\n<p>&#8211; Reduce visiblemente las arrugas.<\/p>\n<p>&#8211; Mejora la vitalidad de la piel.<\/p>\n<p>&#8211; Hidrataci\u00f3n intensa y duradera.<\/p>\n<p>&#8211; Con Calcio: ingrediente antiedad.<\/p>\n<p>&#8211; Apta para todo tipo de piel.<\/p>\n<h5>Composici\u00f3n:<\/h5>\n<p>Aqua, Glycerin, Isopropyl Palmitate, Butyrospermum Parkii Butter, Ethylhexyl Salicylate, Methylpropanediol, Glyceryl Stearate Citrate, Triisostearin, Cetearyl Alcohol, Octocrylene, Glyceryl Stearate, Butyl Methoxydibenzoylmethane, Vitis Vinifera Seed Oil, Tocopheryl Acetate, Synthetic Beeswax, Carbomer, Trisodium EDTA, Ethylhexylglycerin, Sodium Hydroxide, Phenoxyethanol, Methylparaben, Citronellol, Benzyl Alcohol, BHT, Parfum.<\/p>\n<h5>Propiedades:<\/h5>\n<p>Sin sal.<\/p>\n<p>-Propiedades humectantes.<\/p>\n<p>&#8211; No testeado en animales.<\/p>\n<p>&lt;p <\/p>\n<h5>Modo de Uso:\n<\/p>\n<p>&#8211; Limpiar el rostro.<\/p>\n<p>&#8211; Aplicar NIVEA Antiarrugas Crema facial revitalizante 55+ cada ma\u00f1ana.<\/p>\n<p>&#8211; Masajear el producto con suavidad sobre la piel.<\/p>\n","protected":false},"excerpt":{"rendered":"<p>La Crema facial revitalizante Nivea Antiarrugas 55+ proporciona 3 beneficios: humecta, gracias a sus aceites naturales de Semillas de Uva con Vitamina E y protege con su filtro UV previniendo el fotoenvejecimiento<\/p>\n","protected":false},"featured_media":8195,"comment_status":"open","ping_status":"closed","template":"","meta":[],"product_brand":[],"product_cat":[237,162],"product_tag":[],"class_list":{"0":"post-15918","1":"product","2":"type-product","3":"status-publish","4":"has-post-thumbnail","6":"product_cat-belleza","7":"product_cat-dermocosmetica","9":"first","10":"instock","11":"shipping-taxable","12":"purchasable","13":"product-type-simple"},"_links":{"self":[{"href":"https:\/\/farmaciadagostino.com.ar\/sitio\/wp-json\/wp\/v2\/product\/15918","targetHints":{"allow":["GET"]}}],"collection":[{"href":"https:\/\/farmaciadagostino.com.ar\/sitio\/wp-json\/wp\/v2\/product"}],"about":[{"href":"https:\/\/farmaciadagostino.com.ar\/sitio\/wp-json\/wp\/v2\/types\/product"}],"replies":[{"embeddable":true,"href":"https:\/\/farmaciadagostino.com.ar\/sitio\/wp-json\/wp\/v2\/comments?post=15918"}],"wp:featuredmedia":[{"embeddable":true,"href":"https:\/\/farmaciadagostino.com.ar\/sitio\/wp-json\/wp\/v2\/media\/8195"}],"wp:attachment":[{"href":"https:\/\/farmaciadagostino.com.ar\/sitio\/wp-json\/wp\/v2\/media?parent=15918"}],"wp:term":[{"taxonomy":"product_brand","embeddable":true,"href":"https:\/\/farmaciadagostino.com.ar\/sitio\/wp-json\/wp\/v2\/product_brand?post=15918"},{"taxonomy":"product_cat","embeddable":true,"href":"https:\/\/farmaciadagostino.com.ar\/sitio\/wp-json\/wp\/v2\/product_cat?post=15918"},{"taxonomy":"product_tag","embeddable":true,"href":"https:\/\/farmaciadagostino.com.ar\/sitio\/wp-json\/wp\/v2\/product_tag?post=15918"}],"curies":[{"name":"wp","href":"https:\/\/api.w.org\/{rel}","templated":true}]}}