{"id":16089,"date":"2024-07-01T23:28:12","date_gmt":"2024-07-02T02:28:12","guid":{"rendered":"https:\/\/farmaciadagostino.com.ar\/sitio\/producto\/asepxia-jabon-bicarbonato-de-sodio-100-gr\/"},"modified":"2026-03-09T10:10:25","modified_gmt":"2026-03-09T13:10:25","slug":"asepxia-jabon-bicarbonato-de-sodio-100-gr","status":"publish","type":"product","link":"https:\/\/farmaciadagostino.com.ar\/sitio\/producto\/asepxia-jabon-bicarbonato-de-sodio-100-gr\/","title":{"rendered":"Asepxia Jab\u00f3n Bicarbonato de Sodio 100 gr"},"content":{"rendered":"<p>Jab\u00f3n Asepx\u00eda BICARBONATO DE SODIO contiene una nueva f\u00f3rmula avanzada HIDRO-FORCE, una mezcla \u00fanica de \u00e1cidos salic\u00edlico y glic\u00f3lico combinado con extractos naturales que COMBATEN PROFUNDAMENTE las imperfecciones. Adem\u00e1s cuida tu piel creando una capa protectora que la HUMECTA, SUAVIZA y evita la resequedad e irritaci\u00f3n.<\/p>\n<h5>Beneficios:<\/h5>\n<p>&#8211; LIMPIEZA INTENSIVA: Limpia la piel removiendo grasa e impurezas de los poros y ayudando a prevenir la aparici\u00f3n de nuevas imperfecciones.<\/p>\n<\/p>\n<p>&#8211; HIDRO-FORCE: Contiene agentes hidratantes, para limpiar sin resecar tu rostro.<\/p>\n<p>&#8211; BICARBONATO DE SODIO: Bicarbonato de Sodio + \u00c1cido Salic\u00edlico + Agentes Hidratantes como glicerina y extracto de nopal.<\/p>\n<p>&#8211; EFECTO EFERVESCENTE: Especialmente formulado con bicarbonato de sodio e ingredientes naturalmente conocidos por sus activos en limpieza que ayudan a limpiar la piel combatiendo imperfecciones poro a poro, al crear una capa de burbujas en tu rostro dando una sensaci\u00f3n refrescante.<\/p>\n<h5>Modo de uso:<\/h5>\n<p>En la ma\u00f1ana y en la noche, lava tu cara con agua y Jab\u00f3n Asepxia Bicarbonato de Sodio dando un ligero masaje insistiendo en las zonas en que se tengan imperfecciones luego enjuaga con abundante agua.<\/p>\n<h5>Presentaci\u00f3n:<\/h5>\n<p>100 g.<\/p>\n","protected":false},"excerpt":{"rendered":"<p>Jab\u00f3n Asepx\u00eda BICARBONATO DE SODIO contiene una nueva f\u00f3rmula avanzada HIDRO-FORCE, una mezcla \u00fanica de \u00e1cidos salic\u00edlico y glic\u00f3lico combinado con extractos naturales que COMBATEN PROFUNDAMENTE las imperfecciones<\/p>\n","protected":false},"featured_media":7277,"comment_status":"open","ping_status":"closed","template":"","meta":[],"product_brand":[],"product_cat":[237,162],"product_tag":[],"class_list":{"0":"post-16089","1":"product","2":"type-product","3":"status-publish","4":"has-post-thumbnail","6":"product_cat-belleza","7":"product_cat-dermocosmetica","9":"first","10":"instock","11":"shipping-taxable","12":"purchasable","13":"product-type-simple"},"_links":{"self":[{"href":"https:\/\/farmaciadagostino.com.ar\/sitio\/wp-json\/wp\/v2\/product\/16089","targetHints":{"allow":["GET"]}}],"collection":[{"href":"https:\/\/farmaciadagostino.com.ar\/sitio\/wp-json\/wp\/v2\/product"}],"about":[{"href":"https:\/\/farmaciadagostino.com.ar\/sitio\/wp-json\/wp\/v2\/types\/product"}],"replies":[{"embeddable":true,"href":"https:\/\/farmaciadagostino.com.ar\/sitio\/wp-json\/wp\/v2\/comments?post=16089"}],"wp:featuredmedia":[{"embeddable":true,"href":"https:\/\/farmaciadagostino.com.ar\/sitio\/wp-json\/wp\/v2\/media\/7277"}],"wp:attachment":[{"href":"https:\/\/farmaciadagostino.com.ar\/sitio\/wp-json\/wp\/v2\/media?parent=16089"}],"wp:term":[{"taxonomy":"product_brand","embeddable":true,"href":"https:\/\/farmaciadagostino.com.ar\/sitio\/wp-json\/wp\/v2\/product_brand?post=16089"},{"taxonomy":"product_cat","embeddable":true,"href":"https:\/\/farmaciadagostino.com.ar\/sitio\/wp-json\/wp\/v2\/product_cat?post=16089"},{"taxonomy":"product_tag","embeddable":true,"href":"https:\/\/farmaciadagostino.com.ar\/sitio\/wp-json\/wp\/v2\/product_tag?post=16089"}],"curies":[{"name":"wp","href":"https:\/\/api.w.org\/{rel}","templated":true}]}}