{"id":16172,"date":"2024-07-01T23:28:33","date_gmt":"2024-07-02T02:28:33","guid":{"rendered":"https:\/\/farmaciadagostino.com.ar\/sitio\/producto\/palmolive-jabon-liquido-aromatherapy-feel-relaxed-250-ml\/"},"modified":"2026-03-09T10:18:34","modified_gmt":"2026-03-09T13:18:34","slug":"palmolive-jabon-liquido-aromatherapy-feel-relaxed-250-ml","status":"publish","type":"product","link":"https:\/\/farmaciadagostino.com.ar\/sitio\/producto\/palmolive-jabon-liquido-aromatherapy-feel-relaxed-250-ml\/","title":{"rendered":"Palmolive Jabon Liquido Aromatherapy Feel Relaxed 250 Ml"},"content":{"rendered":"<p>Para una sensaci\u00f3n de bienestar para tu mente y cuerpo.<\/p>\n<h5>Beneficios:<\/h5>\n<p>&#8211; La f\u00f3rmula del jab\u00f3n Palmolive\u00ae Aromatherapy Feel Relaxed tiene aceites esenciales de lavanda combinadas con propiedades del ylang-ylang, cuyo nombre significa \u00abflor de las flores\u00bb. El ylang-ylang ayuda a equilibrar la humedad de la piel y reducir la grasa. &#8211; Combina ingredientes naturales en su f\u00f3rmula que suavizan la piel y estimulan los sentidos, proporcionando una sensaci\u00f3n de calma y tranquilidad.<\/p>\n<h5>Modo de uso:<\/h5>\n<p> Aplique un poco de jab\u00f3n l\u00edquido sobre una esponja. Haga un suave masaje sobre el cuerpo y rostro, disfrutando de la cremosa espuma y deliciosa fragancia. Enjuague enseguida, y si lo deseara, repita el proceso.<\/p>\n<h5>Precauciones:<\/h5>\n<p> Mantener fuera del alcance de los ni\u00f1os. Evitar el contacto con los ojos. Discontinuar su uso si pecibe irritaci\u00f3n o sensibilidad en la piel y consultar a un m\u00e9dico. No usar en ni\u00f1os menores de 3 a\u00f1os. Este producto puede ser irritante si no se usa seg\u00fan las instrucciones de uso.<\/p>\n","protected":false},"excerpt":{"rendered":"<p>Para una sensaci\u00f3n de bienestar para tu mente y cuerpo<\/p>\n","protected":false},"featured_media":13439,"comment_status":"open","ping_status":"closed","template":"","meta":[],"product_brand":[],"product_cat":[262,152,264],"product_tag":[],"class_list":{"0":"post-16172","1":"product","2":"type-product","3":"status-publish","4":"has-post-thumbnail","6":"product_cat-promo","7":"product_cat-cuidado-personal","8":"product_cat-ofertas","10":"first","11":"instock","12":"sale","13":"shipping-taxable","14":"purchasable","15":"product-type-simple"},"_links":{"self":[{"href":"https:\/\/farmaciadagostino.com.ar\/sitio\/wp-json\/wp\/v2\/product\/16172","targetHints":{"allow":["GET"]}}],"collection":[{"href":"https:\/\/farmaciadagostino.com.ar\/sitio\/wp-json\/wp\/v2\/product"}],"about":[{"href":"https:\/\/farmaciadagostino.com.ar\/sitio\/wp-json\/wp\/v2\/types\/product"}],"replies":[{"embeddable":true,"href":"https:\/\/farmaciadagostino.com.ar\/sitio\/wp-json\/wp\/v2\/comments?post=16172"}],"wp:featuredmedia":[{"embeddable":true,"href":"https:\/\/farmaciadagostino.com.ar\/sitio\/wp-json\/wp\/v2\/media\/13439"}],"wp:attachment":[{"href":"https:\/\/farmaciadagostino.com.ar\/sitio\/wp-json\/wp\/v2\/media?parent=16172"}],"wp:term":[{"taxonomy":"product_brand","embeddable":true,"href":"https:\/\/farmaciadagostino.com.ar\/sitio\/wp-json\/wp\/v2\/product_brand?post=16172"},{"taxonomy":"product_cat","embeddable":true,"href":"https:\/\/farmaciadagostino.com.ar\/sitio\/wp-json\/wp\/v2\/product_cat?post=16172"},{"taxonomy":"product_tag","embeddable":true,"href":"https:\/\/farmaciadagostino.com.ar\/sitio\/wp-json\/wp\/v2\/product_tag?post=16172"}],"curies":[{"name":"wp","href":"https:\/\/api.w.org\/{rel}","templated":true}]}}