{"id":16194,"date":"2024-07-01T23:28:40","date_gmt":"2024-07-02T02:28:40","guid":{"rendered":"https:\/\/farmaciadagostino.com.ar\/sitio\/producto\/labial-liquido-maybelline-super-stay-matte-ink-x-5-ml-10-dreamer\/"},"modified":"2026-03-09T10:18:36","modified_gmt":"2026-03-09T13:18:36","slug":"labial-liquido-maybelline-super-stay-matte-ink-x-5-ml-10-dreamer","status":"publish","type":"product","link":"https:\/\/farmaciadagostino.com.ar\/sitio\/producto\/labial-liquido-maybelline-super-stay-matte-ink-x-5-ml-10-dreamer\/","title":{"rendered":"Labial L\u00edquido Maybelline Super Stay Matte Ink X 5 Ml | 10 Dreamer"},"content":{"rendered":"<h5>Descripci\u00f3n<\/h5>\n<p> Nuevo Labial l\u00edquido con acabado matte intenso. Color permanente. <\/p>\n<h5>Beneficios<\/h5>\n<p> Sella el matte con el color ink mas saturado, y es ultra cobertura, sin que se transfiera. Gracias a su f\u00f3rmula l\u00edquida y su aplicador, se desliza f\u00e1cilmente por los labios para que su aplicaci\u00f3n sea precisa. No reseca <\/p>\n<h5>Modo de Uso:<\/h5>\n<p>  Aplicar el labial l\u00edquido desde el centro del labio superior hacia los extremos, seguir por el contorno de la boca. Luego aplicarlo por el labio inferior. <\/p>\n","protected":false},"excerpt":{"rendered":"<p>Descripci\u00f3n Nuevo Labial l\u00edquido con acabado matte intenso<\/p>\n","protected":false},"featured_media":7027,"comment_status":"open","ping_status":"closed","template":"","meta":[],"product_brand":[],"product_cat":[237],"product_tag":[],"class_list":{"0":"post-16194","1":"product","2":"type-product","3":"status-publish","4":"has-post-thumbnail","6":"product_cat-belleza","8":"first","9":"instock","10":"shipping-taxable","11":"purchasable","12":"product-type-simple"},"_links":{"self":[{"href":"https:\/\/farmaciadagostino.com.ar\/sitio\/wp-json\/wp\/v2\/product\/16194","targetHints":{"allow":["GET"]}}],"collection":[{"href":"https:\/\/farmaciadagostino.com.ar\/sitio\/wp-json\/wp\/v2\/product"}],"about":[{"href":"https:\/\/farmaciadagostino.com.ar\/sitio\/wp-json\/wp\/v2\/types\/product"}],"replies":[{"embeddable":true,"href":"https:\/\/farmaciadagostino.com.ar\/sitio\/wp-json\/wp\/v2\/comments?post=16194"}],"wp:featuredmedia":[{"embeddable":true,"href":"https:\/\/farmaciadagostino.com.ar\/sitio\/wp-json\/wp\/v2\/media\/7027"}],"wp:attachment":[{"href":"https:\/\/farmaciadagostino.com.ar\/sitio\/wp-json\/wp\/v2\/media?parent=16194"}],"wp:term":[{"taxonomy":"product_brand","embeddable":true,"href":"https:\/\/farmaciadagostino.com.ar\/sitio\/wp-json\/wp\/v2\/product_brand?post=16194"},{"taxonomy":"product_cat","embeddable":true,"href":"https:\/\/farmaciadagostino.com.ar\/sitio\/wp-json\/wp\/v2\/product_cat?post=16194"},{"taxonomy":"product_tag","embeddable":true,"href":"https:\/\/farmaciadagostino.com.ar\/sitio\/wp-json\/wp\/v2\/product_tag?post=16194"}],"curies":[{"name":"wp","href":"https:\/\/api.w.org\/{rel}","templated":true}]}}