{"id":16389,"date":"2024-07-01T23:31:43","date_gmt":"2024-07-02T02:31:43","guid":{"rendered":"https:\/\/farmaciadagostino.com.ar\/sitio\/producto\/doncella-protector-mamario-24-u\/"},"modified":"2026-03-09T10:10:31","modified_gmt":"2026-03-09T13:10:31","slug":"doncella-protector-mamario-24-u","status":"publish","type":"product","link":"https:\/\/farmaciadagostino.com.ar\/sitio\/producto\/doncella-protector-mamario-24-u\/","title":{"rendered":"Doncella Protector Mamario (24 U)"},"content":{"rendered":"<p>Han sido desarrollados con un sistema de fijaci\u00f3n para un ajuste perfecto, contiene novedosos canales para distribuir los l\u00edquidos y evitar desbordes. Su n\u00facleo es s\u00faper absorbente y contiene gel, para una mayor capacidad de absorci\u00f3n. Gracias a su formato anat\u00f3mico y sus bordes suaves es que permiten una mayor discreci\u00f3n.  Su tela respirable es una caracter\u00edstica fundamental ya que permite la circulaci\u00f3n del aire. El protector se coloca entre el seno y el corpi\u00f1o.<\/p>\n","protected":false},"excerpt":{"rendered":"<p>Han sido desarrollados con un sistema de fijaci\u00f3n para un ajuste perfecto, contiene novedosos canales para distribuir los l\u00edquidos y evitar desbordes<\/p>\n","protected":false},"featured_media":10247,"comment_status":"open","ping_status":"closed","template":"","meta":[],"product_brand":[],"product_cat":[152],"product_tag":[],"class_list":{"0":"post-16389","1":"product","2":"type-product","3":"status-publish","4":"has-post-thumbnail","6":"product_cat-cuidado-personal","8":"first","9":"instock","10":"shipping-taxable","11":"purchasable","12":"product-type-simple"},"_links":{"self":[{"href":"https:\/\/farmaciadagostino.com.ar\/sitio\/wp-json\/wp\/v2\/product\/16389","targetHints":{"allow":["GET"]}}],"collection":[{"href":"https:\/\/farmaciadagostino.com.ar\/sitio\/wp-json\/wp\/v2\/product"}],"about":[{"href":"https:\/\/farmaciadagostino.com.ar\/sitio\/wp-json\/wp\/v2\/types\/product"}],"replies":[{"embeddable":true,"href":"https:\/\/farmaciadagostino.com.ar\/sitio\/wp-json\/wp\/v2\/comments?post=16389"}],"wp:featuredmedia":[{"embeddable":true,"href":"https:\/\/farmaciadagostino.com.ar\/sitio\/wp-json\/wp\/v2\/media\/10247"}],"wp:attachment":[{"href":"https:\/\/farmaciadagostino.com.ar\/sitio\/wp-json\/wp\/v2\/media?parent=16389"}],"wp:term":[{"taxonomy":"product_brand","embeddable":true,"href":"https:\/\/farmaciadagostino.com.ar\/sitio\/wp-json\/wp\/v2\/product_brand?post=16389"},{"taxonomy":"product_cat","embeddable":true,"href":"https:\/\/farmaciadagostino.com.ar\/sitio\/wp-json\/wp\/v2\/product_cat?post=16389"},{"taxonomy":"product_tag","embeddable":true,"href":"https:\/\/farmaciadagostino.com.ar\/sitio\/wp-json\/wp\/v2\/product_tag?post=16389"}],"curies":[{"name":"wp","href":"https:\/\/api.w.org\/{rel}","templated":true}]}}