{"id":16435,"date":"2024-07-01T23:31:48","date_gmt":"2024-07-02T02:31:48","guid":{"rendered":"https:\/\/farmaciadagostino.com.ar\/sitio\/producto\/rimmel-mascara-extra-3d-lash-black\/"},"modified":"2026-03-09T10:18:41","modified_gmt":"2026-03-09T13:18:41","slug":"rimmel-mascara-extra-3d-lash-black","status":"publish","type":"product","link":"https:\/\/farmaciadagostino.com.ar\/sitio\/producto\/rimmel-mascara-extra-3d-lash-black\/","title":{"rendered":"Rimmel Mascara Extra 3D Lash Black"},"content":{"rendered":"<p>Te presentamos nuestra m\u00e1scara de pesta\u00f1as de Rimmel London para un efecto de pesta\u00f1as extra largas en color negro intenso.<br \/>\nEsta m\u00e1scara define, alarga y riza \u00a1Sin dejar grumos! Su cepillo 3D captura, cubre y levanta cada una de tus pesta\u00f1as, adem\u00e1s cuenta con hidrogeles que forman una pel\u00edcula ultra suave sobre tus pesta\u00f1as. Su f\u00f3rmula est\u00e1 enriquecida con vitamina E, ceras y pigmentos.<br \/>\nDesde Rimmel London creemos que la verdadera belleza, es la propia autoexpresi\u00f3n. Rimmel no es perfecci\u00f3n ni intimidaci\u00f3n, es como Londres: joven, urbano, ecl\u00e9ctico, vanguardista. Es expresi\u00f3n sin reglas, es real, es accesible. Live the London Look.<\/p>\n<h5>Beneficios:<\/h5>\n<p>Define, alarga y riza las pesta\u00f1as sin dejar grumos.<\/p>\n<p>El cepillo 3D captura, cubre y levanta cada pesta\u00f1a.<\/p>\n<p>Color negro extremo que no se borra.<\/p>\n","protected":false},"excerpt":{"rendered":"<p>Te presentamos nuestra m\u00e1scara de pesta\u00f1as de Rimmel London para un efecto de pesta\u00f1as extra largas en color negro intenso<\/p>\n","protected":false},"featured_media":17845,"comment_status":"open","ping_status":"closed","template":"","meta":[],"product_brand":[],"product_cat":[237],"product_tag":[],"class_list":{"0":"post-16435","1":"product","2":"type-product","3":"status-publish","4":"has-post-thumbnail","6":"product_cat-belleza","8":"first","9":"instock","10":"shipping-taxable","11":"purchasable","12":"product-type-simple"},"_links":{"self":[{"href":"https:\/\/farmaciadagostino.com.ar\/sitio\/wp-json\/wp\/v2\/product\/16435","targetHints":{"allow":["GET"]}}],"collection":[{"href":"https:\/\/farmaciadagostino.com.ar\/sitio\/wp-json\/wp\/v2\/product"}],"about":[{"href":"https:\/\/farmaciadagostino.com.ar\/sitio\/wp-json\/wp\/v2\/types\/product"}],"replies":[{"embeddable":true,"href":"https:\/\/farmaciadagostino.com.ar\/sitio\/wp-json\/wp\/v2\/comments?post=16435"}],"wp:featuredmedia":[{"embeddable":true,"href":"https:\/\/farmaciadagostino.com.ar\/sitio\/wp-json\/wp\/v2\/media\/17845"}],"wp:attachment":[{"href":"https:\/\/farmaciadagostino.com.ar\/sitio\/wp-json\/wp\/v2\/media?parent=16435"}],"wp:term":[{"taxonomy":"product_brand","embeddable":true,"href":"https:\/\/farmaciadagostino.com.ar\/sitio\/wp-json\/wp\/v2\/product_brand?post=16435"},{"taxonomy":"product_cat","embeddable":true,"href":"https:\/\/farmaciadagostino.com.ar\/sitio\/wp-json\/wp\/v2\/product_cat?post=16435"},{"taxonomy":"product_tag","embeddable":true,"href":"https:\/\/farmaciadagostino.com.ar\/sitio\/wp-json\/wp\/v2\/product_tag?post=16435"}],"curies":[{"name":"wp","href":"https:\/\/api.w.org\/{rel}","templated":true}]}}