{"id":16438,"date":"2024-07-01T23:31:48","date_gmt":"2024-07-02T02:31:48","guid":{"rendered":"https:\/\/farmaciadagostino.com.ar\/sitio\/producto\/rimmel-mascara-scandal-eyes-reloaded\/"},"modified":"2026-03-09T10:18:41","modified_gmt":"2026-03-09T13:18:41","slug":"rimmel-mascara-scandal-eyes-reloaded","status":"publish","type":"product","link":"https:\/\/farmaciadagostino.com.ar\/sitio\/producto\/rimmel-mascara-scandal-eyes-reloaded\/","title":{"rendered":"Rimmel Mascara Scandal Eyes Reloaded"},"content":{"rendered":"<p>Scandal&#8217;Eyes Reloaded posee un  cepillo de m\u00e1xima densidad que brinda volumen y duraci\u00f3n extrema  hasta por 24 horas . Con Scandal&#8217;Eyes Reloaded manten\u00e9 tus pesta\u00f1as intactas durante todo el d\u00eda.<\/p>\n","protected":false},"excerpt":{"rendered":"<p>Scandal&#8217;Eyes Reloaded posee un  cepillo de m\u00e1xima densidad que brinda volumen y duraci\u00f3n extrema  hasta por 24 horas <\/p>\n","protected":false},"featured_media":7846,"comment_status":"open","ping_status":"closed","template":"","meta":[],"product_brand":[],"product_cat":[237],"product_tag":[],"class_list":{"0":"post-16438","1":"product","2":"type-product","3":"status-publish","4":"has-post-thumbnail","6":"product_cat-belleza","8":"first","9":"instock","10":"shipping-taxable","11":"purchasable","12":"product-type-simple"},"_links":{"self":[{"href":"https:\/\/farmaciadagostino.com.ar\/sitio\/wp-json\/wp\/v2\/product\/16438","targetHints":{"allow":["GET"]}}],"collection":[{"href":"https:\/\/farmaciadagostino.com.ar\/sitio\/wp-json\/wp\/v2\/product"}],"about":[{"href":"https:\/\/farmaciadagostino.com.ar\/sitio\/wp-json\/wp\/v2\/types\/product"}],"replies":[{"embeddable":true,"href":"https:\/\/farmaciadagostino.com.ar\/sitio\/wp-json\/wp\/v2\/comments?post=16438"}],"wp:featuredmedia":[{"embeddable":true,"href":"https:\/\/farmaciadagostino.com.ar\/sitio\/wp-json\/wp\/v2\/media\/7846"}],"wp:attachment":[{"href":"https:\/\/farmaciadagostino.com.ar\/sitio\/wp-json\/wp\/v2\/media?parent=16438"}],"wp:term":[{"taxonomy":"product_brand","embeddable":true,"href":"https:\/\/farmaciadagostino.com.ar\/sitio\/wp-json\/wp\/v2\/product_brand?post=16438"},{"taxonomy":"product_cat","embeddable":true,"href":"https:\/\/farmaciadagostino.com.ar\/sitio\/wp-json\/wp\/v2\/product_cat?post=16438"},{"taxonomy":"product_tag","embeddable":true,"href":"https:\/\/farmaciadagostino.com.ar\/sitio\/wp-json\/wp\/v2\/product_tag?post=16438"}],"curies":[{"name":"wp","href":"https:\/\/api.w.org\/{rel}","templated":true}]}}