{"id":16463,"date":"2024-07-01T23:31:59","date_gmt":"2024-07-02T02:31:59","guid":{"rendered":"https:\/\/farmaciadagostino.com.ar\/sitio\/producto\/benetton-sisterland-yellow-peony-edt-80-ml\/"},"modified":"2026-03-09T10:18:41","modified_gmt":"2026-03-09T13:18:41","slug":"benetton-sisterland-yellow-peony-edt-80-ml","status":"publish","type":"product","link":"https:\/\/farmaciadagostino.com.ar\/sitio\/producto\/benetton-sisterland-yellow-peony-edt-80-ml\/","title":{"rendered":"Benetton Sisterland Yellow Peony Edt 80 ml"},"content":{"rendered":"<p>La colecci\u00f3n Sisterland a\u00f1ade una nueva fragancia femenina. Le presentamos a Yellow Peony, la hermana m\u00e1s alegre, moderna y rom\u00e1ntica que lo alegra todo con su alegr\u00eda, vitalidad y buen rollo. Fragancia afrutada y floral, con notas de bergamota, peon\u00eda y madera de \u00e1mbar, una fragancia vibrante y chic. <\/p>\n","protected":false},"excerpt":{"rendered":"<p>La colecci\u00f3n Sisterland a\u00f1ade una nueva fragancia femenina<\/p>\n","protected":false},"featured_media":13827,"comment_status":"open","ping_status":"closed","template":"","meta":[],"product_brand":[],"product_cat":[237],"product_tag":[],"class_list":{"0":"post-16463","1":"product","2":"type-product","3":"status-publish","4":"has-post-thumbnail","6":"product_cat-belleza","8":"first","9":"instock","10":"shipping-taxable","11":"purchasable","12":"product-type-simple"},"_links":{"self":[{"href":"https:\/\/farmaciadagostino.com.ar\/sitio\/wp-json\/wp\/v2\/product\/16463","targetHints":{"allow":["GET"]}}],"collection":[{"href":"https:\/\/farmaciadagostino.com.ar\/sitio\/wp-json\/wp\/v2\/product"}],"about":[{"href":"https:\/\/farmaciadagostino.com.ar\/sitio\/wp-json\/wp\/v2\/types\/product"}],"replies":[{"embeddable":true,"href":"https:\/\/farmaciadagostino.com.ar\/sitio\/wp-json\/wp\/v2\/comments?post=16463"}],"wp:featuredmedia":[{"embeddable":true,"href":"https:\/\/farmaciadagostino.com.ar\/sitio\/wp-json\/wp\/v2\/media\/13827"}],"wp:attachment":[{"href":"https:\/\/farmaciadagostino.com.ar\/sitio\/wp-json\/wp\/v2\/media?parent=16463"}],"wp:term":[{"taxonomy":"product_brand","embeddable":true,"href":"https:\/\/farmaciadagostino.com.ar\/sitio\/wp-json\/wp\/v2\/product_brand?post=16463"},{"taxonomy":"product_cat","embeddable":true,"href":"https:\/\/farmaciadagostino.com.ar\/sitio\/wp-json\/wp\/v2\/product_cat?post=16463"},{"taxonomy":"product_tag","embeddable":true,"href":"https:\/\/farmaciadagostino.com.ar\/sitio\/wp-json\/wp\/v2\/product_tag?post=16463"}],"curies":[{"name":"wp","href":"https:\/\/api.w.org\/{rel}","templated":true}]}}