{"id":16519,"date":"2024-07-01T23:32:20","date_gmt":"2024-07-02T02:32:20","guid":{"rendered":"https:\/\/farmaciadagostino.com.ar\/sitio\/producto\/elvive-shampoo-dream-length-200-ml\/"},"modified":"2026-03-09T10:18:42","modified_gmt":"2026-03-09T13:18:42","slug":"elvive-shampoo-dream-length-200-ml","status":"publish","type":"product","link":"https:\/\/farmaciadagostino.com.ar\/sitio\/producto\/elvive-shampoo-dream-length-200-ml\/","title":{"rendered":"Elvive Shampoo Dream Length 200 ml"},"content":{"rendered":"<p>Nuestro Shampoo Reconstructor, es perfecto para olvidarte del cabello largo da\u00f1ado y fr\u00e1gil. Y por supuesto, tambi\u00e9n limpia tu cabello. Su f\u00f3rmula con efecto Anti-Sal\u00b0, est\u00e1 enriquecida con un potente c\u00f3ctel. Elvive Dream Long para cabello largo, da\u00f1ado.<\/p>\n<h5>Beneficios:<\/h5>\n<p>1. Con Keratina Vegetal, reconstruye tu cabello hasta las puntas.2. Con \u00d3leo de Ricino, nutre, le da brillo y ayuda a mantener largo tu cabello.<\/p>\n<p>3. Aplicar el SHAMPOO RECONSTRUCTOR sobre el cabello h\u00famedo, masajeando suavemente. Dejar actuar, enjuagar y repetir cuando sea necesario.<\/p>\n<p>Utilizar los otros productos de la l\u00ednea ELVIVE DREAM LONG. Ev\u00edtese el contacto con los ojos. En caso de contacto con los ojos, enjuague inmediatamente. Mant\u00e9ngase fuera del alcance de los ni\u00f1os. Si observa alguna reacci\u00f3n desfavorable suspenda su uso.<\/p>\n","protected":false},"excerpt":{"rendered":"<p>Nuestro Shampoo Reconstructor, es perfecto para olvidarte del cabello largo da\u00f1ado y fr\u00e1gil<\/p>\n","protected":false},"featured_media":9534,"comment_status":"open","ping_status":"closed","template":"","meta":[],"product_brand":[],"product_cat":[237,262,152,264],"product_tag":[],"class_list":{"0":"post-16519","1":"product","2":"type-product","3":"status-publish","4":"has-post-thumbnail","6":"product_cat-belleza","7":"product_cat-promo","8":"product_cat-cuidado-personal","9":"product_cat-ofertas","11":"first","12":"instock","13":"sale","14":"shipping-taxable","15":"purchasable","16":"product-type-simple"},"_links":{"self":[{"href":"https:\/\/farmaciadagostino.com.ar\/sitio\/wp-json\/wp\/v2\/product\/16519","targetHints":{"allow":["GET"]}}],"collection":[{"href":"https:\/\/farmaciadagostino.com.ar\/sitio\/wp-json\/wp\/v2\/product"}],"about":[{"href":"https:\/\/farmaciadagostino.com.ar\/sitio\/wp-json\/wp\/v2\/types\/product"}],"replies":[{"embeddable":true,"href":"https:\/\/farmaciadagostino.com.ar\/sitio\/wp-json\/wp\/v2\/comments?post=16519"}],"wp:featuredmedia":[{"embeddable":true,"href":"https:\/\/farmaciadagostino.com.ar\/sitio\/wp-json\/wp\/v2\/media\/9534"}],"wp:attachment":[{"href":"https:\/\/farmaciadagostino.com.ar\/sitio\/wp-json\/wp\/v2\/media?parent=16519"}],"wp:term":[{"taxonomy":"product_brand","embeddable":true,"href":"https:\/\/farmaciadagostino.com.ar\/sitio\/wp-json\/wp\/v2\/product_brand?post=16519"},{"taxonomy":"product_cat","embeddable":true,"href":"https:\/\/farmaciadagostino.com.ar\/sitio\/wp-json\/wp\/v2\/product_cat?post=16519"},{"taxonomy":"product_tag","embeddable":true,"href":"https:\/\/farmaciadagostino.com.ar\/sitio\/wp-json\/wp\/v2\/product_tag?post=16519"}],"curies":[{"name":"wp","href":"https:\/\/api.w.org\/{rel}","templated":true}]}}