{"id":16607,"date":"2024-07-01T23:32:37","date_gmt":"2024-07-02T02:32:37","guid":{"rendered":"https:\/\/farmaciadagostino.com.ar\/sitio\/producto\/cher-fragancia-onyx-edp-for-woman-50-ml\/"},"modified":"2026-03-09T10:18:43","modified_gmt":"2026-03-09T13:18:43","slug":"cher-fragancia-onyx-edp-for-woman-50-ml","status":"publish","type":"product","link":"https:\/\/farmaciadagostino.com.ar\/sitio\/producto\/cher-fragancia-onyx-edp-for-woman-50-ml\/","title":{"rendered":"Cher Fragancia Onyx Edp For Woman 50 ml"},"content":{"rendered":"<p>Onyx representa la sofisticaci\u00f3n extrema de una noche adictiva. Una fragancia misteriosa y explosiva de la familia \u00e1mbar floral. Una composici\u00f3n de ingredientes delicados, opulentos y extraordinariamente lujosos. Las 4 aristas del frasco representan una ventana como apertura hacia una nueva etapa de descubrimiento, mostrando con ellas las diferentes facetas, momentos y etapas de cada mujer. Manifiestan los 4 elementos, dignos de la conexi\u00f3n con lo inherente a nuestros comportamientos, siendo las cuatro partes de un todo. La conexi\u00f3n en estas fragancias con los elementos de la Naturaleza hace que todas las mujeres puedan identificarse con Onyx. Creadas bajo un nuevo concepto, DUAL SCENTED\u2122?, la alquimia perfecta que crea una estela envolvente proyectando de manera magn\u00edfica.<\/p>\n<p>Notas de salida: pera de Anjou, bergamota, naranja sanguina<\/p>\n<p>Notas de coraz\u00f3n: Flor de naranjo, tuberosa, frambuesa<\/p>\n<p>Notas de fondo: Orquidea de vainilla, pachouli, s\u00e1ndalo<\/p>\n<p>Aroma: \u00c1mbar Floral<\/p>\n","protected":false},"excerpt":{"rendered":"<p>Onyx representa la sofisticaci\u00f3n extrema de una noche adictiva<\/p>\n","protected":false},"featured_media":13180,"comment_status":"open","ping_status":"closed","template":"","meta":[],"product_brand":[],"product_cat":[237],"product_tag":[],"class_list":{"0":"post-16607","1":"product","2":"type-product","3":"status-publish","4":"has-post-thumbnail","6":"product_cat-belleza","8":"first","9":"instock","10":"shipping-taxable","11":"purchasable","12":"product-type-simple"},"_links":{"self":[{"href":"https:\/\/farmaciadagostino.com.ar\/sitio\/wp-json\/wp\/v2\/product\/16607","targetHints":{"allow":["GET"]}}],"collection":[{"href":"https:\/\/farmaciadagostino.com.ar\/sitio\/wp-json\/wp\/v2\/product"}],"about":[{"href":"https:\/\/farmaciadagostino.com.ar\/sitio\/wp-json\/wp\/v2\/types\/product"}],"replies":[{"embeddable":true,"href":"https:\/\/farmaciadagostino.com.ar\/sitio\/wp-json\/wp\/v2\/comments?post=16607"}],"wp:featuredmedia":[{"embeddable":true,"href":"https:\/\/farmaciadagostino.com.ar\/sitio\/wp-json\/wp\/v2\/media\/13180"}],"wp:attachment":[{"href":"https:\/\/farmaciadagostino.com.ar\/sitio\/wp-json\/wp\/v2\/media?parent=16607"}],"wp:term":[{"taxonomy":"product_brand","embeddable":true,"href":"https:\/\/farmaciadagostino.com.ar\/sitio\/wp-json\/wp\/v2\/product_brand?post=16607"},{"taxonomy":"product_cat","embeddable":true,"href":"https:\/\/farmaciadagostino.com.ar\/sitio\/wp-json\/wp\/v2\/product_cat?post=16607"},{"taxonomy":"product_tag","embeddable":true,"href":"https:\/\/farmaciadagostino.com.ar\/sitio\/wp-json\/wp\/v2\/product_tag?post=16607"}],"curies":[{"name":"wp","href":"https:\/\/api.w.org\/{rel}","templated":true}]}}