{"id":16673,"date":"2024-07-01T23:32:45","date_gmt":"2024-07-02T02:32:45","guid":{"rendered":"https:\/\/farmaciadagostino.com.ar\/sitio\/producto\/coronet-nebulizador-compresor-a-piston-nb219-c\/"},"modified":"2026-03-09T10:18:44","modified_gmt":"2026-03-09T13:18:44","slug":"coronet-nebulizador-compresor-a-piston-nb219-c","status":"publish","type":"product","link":"https:\/\/farmaciadagostino.com.ar\/sitio\/producto\/coronet-nebulizador-compresor-a-piston-nb219-c\/","title":{"rendered":"Coronet Nebulizador Compresor a Piston Nb219-C"},"content":{"rendered":"<p>Nebulizador A Pist\u00f3n Coronet NB-219C<\/p>\n<p>El nebulizador Coronet NB-219C est\u00e1 indicado para diferentes afecciones respiratorias. Convierte el medicamento l\u00edquido en vapor para ser inhalado y hace que llegue directamente a las zonas afectadas provocando menores efectos secundarios y mayor eficacia.<\/p>\n<p>La salud de tu familia en buenas manos<br \/>\nAl ser a pist\u00f3n cont\u00e1s con el dispositivo que mejor lleva a cabo el proceso de nebulizaci\u00f3n. Es ideal para afecciones como laringitis, bronquitis y asma, ya que libera micropart\u00edculas que penetran en las v\u00edas respiratorias bajas y medias en las que se encuentran las ramificaciones m\u00e1s diminutas de los bronquios.<\/p>\n<p>Trae accesorios<br \/>\nAdem\u00e1s, para posibilitar su funcionamiento cuenta con boquilla, filtros, manguera, m\u00e1scara para adulto, m\u00e1scara para ni\u00f1o.<\/p>\n<p>Incluye:<\/p>\n<p>* 1 Nebulizador.<br \/>\n* 1 Mascarilla de adulto.<br \/>\n* 1 Mascarilla de ni\u00f1o.<br \/>\n* 1 Manguera.<br \/>\n* 1 Pipeta nebulizadora.<br \/>\n* 1 Adaptador de boquilla.<br \/>\n* 5 Filtros de aire.<br \/>\n* 1 Manual de uso.<\/p>\n<p>Caracter\u00edsticas:<br \/>\n* Apto Para Todas Las Edades.<br \/>\n* Capacidad De Nebulizaci\u00f3n 10 ML.<br \/>\n* Motocompresor a Pist\u00f3n Libre de Mantenimiento.<br \/>\n* Dimensiones 280 mm Largo x 180 mm Ancho x 88 mm Alto.<br \/>\n* Peso 2.250 Kg.<br \/>\n* Frecuencia De Uso operaci\u00f3n por 20 minutos y apagado por 40 minutos.<br \/>\n* Alimentaci\u00f3n 220v.<br \/>\n* Garant\u00eda Oficial Coronet: 2 a\u00f1os<\/p>\n","protected":false},"excerpt":{"rendered":"<p>Nebulizador A Pist\u00f3n Coronet NB-219C<\/p>\n<p>El nebulizador Coronet NB-219C est\u00e1 indicado para diferentes afecciones respiratorias<\/p>\n","protected":false},"featured_media":10974,"comment_status":"open","ping_status":"closed","template":"","meta":[],"product_brand":[],"product_cat":[182],"product_tag":[],"class_list":{"0":"post-16673","1":"product","2":"type-product","3":"status-publish","4":"has-post-thumbnail","6":"product_cat-electro","8":"first","9":"instock","10":"shipping-taxable","11":"purchasable","12":"product-type-simple"},"_links":{"self":[{"href":"https:\/\/farmaciadagostino.com.ar\/sitio\/wp-json\/wp\/v2\/product\/16673","targetHints":{"allow":["GET"]}}],"collection":[{"href":"https:\/\/farmaciadagostino.com.ar\/sitio\/wp-json\/wp\/v2\/product"}],"about":[{"href":"https:\/\/farmaciadagostino.com.ar\/sitio\/wp-json\/wp\/v2\/types\/product"}],"replies":[{"embeddable":true,"href":"https:\/\/farmaciadagostino.com.ar\/sitio\/wp-json\/wp\/v2\/comments?post=16673"}],"wp:featuredmedia":[{"embeddable":true,"href":"https:\/\/farmaciadagostino.com.ar\/sitio\/wp-json\/wp\/v2\/media\/10974"}],"wp:attachment":[{"href":"https:\/\/farmaciadagostino.com.ar\/sitio\/wp-json\/wp\/v2\/media?parent=16673"}],"wp:term":[{"taxonomy":"product_brand","embeddable":true,"href":"https:\/\/farmaciadagostino.com.ar\/sitio\/wp-json\/wp\/v2\/product_brand?post=16673"},{"taxonomy":"product_cat","embeddable":true,"href":"https:\/\/farmaciadagostino.com.ar\/sitio\/wp-json\/wp\/v2\/product_cat?post=16673"},{"taxonomy":"product_tag","embeddable":true,"href":"https:\/\/farmaciadagostino.com.ar\/sitio\/wp-json\/wp\/v2\/product_tag?post=16673"}],"curies":[{"name":"wp","href":"https:\/\/api.w.org\/{rel}","templated":true}]}}