{"id":16682,"date":"2024-07-01T23:32:49","date_gmt":"2024-07-02T02:32:49","guid":{"rendered":"https:\/\/farmaciadagostino.com.ar\/sitio\/producto\/opti-free-solucion-esteril-multiproposito-355-ml\/"},"modified":"2026-03-09T10:18:44","modified_gmt":"2026-03-09T13:18:44","slug":"opti-free-solucion-esteril-multiproposito-355-ml","status":"publish","type":"product","link":"https:\/\/farmaciadagostino.com.ar\/sitio\/producto\/opti-free-solucion-esteril-multiproposito-355-ml\/","title":{"rendered":"Opti Free Soluci\u00f3n Est\u00e9ril Multiprop\u00f3sito 355 ml"},"content":{"rendered":"<h5>Descripci\u00f3n<\/h5>\n<p>La soluci\u00f3n mutiprop\u00f3sito Opti-Free Express mantiene tus lentes confortables durante todo el d\u00eda ya que contribuye a la retenci\u00f3n de humedad y previene los dep\u00f3sitos de prote\u00ednas. La poderosa combinaci\u00f3n de citrato, Tetronic 1304 y AMP-95 permite que tus lentes se limpien y desinfecten en el mismo portalentes.<br \/>\nCada uno de los ingredientes cumple su cometido: Citrate atrae las prote\u00ednas de tus lentes y las elimina.Tetronic 1304 elimina la suciedad, los l\u00edpidos y los restos org\u00e1nicos.Y AMP-95 repele las prote\u00ednas y cubre la lente para prevenir los dep\u00f3sitos de las mismas.<br \/>\nComo resultado, un confort que dura todo el d\u00eda. Tus ojos permanecen frescos y llenos de energ\u00eda de la ma\u00f1ana a la noche.<\/p>\n","protected":false},"excerpt":{"rendered":"<p>Descripci\u00f3nLa soluci\u00f3n mutiprop\u00f3sito Opti-Free Express mantiene tus lentes confortables durante todo el d\u00eda ya que contribuye a la retenci\u00f3n de humedad y previene los dep\u00f3sitos de prote\u00ednas<\/p>\n","protected":false},"featured_media":7218,"comment_status":"open","ping_status":"closed","template":"","meta":[],"product_brand":[],"product_cat":[149],"product_tag":[],"class_list":{"0":"post-16682","1":"product","2":"type-product","3":"status-publish","4":"has-post-thumbnail","6":"product_cat-farmacia","8":"first","9":"instock","10":"shipping-taxable","11":"purchasable","12":"product-type-simple"},"_links":{"self":[{"href":"https:\/\/farmaciadagostino.com.ar\/sitio\/wp-json\/wp\/v2\/product\/16682","targetHints":{"allow":["GET"]}}],"collection":[{"href":"https:\/\/farmaciadagostino.com.ar\/sitio\/wp-json\/wp\/v2\/product"}],"about":[{"href":"https:\/\/farmaciadagostino.com.ar\/sitio\/wp-json\/wp\/v2\/types\/product"}],"replies":[{"embeddable":true,"href":"https:\/\/farmaciadagostino.com.ar\/sitio\/wp-json\/wp\/v2\/comments?post=16682"}],"wp:featuredmedia":[{"embeddable":true,"href":"https:\/\/farmaciadagostino.com.ar\/sitio\/wp-json\/wp\/v2\/media\/7218"}],"wp:attachment":[{"href":"https:\/\/farmaciadagostino.com.ar\/sitio\/wp-json\/wp\/v2\/media?parent=16682"}],"wp:term":[{"taxonomy":"product_brand","embeddable":true,"href":"https:\/\/farmaciadagostino.com.ar\/sitio\/wp-json\/wp\/v2\/product_brand?post=16682"},{"taxonomy":"product_cat","embeddable":true,"href":"https:\/\/farmaciadagostino.com.ar\/sitio\/wp-json\/wp\/v2\/product_cat?post=16682"},{"taxonomy":"product_tag","embeddable":true,"href":"https:\/\/farmaciadagostino.com.ar\/sitio\/wp-json\/wp\/v2\/product_tag?post=16682"}],"curies":[{"name":"wp","href":"https:\/\/api.w.org\/{rel}","templated":true}]}}