{"id":16869,"date":"2024-07-01T23:33:22","date_gmt":"2024-07-02T02:33:22","guid":{"rendered":"https:\/\/farmaciadagostino.com.ar\/sitio\/producto\/pampers-panales-babysan-hipoalergenico-talle-g-40-unidades\/"},"modified":"2026-03-09T10:25:49","modified_gmt":"2026-03-09T13:25:49","slug":"pampers-panales-babysan-hipoalergenico-talle-g-40-unidades","status":"publish","type":"product","link":"https:\/\/farmaciadagostino.com.ar\/sitio\/producto\/pampers-panales-babysan-hipoalergenico-talle-g-40-unidades\/","title":{"rendered":"Pampers Pa\u00f1ales Babysan Hipoalerg\u00e9nico Talle g (40 Unidades)"},"content":{"rendered":"<p>Pampers Babysan Hipoalerg\u00e9nico es la nueva versi\u00f3n de Pampers. Gracias a su super centro absorbente, tiene una absorci\u00f3n ultra r\u00e1pida para que tu beb\u00e9 pueda descansar toda la noche y cuenta con orejas frontales para una mejor colocaci\u00f3n del pa\u00f1al. Adem\u00e1s cuentan con loci\u00f3n hipoalerg\u00e9nica para proteger la delicada piel de tu beb\u00e9. \u00a1Prob\u00e1 los nuevos Pampers Babysan Hipoalerg\u00e9nicos! Tu nuevo aliado para que tu beb\u00e9 pase una noche sequita.<\/p>\n","protected":false},"excerpt":{"rendered":"<p>Pampers Babysan Hipoalerg\u00e9nico es la nueva versi\u00f3n de Pampers<\/p>\n","protected":false},"featured_media":8876,"comment_status":"open","ping_status":"closed","template":"","meta":[],"product_brand":[],"product_cat":[177],"product_tag":[],"class_list":{"0":"post-16869","1":"product","2":"type-product","3":"status-publish","4":"has-post-thumbnail","6":"product_cat-bebe-maternidad","8":"first","9":"instock","10":"shipping-taxable","11":"purchasable","12":"product-type-simple"},"_links":{"self":[{"href":"https:\/\/farmaciadagostino.com.ar\/sitio\/wp-json\/wp\/v2\/product\/16869","targetHints":{"allow":["GET"]}}],"collection":[{"href":"https:\/\/farmaciadagostino.com.ar\/sitio\/wp-json\/wp\/v2\/product"}],"about":[{"href":"https:\/\/farmaciadagostino.com.ar\/sitio\/wp-json\/wp\/v2\/types\/product"}],"replies":[{"embeddable":true,"href":"https:\/\/farmaciadagostino.com.ar\/sitio\/wp-json\/wp\/v2\/comments?post=16869"}],"wp:featuredmedia":[{"embeddable":true,"href":"https:\/\/farmaciadagostino.com.ar\/sitio\/wp-json\/wp\/v2\/media\/8876"}],"wp:attachment":[{"href":"https:\/\/farmaciadagostino.com.ar\/sitio\/wp-json\/wp\/v2\/media?parent=16869"}],"wp:term":[{"taxonomy":"product_brand","embeddable":true,"href":"https:\/\/farmaciadagostino.com.ar\/sitio\/wp-json\/wp\/v2\/product_brand?post=16869"},{"taxonomy":"product_cat","embeddable":true,"href":"https:\/\/farmaciadagostino.com.ar\/sitio\/wp-json\/wp\/v2\/product_cat?post=16869"},{"taxonomy":"product_tag","embeddable":true,"href":"https:\/\/farmaciadagostino.com.ar\/sitio\/wp-json\/wp\/v2\/product_tag?post=16869"}],"curies":[{"name":"wp","href":"https:\/\/api.w.org\/{rel}","templated":true}]}}