{"id":16870,"date":"2024-07-01T23:33:22","date_gmt":"2024-07-02T02:33:22","guid":{"rendered":"https:\/\/farmaciadagostino.com.ar\/sitio\/producto\/ena-suplemento-deportivo-x-pro-chocolate\/"},"modified":"2026-03-09T10:10:37","modified_gmt":"2026-03-09T13:10:37","slug":"ena-suplemento-deportivo-x-pro-chocolate","status":"publish","type":"product","link":"https:\/\/farmaciadagostino.com.ar\/sitio\/producto\/ena-suplemento-deportivo-x-pro-chocolate\/","title":{"rendered":"Ena Suplemento Deportivo x Pro Chocolate"},"content":{"rendered":"<h5>Nombre<\/h5>\n<p>Suplemento Dietario Ena Whey X Pro sabor chocolate x 453 gr<\/p>\n<h5>Descripci\u00f3n<\/h5>\n<p>Suplemento dietario para ayudarte a que tengas todo en uno: prote\u00ednas para mejorar el desarrollo de la definici\u00f3n muscular, creatina que colabora con la formaci\u00f3n de componentes energ\u00e9ticos, glutamina y amino\u00e1cidos ramificados para reparar los tejidos da\u00f1ados, taurina para mejorar tu metabolismo, m\u00e1s vitaminas, minerales y antioxidantes. Excelente sabor chocolate. Permite mejorar el crecimiento muscular y la recuperaci\u00f3n. Ademas contribuye a mejorar la funci\u00f3n inmunol\u00f3gica y la potencia muscular. Participa de la desintoxicaci\u00f3n.<\/p>\n","protected":false},"excerpt":{"rendered":"<p>NombreSuplemento Dietario Ena Whey X Pro sabor chocolate x 453 grDescripci\u00f3nSuplemento dietario para ayudarte a que tengas todo en uno: prote\u00ednas para mejorar el desarrollo de la definici\u00f3n muscular, creatina que colabora con la formaci\u00f3n de componentes energ\u00e9ticos, glutamina y amino\u00e1cidos ramificados para reparar los tejidos da\u00f1ados, taurina para mejorar tu metabolismo, m\u00e1s vitaminas, minerales y antioxidantes<\/p>\n","protected":false},"featured_media":11267,"comment_status":"open","ping_status":"closed","template":"","meta":[],"product_brand":[],"product_cat":[241],"product_tag":[],"class_list":{"0":"post-16870","1":"product","2":"type-product","3":"status-publish","4":"has-post-thumbnail","6":"product_cat-deporte","8":"first","9":"instock","10":"shipping-taxable","11":"purchasable","12":"product-type-simple"},"_links":{"self":[{"href":"https:\/\/farmaciadagostino.com.ar\/sitio\/wp-json\/wp\/v2\/product\/16870","targetHints":{"allow":["GET"]}}],"collection":[{"href":"https:\/\/farmaciadagostino.com.ar\/sitio\/wp-json\/wp\/v2\/product"}],"about":[{"href":"https:\/\/farmaciadagostino.com.ar\/sitio\/wp-json\/wp\/v2\/types\/product"}],"replies":[{"embeddable":true,"href":"https:\/\/farmaciadagostino.com.ar\/sitio\/wp-json\/wp\/v2\/comments?post=16870"}],"wp:featuredmedia":[{"embeddable":true,"href":"https:\/\/farmaciadagostino.com.ar\/sitio\/wp-json\/wp\/v2\/media\/11267"}],"wp:attachment":[{"href":"https:\/\/farmaciadagostino.com.ar\/sitio\/wp-json\/wp\/v2\/media?parent=16870"}],"wp:term":[{"taxonomy":"product_brand","embeddable":true,"href":"https:\/\/farmaciadagostino.com.ar\/sitio\/wp-json\/wp\/v2\/product_brand?post=16870"},{"taxonomy":"product_cat","embeddable":true,"href":"https:\/\/farmaciadagostino.com.ar\/sitio\/wp-json\/wp\/v2\/product_cat?post=16870"},{"taxonomy":"product_tag","embeddable":true,"href":"https:\/\/farmaciadagostino.com.ar\/sitio\/wp-json\/wp\/v2\/product_tag?post=16870"}],"curies":[{"name":"wp","href":"https:\/\/api.w.org\/{rel}","templated":true}]}}