{"id":16885,"date":"2024-07-01T23:33:26","date_gmt":"2024-07-02T02:33:26","guid":{"rendered":"https:\/\/farmaciadagostino.com.ar\/sitio\/producto\/ena-suplento-deportivo-whey-protein-sabor-cookies-cream-930-gr\/"},"modified":"2026-03-09T10:18:46","modified_gmt":"2026-03-09T13:18:46","slug":"ena-suplento-deportivo-whey-protein-sabor-cookies-cream-930-gr","status":"publish","type":"product","link":"https:\/\/farmaciadagostino.com.ar\/sitio\/producto\/ena-suplento-deportivo-whey-protein-sabor-cookies-cream-930-gr\/","title":{"rendered":"Ena Suplento Deportivo Whey Protein Sabor Cookies &amp; Cream 930 gr"},"content":{"rendered":"<p>Suplemento deportivo instant\u00e1neo a base de prote\u00ednas concentradas de alto valor biol\u00f3gico, extra\u00eddas de suero de la leche. Sabor cookies &amp; cream.<\/p>\n<h5>Beneficios:<\/h5>\n<p>Brinda una excelente calidad de prote\u00ednas y de r\u00e1pida absorci\u00f3n durante el entrenamiento, garantizando una efectiva y r\u00e1pida recuperaci\u00f3n del tejido muscular evitando lesiones. Contribuye en el desarrollo y la definici\u00f3n de la masa muscular, as\u00ed como ayuda a recuperar nutrientes y mejorar el rendimiento de la performance.<\/p>\n<h5>Modo de uso:<\/h5>\n<p>Mezclar una medida 31g (cuchara medidora) y agregar 200 cm3 de agua o leche (preferentemente descremada), agitar y consumir. Para lograr \u00f3ptimos resultados tomarlo con agua fr\u00eda. Ingesta diaria sugerida: 2 medidas (62g).<\/p>\n","protected":false},"excerpt":{"rendered":"<p>Suplemento deportivo instant\u00e1neo a base de prote\u00ednas concentradas de alto valor biol\u00f3gico, extra\u00eddas de suero de la leche<\/p>\n","protected":false},"featured_media":19283,"comment_status":"open","ping_status":"closed","template":"","meta":[],"product_brand":[],"product_cat":[241],"product_tag":[],"class_list":{"0":"post-16885","1":"product","2":"type-product","3":"status-publish","4":"has-post-thumbnail","6":"product_cat-deporte","8":"first","9":"instock","10":"shipping-taxable","11":"purchasable","12":"product-type-simple"},"_links":{"self":[{"href":"https:\/\/farmaciadagostino.com.ar\/sitio\/wp-json\/wp\/v2\/product\/16885","targetHints":{"allow":["GET"]}}],"collection":[{"href":"https:\/\/farmaciadagostino.com.ar\/sitio\/wp-json\/wp\/v2\/product"}],"about":[{"href":"https:\/\/farmaciadagostino.com.ar\/sitio\/wp-json\/wp\/v2\/types\/product"}],"replies":[{"embeddable":true,"href":"https:\/\/farmaciadagostino.com.ar\/sitio\/wp-json\/wp\/v2\/comments?post=16885"}],"wp:featuredmedia":[{"embeddable":true,"href":"https:\/\/farmaciadagostino.com.ar\/sitio\/wp-json\/wp\/v2\/media\/19283"}],"wp:attachment":[{"href":"https:\/\/farmaciadagostino.com.ar\/sitio\/wp-json\/wp\/v2\/media?parent=16885"}],"wp:term":[{"taxonomy":"product_brand","embeddable":true,"href":"https:\/\/farmaciadagostino.com.ar\/sitio\/wp-json\/wp\/v2\/product_brand?post=16885"},{"taxonomy":"product_cat","embeddable":true,"href":"https:\/\/farmaciadagostino.com.ar\/sitio\/wp-json\/wp\/v2\/product_cat?post=16885"},{"taxonomy":"product_tag","embeddable":true,"href":"https:\/\/farmaciadagostino.com.ar\/sitio\/wp-json\/wp\/v2\/product_tag?post=16885"}],"curies":[{"name":"wp","href":"https:\/\/api.w.org\/{rel}","templated":true}]}}