{"id":16914,"date":"2024-07-01T23:33:35","date_gmt":"2024-07-02T02:33:35","guid":{"rendered":"https:\/\/farmaciadagostino.com.ar\/sitio\/producto\/ewe-aceite-de-argan-frasco-50-ml\/"},"modified":"2026-03-09T10:10:40","modified_gmt":"2026-03-09T13:10:40","slug":"ewe-aceite-de-argan-frasco-50-ml","status":"publish","type":"product","link":"https:\/\/farmaciadagostino.com.ar\/sitio\/producto\/ewe-aceite-de-argan-frasco-50-ml\/","title":{"rendered":"Ewe Aceite de Argan Frasco 50 ml"},"content":{"rendered":"<p>El aceite de Arg\u00e1n EWE se obtiene por prensi\u00f3n en frio de los frutos de la especie vegetal Argania spinosa, nativa del norte de \u00c1frica y llamado tambi\u00e9n Oro L\u00edquido de Marruecos. Da excelentes resultados en tratamientos capilares, ya que fortalece e hidrata el cabello con m\u00e1s volumen, brillo y suavidad. Sobre la piel, hidrata y nutre intensamente contribuyendo a prevenir la aparici\u00f3n de arrugas. Calidad garantizada.<\/p>\n","protected":false},"excerpt":{"rendered":"<p>El aceite de Arg\u00e1n EWE se obtiene por prensi\u00f3n en frio de los frutos de la especie vegetal Argania spinosa, nativa del norte de \u00c1frica y llamado tambi\u00e9n Oro L\u00edquido de Marruecos<\/p>\n","protected":false},"featured_media":12109,"comment_status":"open","ping_status":"closed","template":"","meta":[],"product_brand":[],"product_cat":[237,162],"product_tag":[],"class_list":{"0":"post-16914","1":"product","2":"type-product","3":"status-publish","4":"has-post-thumbnail","6":"product_cat-belleza","7":"product_cat-dermocosmetica","9":"first","10":"instock","11":"shipping-taxable","12":"purchasable","13":"product-type-simple"},"_links":{"self":[{"href":"https:\/\/farmaciadagostino.com.ar\/sitio\/wp-json\/wp\/v2\/product\/16914","targetHints":{"allow":["GET"]}}],"collection":[{"href":"https:\/\/farmaciadagostino.com.ar\/sitio\/wp-json\/wp\/v2\/product"}],"about":[{"href":"https:\/\/farmaciadagostino.com.ar\/sitio\/wp-json\/wp\/v2\/types\/product"}],"replies":[{"embeddable":true,"href":"https:\/\/farmaciadagostino.com.ar\/sitio\/wp-json\/wp\/v2\/comments?post=16914"}],"wp:featuredmedia":[{"embeddable":true,"href":"https:\/\/farmaciadagostino.com.ar\/sitio\/wp-json\/wp\/v2\/media\/12109"}],"wp:attachment":[{"href":"https:\/\/farmaciadagostino.com.ar\/sitio\/wp-json\/wp\/v2\/media?parent=16914"}],"wp:term":[{"taxonomy":"product_brand","embeddable":true,"href":"https:\/\/farmaciadagostino.com.ar\/sitio\/wp-json\/wp\/v2\/product_brand?post=16914"},{"taxonomy":"product_cat","embeddable":true,"href":"https:\/\/farmaciadagostino.com.ar\/sitio\/wp-json\/wp\/v2\/product_cat?post=16914"},{"taxonomy":"product_tag","embeddable":true,"href":"https:\/\/farmaciadagostino.com.ar\/sitio\/wp-json\/wp\/v2\/product_tag?post=16914"}],"curies":[{"name":"wp","href":"https:\/\/api.w.org\/{rel}","templated":true}]}}