{"id":16946,"date":"2024-07-01T23:33:41","date_gmt":"2024-07-02T02:33:41","guid":{"rendered":"https:\/\/farmaciadagostino.com.ar\/sitio\/producto\/natufarma-suplemento-dietario-omega-3-aceite-de-pescado-30-capsulas\/"},"modified":"2026-03-09T10:25:49","modified_gmt":"2026-03-09T13:25:49","slug":"natufarma-suplemento-dietario-omega-3-aceite-de-pescado-30-capsulas","status":"publish","type":"product","link":"https:\/\/farmaciadagostino.com.ar\/sitio\/producto\/natufarma-suplemento-dietario-omega-3-aceite-de-pescado-30-capsulas\/","title":{"rendered":"Natufarma Suplemento Dietario Omega 3 Aceite de Pescado (30 Capsulas)"},"content":{"rendered":"<h5>Nombre<\/h5>\n<p>Suplemento Dietario Natufarma aceite de pescado omega 3 x 30<\/p>\n<h5>Descripci\u00f3n<\/h5>\n<p>Eleva el colesterol bueno o HDL. Disminuye los triglic\u00e9ridos. Posee acci\u00f3n antitromb\u00f3tica, por disminuci\u00f3n de la agregaci\u00f3n plaquetaria. Favorece la vasodilataci\u00f3n vascular, disminuyendo la presi\u00f3n arterial. Mejora la funci\u00f3n inmunol\u00f3gica.<\/p>\n<h5>Modo de Uso<\/h5>\n<p>Ver prospecto adjunto. Ante cualquier duda consulte a su m\u00e9dico.<\/p>\n","protected":false},"excerpt":{"rendered":"<p>NombreSuplemento Dietario Natufarma aceite de pescado omega 3 x 30Descripci\u00f3nEleva el colesterol bueno o HDL<\/p>\n","protected":false},"featured_media":12057,"comment_status":"open","ping_status":"closed","template":"","meta":[],"product_brand":[],"product_cat":[149],"product_tag":[],"class_list":{"0":"post-16946","1":"product","2":"type-product","3":"status-publish","4":"has-post-thumbnail","6":"product_cat-farmacia","8":"first","9":"instock","10":"shipping-taxable","11":"purchasable","12":"product-type-simple"},"_links":{"self":[{"href":"https:\/\/farmaciadagostino.com.ar\/sitio\/wp-json\/wp\/v2\/product\/16946","targetHints":{"allow":["GET"]}}],"collection":[{"href":"https:\/\/farmaciadagostino.com.ar\/sitio\/wp-json\/wp\/v2\/product"}],"about":[{"href":"https:\/\/farmaciadagostino.com.ar\/sitio\/wp-json\/wp\/v2\/types\/product"}],"replies":[{"embeddable":true,"href":"https:\/\/farmaciadagostino.com.ar\/sitio\/wp-json\/wp\/v2\/comments?post=16946"}],"wp:featuredmedia":[{"embeddable":true,"href":"https:\/\/farmaciadagostino.com.ar\/sitio\/wp-json\/wp\/v2\/media\/12057"}],"wp:attachment":[{"href":"https:\/\/farmaciadagostino.com.ar\/sitio\/wp-json\/wp\/v2\/media?parent=16946"}],"wp:term":[{"taxonomy":"product_brand","embeddable":true,"href":"https:\/\/farmaciadagostino.com.ar\/sitio\/wp-json\/wp\/v2\/product_brand?post=16946"},{"taxonomy":"product_cat","embeddable":true,"href":"https:\/\/farmaciadagostino.com.ar\/sitio\/wp-json\/wp\/v2\/product_cat?post=16946"},{"taxonomy":"product_tag","embeddable":true,"href":"https:\/\/farmaciadagostino.com.ar\/sitio\/wp-json\/wp\/v2\/product_tag?post=16946"}],"curies":[{"name":"wp","href":"https:\/\/api.w.org\/{rel}","templated":true}]}}