{"id":16947,"date":"2024-07-01T23:33:42","date_gmt":"2024-07-02T02:33:42","guid":{"rendered":"https:\/\/farmaciadagostino.com.ar\/sitio\/producto\/body-care-talle-l-m-10\/"},"modified":"2026-03-09T10:10:40","modified_gmt":"2026-03-09T13:10:40","slug":"body-care-talle-l-m-10","status":"publish","type":"product","link":"https:\/\/farmaciadagostino.com.ar\/sitio\/producto\/body-care-talle-l-m-10\/","title":{"rendered":"Body Care Talle l m"},"content":{"rendered":"<p>INDICACIONES:<br \/>\nSoporte anat\u00f3mico de rodilla. Centralizador de la r\u00f3tula. Descomprime el \u00e1rea. Contusiones. Procesos de rehabilitaci\u00f3n.<\/p>\n<p>CARACTERISTICAS TECNICAS:<br \/>\nConfeccionado en neoprene. Orificio rotuliano. Adecuada compresi\u00f3n. Calor terap\u00e9utico.<\/p>\n","protected":false},"excerpt":{"rendered":"<p>INDICACIONES:<br \/>\nSoporte anat\u00f3mico de rodilla<\/p>\n","protected":false},"featured_media":17746,"comment_status":"open","ping_status":"closed","template":"","meta":[],"product_brand":[],"product_cat":[149],"product_tag":[],"class_list":{"0":"post-16947","1":"product","2":"type-product","3":"status-publish","4":"has-post-thumbnail","6":"product_cat-farmacia","8":"first","9":"instock","10":"shipping-taxable","11":"purchasable","12":"product-type-simple"},"_links":{"self":[{"href":"https:\/\/farmaciadagostino.com.ar\/sitio\/wp-json\/wp\/v2\/product\/16947","targetHints":{"allow":["GET"]}}],"collection":[{"href":"https:\/\/farmaciadagostino.com.ar\/sitio\/wp-json\/wp\/v2\/product"}],"about":[{"href":"https:\/\/farmaciadagostino.com.ar\/sitio\/wp-json\/wp\/v2\/types\/product"}],"replies":[{"embeddable":true,"href":"https:\/\/farmaciadagostino.com.ar\/sitio\/wp-json\/wp\/v2\/comments?post=16947"}],"wp:featuredmedia":[{"embeddable":true,"href":"https:\/\/farmaciadagostino.com.ar\/sitio\/wp-json\/wp\/v2\/media\/17746"}],"wp:attachment":[{"href":"https:\/\/farmaciadagostino.com.ar\/sitio\/wp-json\/wp\/v2\/media?parent=16947"}],"wp:term":[{"taxonomy":"product_brand","embeddable":true,"href":"https:\/\/farmaciadagostino.com.ar\/sitio\/wp-json\/wp\/v2\/product_brand?post=16947"},{"taxonomy":"product_cat","embeddable":true,"href":"https:\/\/farmaciadagostino.com.ar\/sitio\/wp-json\/wp\/v2\/product_cat?post=16947"},{"taxonomy":"product_tag","embeddable":true,"href":"https:\/\/farmaciadagostino.com.ar\/sitio\/wp-json\/wp\/v2\/product_tag?post=16947"}],"curies":[{"name":"wp","href":"https:\/\/api.w.org\/{rel}","templated":true}]}}