{"id":16965,"date":"2024-07-01T23:33:44","date_gmt":"2024-07-02T02:33:44","guid":{"rendered":"https:\/\/farmaciadagostino.com.ar\/sitio\/producto\/body-care-talle-l-xl-6\/"},"modified":"2026-03-09T10:10:42","modified_gmt":"2026-03-09T13:10:42","slug":"body-care-talle-l-xl-6","status":"publish","type":"product","link":"https:\/\/farmaciadagostino.com.ar\/sitio\/producto\/body-care-talle-l-xl-6\/","title":{"rendered":"Body Care Talle l xl"},"content":{"rendered":"<p>INDICACIONES:<br \/>\nSoporte de rodilla. Artrosis. Trastornos circulatorios\/inflamatorios. Tratamientos post-quir\u00fargicos. Ligera estabilidad articular.<\/p>\n<p>CARACTERISTICAS TECNICAS:<br \/>\nConfeccionado con fibras el\u00e1sticas de tensi\u00f3n diferenciada y compresi\u00f3n moderada. Compresi\u00f3n rotuliana moderada.<\/p>\n","protected":false},"excerpt":{"rendered":"<p>INDICACIONES:<br \/>\nSoporte de rodilla<\/p>\n","protected":false},"featured_media":12363,"comment_status":"open","ping_status":"closed","template":"","meta":[],"product_brand":[],"product_cat":[149],"product_tag":[],"class_list":{"0":"post-16965","1":"product","2":"type-product","3":"status-publish","4":"has-post-thumbnail","6":"product_cat-farmacia","8":"first","9":"instock","10":"shipping-taxable","11":"purchasable","12":"product-type-simple"},"_links":{"self":[{"href":"https:\/\/farmaciadagostino.com.ar\/sitio\/wp-json\/wp\/v2\/product\/16965","targetHints":{"allow":["GET"]}}],"collection":[{"href":"https:\/\/farmaciadagostino.com.ar\/sitio\/wp-json\/wp\/v2\/product"}],"about":[{"href":"https:\/\/farmaciadagostino.com.ar\/sitio\/wp-json\/wp\/v2\/types\/product"}],"replies":[{"embeddable":true,"href":"https:\/\/farmaciadagostino.com.ar\/sitio\/wp-json\/wp\/v2\/comments?post=16965"}],"wp:featuredmedia":[{"embeddable":true,"href":"https:\/\/farmaciadagostino.com.ar\/sitio\/wp-json\/wp\/v2\/media\/12363"}],"wp:attachment":[{"href":"https:\/\/farmaciadagostino.com.ar\/sitio\/wp-json\/wp\/v2\/media?parent=16965"}],"wp:term":[{"taxonomy":"product_brand","embeddable":true,"href":"https:\/\/farmaciadagostino.com.ar\/sitio\/wp-json\/wp\/v2\/product_brand?post=16965"},{"taxonomy":"product_cat","embeddable":true,"href":"https:\/\/farmaciadagostino.com.ar\/sitio\/wp-json\/wp\/v2\/product_cat?post=16965"},{"taxonomy":"product_tag","embeddable":true,"href":"https:\/\/farmaciadagostino.com.ar\/sitio\/wp-json\/wp\/v2\/product_tag?post=16965"}],"curies":[{"name":"wp","href":"https:\/\/api.w.org\/{rel}","templated":true}]}}