{"id":16990,"date":"2024-07-01T23:33:48","date_gmt":"2024-07-02T02:33:48","guid":{"rendered":"https:\/\/farmaciadagostino.com.ar\/sitio\/producto\/procer-rodillera-elastica-talle-2\/"},"modified":"2026-03-09T10:10:42","modified_gmt":"2026-03-09T13:10:42","slug":"procer-rodillera-elastica-talle-2","status":"publish","type":"product","link":"https:\/\/farmaciadagostino.com.ar\/sitio\/producto\/procer-rodillera-elastica-talle-2\/","title":{"rendered":"Procer Rodillera El\u00e1stica | Talle 2"},"content":{"rendered":"<ul style=\"margin-bottom: 0px; list-style-type: circle; padding-left: 1.4em; list-style-position: outside;\">\n<li style=\"text-align: justify; padding-left: 8.79688px; margin-bottom: 1em;\">Contribuye a una r\u00e1pida desinflamaci\u00f3n y rehabilitaci\u00f3n de lesiones, aplicando compresi\u00f3n y calor.<\/li>\n<li style=\"text-align: justify; padding-left: 8.79688px; margin-bottom: 1em;\">El ajuste moderado y peso ligero conforman un producto ideal para utilizar durante la pr\u00e1ctica deportiva.<\/li>\n<li style=\"text-align: justify; padding-left: 8.79688px; margin-bottom: 1em;\">Mantiene la articulaci\u00f3n en una posici\u00f3n neutra, ayudando a prevenir esguinces y dolores articulares.<\/li>\n<li style=\"text-align: justify; padding-left: 8.79688px; margin-bottom: 1em;\">Su tejido tubular sin costuras aplica presi\u00f3n de manera homog\u00e9nea y mantiene la rodillera en su lugar. &nbsp;<\/li>\n<li style=\"text-align: justify; padding-left: 8.79688px; margin-bottom: 1em;\">Elaborada a partir de un tejido el\u00e1stico tubular sin costuras, de baja compresi\u00f3n.<\/li>\n<li style=\"text-align: justify; padding-left: 8.79688px; margin-bottom: 1em;\">Puede utilizarse en ambas rodillas.<\/li>\n<\/ul>\n","protected":false},"excerpt":{"rendered":"<p>Contribuye a una r\u00e1pida desinflamaci\u00f3n y rehabilitaci\u00f3n de lesiones, aplicando compresi\u00f3n y calor<\/p>\n","protected":false},"featured_media":12262,"comment_status":"open","ping_status":"closed","template":"","meta":[],"product_brand":[],"product_cat":[149],"product_tag":[],"class_list":{"0":"post-16990","1":"product","2":"type-product","3":"status-publish","4":"has-post-thumbnail","6":"product_cat-farmacia","8":"first","9":"instock","10":"shipping-taxable","11":"purchasable","12":"product-type-simple"},"_links":{"self":[{"href":"https:\/\/farmaciadagostino.com.ar\/sitio\/wp-json\/wp\/v2\/product\/16990","targetHints":{"allow":["GET"]}}],"collection":[{"href":"https:\/\/farmaciadagostino.com.ar\/sitio\/wp-json\/wp\/v2\/product"}],"about":[{"href":"https:\/\/farmaciadagostino.com.ar\/sitio\/wp-json\/wp\/v2\/types\/product"}],"replies":[{"embeddable":true,"href":"https:\/\/farmaciadagostino.com.ar\/sitio\/wp-json\/wp\/v2\/comments?post=16990"}],"wp:featuredmedia":[{"embeddable":true,"href":"https:\/\/farmaciadagostino.com.ar\/sitio\/wp-json\/wp\/v2\/media\/12262"}],"wp:attachment":[{"href":"https:\/\/farmaciadagostino.com.ar\/sitio\/wp-json\/wp\/v2\/media?parent=16990"}],"wp:term":[{"taxonomy":"product_brand","embeddable":true,"href":"https:\/\/farmaciadagostino.com.ar\/sitio\/wp-json\/wp\/v2\/product_brand?post=16990"},{"taxonomy":"product_cat","embeddable":true,"href":"https:\/\/farmaciadagostino.com.ar\/sitio\/wp-json\/wp\/v2\/product_cat?post=16990"},{"taxonomy":"product_tag","embeddable":true,"href":"https:\/\/farmaciadagostino.com.ar\/sitio\/wp-json\/wp\/v2\/product_tag?post=16990"}],"curies":[{"name":"wp","href":"https:\/\/api.w.org\/{rel}","templated":true}]}}