{"id":17035,"date":"2024-07-01T23:33:57","date_gmt":"2024-07-02T02:33:57","guid":{"rendered":"https:\/\/farmaciadagostino.com.ar\/sitio\/producto\/vitamin-way-suplemento-dietario-magnesio-quelato-30-casulas-rigidas\/"},"modified":"2026-03-09T10:18:48","modified_gmt":"2026-03-09T13:18:48","slug":"vitamin-way-suplemento-dietario-magnesio-quelato-30-casulas-rigidas","status":"publish","type":"product","link":"https:\/\/farmaciadagostino.com.ar\/sitio\/producto\/vitamin-way-suplemento-dietario-magnesio-quelato-30-casulas-rigidas\/","title":{"rendered":"Vitamin Way Suplemento Dietario Magnesio Quelato (30 C\u00e1sulas R\u00edgidas)"},"content":{"rendered":"<p>Magnesio Quelato Vitamin Way est\u00e1 elaborado a base de bisglicinato de magnesio, un complejo aminoquelado que facilita la absorci\u00f3n del magnesio. Esta fuente de magnesio altamente biodisponible y de f\u00e1cil digesti\u00f3n favorece la salud \u00f3sea, muscular y el equilibrio de electrolitos. <\/p>\n<p>Ayuda a reducir la fatiga, la irritabilidad y la ansiedad leve, ocasionada por stress.<\/p>\n<p>Beneficios:<br \/>\nFuente de magnesio de mayor biodisponibilidad y f\u00e1cil digesti\u00f3n.<br \/>\nAyuda a reducir el stress y la ansiedad.<br \/>\nContribuye al bienestar muscular, reduciendo la fatiga, los calambres y favoreciendo el descanso.<br \/>\nInterviene en la formaci\u00f3n de huesos.<br \/>\nContribuye al buen funcionamiento del sistema cardiovascular.<br \/>\nFavorece la s\u00edntesis de enzimas, prote\u00ednas y hormonas.<\/p>\n<p>Ingesta sugerida: 2 c\u00e1psulas diarias.<\/p>\n<p>Estuches con 30 c\u00e1psulas.<\/p>\n<p>PRECAUCIONES:<\/p>\n<p>Consumir este producto de acuerdo a las recomendaciones de ingesta diaria establecidas en el r\u00f3tulo.<br \/>\nEl consumo de suplementos dietarios no reemplaza una dieta variada y equilibrada.<br \/>\nNo utilizar en caso de embarazo, mujeres en per\u00edodo de lactancia ni en ni\u00f1os.<br \/>\nConsulte a su m\u00e9dico y\/o nutricionista.<br \/>\nMantener fuera del alcance de los ni\u00f1os.<\/p>\n<p>Por porci\u00f3n: Magnesio (como bisglicinato) 200 mg, vitamina B6 1.3 mg.<\/p>\n<p>El Bisglicinato de Magnesio es una sal org\u00e1nica que se forma a partir de la uni\u00f3n qu\u00edmica entre el magnesio y 2 mol\u00e9culas del amino\u00e1cido glicina. Se destaca entre otras fuentes de magnesio por su elevada velocidad de absorci\u00f3n y mayor biodisponibilidad del magnesio en el organismo.<\/p>\n<p>El magnesio es un mineral esencial que desempe\u00f1a un papel fundamental como regulador del metabolismo energ\u00e9tico, la s\u00edntesis de prote\u00ednas, la funci\u00f3n muscular y nerviosa, la glucemia y el control de la presi\u00f3n arterial.<\/p>\n<p>Dadas las deficiencias presentes en m\u00e1s del 50% de la poblaci\u00f3n, el magnesio es actualmente un suplemento nutricional muy requerido. Seg\u00fan estudios realizados en Estados Unidos, los alimentos actuales no satisfacen completamente las necesidades diarias de ciertos minerales esenciales y cr\u00edticos para la salud. Los investigadores concluyeron que en las \u00faltimas d\u00e9cadas las pr\u00e1cticas agr\u00edcolas intrusivas que se han centrado en acelerar la producci\u00f3n y maximizar el rendimiento han despojado de nutrientes al suelo y sus cultivos y por ende de los alimentos disponibles. Debido a que el organismo no produce estos micronutrientes de forma natural la suplementaci\u00f3n se convierte en una necesidad cr\u00edtica.<\/p>\n","protected":false},"excerpt":{"rendered":"<p>Magnesio Quelato Vitamin Way est\u00e1 elaborado a base de bisglicinato de magnesio, un complejo aminoquelado que facilita la absorci\u00f3n del magnesio<\/p>\n","protected":false},"featured_media":12213,"comment_status":"open","ping_status":"closed","template":"","meta":[],"product_brand":[],"product_cat":[149],"product_tag":[],"class_list":{"0":"post-17035","1":"product","2":"type-product","3":"status-publish","4":"has-post-thumbnail","6":"product_cat-farmacia","8":"first","9":"instock","10":"shipping-taxable","11":"purchasable","12":"product-type-simple"},"_links":{"self":[{"href":"https:\/\/farmaciadagostino.com.ar\/sitio\/wp-json\/wp\/v2\/product\/17035","targetHints":{"allow":["GET"]}}],"collection":[{"href":"https:\/\/farmaciadagostino.com.ar\/sitio\/wp-json\/wp\/v2\/product"}],"about":[{"href":"https:\/\/farmaciadagostino.com.ar\/sitio\/wp-json\/wp\/v2\/types\/product"}],"replies":[{"embeddable":true,"href":"https:\/\/farmaciadagostino.com.ar\/sitio\/wp-json\/wp\/v2\/comments?post=17035"}],"wp:featuredmedia":[{"embeddable":true,"href":"https:\/\/farmaciadagostino.com.ar\/sitio\/wp-json\/wp\/v2\/media\/12213"}],"wp:attachment":[{"href":"https:\/\/farmaciadagostino.com.ar\/sitio\/wp-json\/wp\/v2\/media?parent=17035"}],"wp:term":[{"taxonomy":"product_brand","embeddable":true,"href":"https:\/\/farmaciadagostino.com.ar\/sitio\/wp-json\/wp\/v2\/product_brand?post=17035"},{"taxonomy":"product_cat","embeddable":true,"href":"https:\/\/farmaciadagostino.com.ar\/sitio\/wp-json\/wp\/v2\/product_cat?post=17035"},{"taxonomy":"product_tag","embeddable":true,"href":"https:\/\/farmaciadagostino.com.ar\/sitio\/wp-json\/wp\/v2\/product_tag?post=17035"}],"curies":[{"name":"wp","href":"https:\/\/api.w.org\/{rel}","templated":true}]}}