{"id":17042,"date":"2024-07-01T23:34:00","date_gmt":"2024-07-02T02:34:00","guid":{"rendered":"https:\/\/farmaciadagostino.com.ar\/sitio\/producto\/vitamin-way-suplemento-dietario-omega-3-duo-30-capsulas\/"},"modified":"2026-03-09T10:25:51","modified_gmt":"2026-03-09T13:25:51","slug":"vitamin-way-suplemento-dietario-omega-3-duo-30-capsulas","status":"publish","type":"product","link":"https:\/\/farmaciadagostino.com.ar\/sitio\/producto\/vitamin-way-suplemento-dietario-omega-3-duo-30-capsulas\/","title":{"rendered":"Vitamin Way Suplemento Dietario Omega 3 Duo (30 C\u00e1psulas)"},"content":{"rendered":"<p>Omega 3 D\u00fao Vitamin Way ayuda a reducir el colesterol, los triglic\u00e9ridos y el riesgo cardiovascular. La combinaci\u00f3n del Omega 3 de origen vegetal + Omega 3 marino permite aprovechar al m\u00e1ximo todos los beneficios individuales de los dos aceites en una sola c\u00e1psula blanda. Suplemento dietario a base de aceite de pescado y aceite de ch\u00eda Omega 3. Libre de gluten. Sin TACC.<\/p>\n<p>Beneficios:<br \/>\n&#8211; Omega 3 vegetal de ch\u00eda + Omega 3 marino<br \/>\n&#8211; Ayuda a disminuir el riesgo cardiovascular.<br \/>\n&#8211; Ayuda a disminuir el colesterol.<br \/>\n&#8211; Favorece la reducci\u00f3n de los triglic\u00e9ridos.<\/p>\n<p>Ingesta sugerida: 1 c\u00e1psula diaria.<\/p>\n","protected":false},"excerpt":{"rendered":"<p>Omega 3 D\u00fao Vitamin Way ayuda a reducir el colesterol, los triglic\u00e9ridos y el riesgo cardiovascular<\/p>\n","protected":false},"featured_media":12158,"comment_status":"open","ping_status":"closed","template":"","meta":[],"product_brand":[],"product_cat":[149],"product_tag":[],"class_list":{"0":"post-17042","1":"product","2":"type-product","3":"status-publish","4":"has-post-thumbnail","6":"product_cat-farmacia","8":"first","9":"instock","10":"shipping-taxable","11":"purchasable","12":"product-type-simple"},"_links":{"self":[{"href":"https:\/\/farmaciadagostino.com.ar\/sitio\/wp-json\/wp\/v2\/product\/17042","targetHints":{"allow":["GET"]}}],"collection":[{"href":"https:\/\/farmaciadagostino.com.ar\/sitio\/wp-json\/wp\/v2\/product"}],"about":[{"href":"https:\/\/farmaciadagostino.com.ar\/sitio\/wp-json\/wp\/v2\/types\/product"}],"replies":[{"embeddable":true,"href":"https:\/\/farmaciadagostino.com.ar\/sitio\/wp-json\/wp\/v2\/comments?post=17042"}],"wp:featuredmedia":[{"embeddable":true,"href":"https:\/\/farmaciadagostino.com.ar\/sitio\/wp-json\/wp\/v2\/media\/12158"}],"wp:attachment":[{"href":"https:\/\/farmaciadagostino.com.ar\/sitio\/wp-json\/wp\/v2\/media?parent=17042"}],"wp:term":[{"taxonomy":"product_brand","embeddable":true,"href":"https:\/\/farmaciadagostino.com.ar\/sitio\/wp-json\/wp\/v2\/product_brand?post=17042"},{"taxonomy":"product_cat","embeddable":true,"href":"https:\/\/farmaciadagostino.com.ar\/sitio\/wp-json\/wp\/v2\/product_cat?post=17042"},{"taxonomy":"product_tag","embeddable":true,"href":"https:\/\/farmaciadagostino.com.ar\/sitio\/wp-json\/wp\/v2\/product_tag?post=17042"}],"curies":[{"name":"wp","href":"https:\/\/api.w.org\/{rel}","templated":true}]}}