{"id":17056,"date":"2024-07-01T23:34:03","date_gmt":"2024-07-02T02:34:03","guid":{"rendered":"https:\/\/farmaciadagostino.com.ar\/sitio\/producto\/vitamin-way-suplemento-dietario-vitamina-d-30-capsulas\/"},"modified":"2026-03-09T10:18:48","modified_gmt":"2026-03-09T13:18:48","slug":"vitamin-way-suplemento-dietario-vitamina-d-30-capsulas","status":"publish","type":"product","link":"https:\/\/farmaciadagostino.com.ar\/sitio\/producto\/vitamin-way-suplemento-dietario-vitamina-d-30-capsulas\/","title":{"rendered":"Vitamin Way Suplemento Dietario Vitamina D (30 C\u00e1psulas)"},"content":{"rendered":"<p>El suplemento nutricional Vitamina D Vitamin Way\u00ae ayuda a fortalecer la estructura \u00f3sea y colabora con la respuesta del sistema inmunol\u00f3gico. <\/p>\n<h5>Beneficios:<\/h5>\n<p> La Vitamina D participa activamente en la regulaci\u00f3n del calcio y f\u00f3sforo, necesarios para mantener los huesos saludables. Adem\u00e1s interviene en numerosos procesos fisiol\u00f3gicos, especialmente en relaci\u00f3n con las defensas del organismo. El magnesio act\u00faa como cofactor activador de la vitamina D para optimizar su funci\u00f3n y beneficios. <\/p>\n","protected":false},"excerpt":{"rendered":"<p>El suplemento nutricional Vitamina D Vitamin Way\u00ae ayuda a fortalecer la estructura \u00f3sea y colabora con la respuesta del sistema inmunol\u00f3gico<\/p>\n","protected":false},"featured_media":12181,"comment_status":"open","ping_status":"closed","template":"","meta":[],"product_brand":[],"product_cat":[149],"product_tag":[],"class_list":{"0":"post-17056","1":"product","2":"type-product","3":"status-publish","4":"has-post-thumbnail","6":"product_cat-farmacia","8":"first","9":"instock","10":"shipping-taxable","11":"purchasable","12":"product-type-simple"},"_links":{"self":[{"href":"https:\/\/farmaciadagostino.com.ar\/sitio\/wp-json\/wp\/v2\/product\/17056","targetHints":{"allow":["GET"]}}],"collection":[{"href":"https:\/\/farmaciadagostino.com.ar\/sitio\/wp-json\/wp\/v2\/product"}],"about":[{"href":"https:\/\/farmaciadagostino.com.ar\/sitio\/wp-json\/wp\/v2\/types\/product"}],"replies":[{"embeddable":true,"href":"https:\/\/farmaciadagostino.com.ar\/sitio\/wp-json\/wp\/v2\/comments?post=17056"}],"wp:featuredmedia":[{"embeddable":true,"href":"https:\/\/farmaciadagostino.com.ar\/sitio\/wp-json\/wp\/v2\/media\/12181"}],"wp:attachment":[{"href":"https:\/\/farmaciadagostino.com.ar\/sitio\/wp-json\/wp\/v2\/media?parent=17056"}],"wp:term":[{"taxonomy":"product_brand","embeddable":true,"href":"https:\/\/farmaciadagostino.com.ar\/sitio\/wp-json\/wp\/v2\/product_brand?post=17056"},{"taxonomy":"product_cat","embeddable":true,"href":"https:\/\/farmaciadagostino.com.ar\/sitio\/wp-json\/wp\/v2\/product_cat?post=17056"},{"taxonomy":"product_tag","embeddable":true,"href":"https:\/\/farmaciadagostino.com.ar\/sitio\/wp-json\/wp\/v2\/product_tag?post=17056"}],"curies":[{"name":"wp","href":"https:\/\/api.w.org\/{rel}","templated":true}]}}