{"id":17069,"date":"2024-07-01T23:34:07","date_gmt":"2024-07-02T02:34:07","guid":{"rendered":"https:\/\/farmaciadagostino.com.ar\/sitio\/producto\/wpn-suplemento-dietario-a-base-de-vitaminas-y-colageno-hidrolizado-300-gr\/"},"modified":"2026-03-09T10:18:48","modified_gmt":"2026-03-09T13:18:48","slug":"wpn-suplemento-dietario-a-base-de-vitaminas-y-colageno-hidrolizado-300-gr","status":"publish","type":"product","link":"https:\/\/farmaciadagostino.com.ar\/sitio\/producto\/wpn-suplemento-dietario-a-base-de-vitaminas-y-colageno-hidrolizado-300-gr\/","title":{"rendered":"Wpn Suplemento Dietario a Base de Vitaminas Y Col\u00e1geno Hidrolizado 300 gr"},"content":{"rendered":"<p>Suplemento dietario a base de Vitaminas y Col\u00e1geno hidrolizado en polvo. Sabor Pink Limonade .<\/p>\n<p>Libre de Gluten.Hidrata y suaviza la piel.<\/p>\n<p>Previene  la formaci\u00f3n de arrugas y l\u00edneas de expresi\u00f3n.<br \/>\nFortalece las u\u00f1as, evitando roturas y favoreciendo su crecimiento.<br \/>\nMejora el cabello generando m\u00e1s calidad, cantidad y volumen<\/p>\n","protected":false},"excerpt":{"rendered":"<p>Suplemento dietario a base de Vitaminas y Col\u00e1geno hidrolizado en polvo<\/p>\n","protected":false},"featured_media":7317,"comment_status":"open","ping_status":"closed","template":"","meta":[],"product_brand":[],"product_cat":[149],"product_tag":[],"class_list":{"0":"post-17069","1":"product","2":"type-product","3":"status-publish","4":"has-post-thumbnail","6":"product_cat-farmacia","8":"first","9":"instock","10":"shipping-taxable","11":"purchasable","12":"product-type-simple"},"_links":{"self":[{"href":"https:\/\/farmaciadagostino.com.ar\/sitio\/wp-json\/wp\/v2\/product\/17069","targetHints":{"allow":["GET"]}}],"collection":[{"href":"https:\/\/farmaciadagostino.com.ar\/sitio\/wp-json\/wp\/v2\/product"}],"about":[{"href":"https:\/\/farmaciadagostino.com.ar\/sitio\/wp-json\/wp\/v2\/types\/product"}],"replies":[{"embeddable":true,"href":"https:\/\/farmaciadagostino.com.ar\/sitio\/wp-json\/wp\/v2\/comments?post=17069"}],"wp:featuredmedia":[{"embeddable":true,"href":"https:\/\/farmaciadagostino.com.ar\/sitio\/wp-json\/wp\/v2\/media\/7317"}],"wp:attachment":[{"href":"https:\/\/farmaciadagostino.com.ar\/sitio\/wp-json\/wp\/v2\/media?parent=17069"}],"wp:term":[{"taxonomy":"product_brand","embeddable":true,"href":"https:\/\/farmaciadagostino.com.ar\/sitio\/wp-json\/wp\/v2\/product_brand?post=17069"},{"taxonomy":"product_cat","embeddable":true,"href":"https:\/\/farmaciadagostino.com.ar\/sitio\/wp-json\/wp\/v2\/product_cat?post=17069"},{"taxonomy":"product_tag","embeddable":true,"href":"https:\/\/farmaciadagostino.com.ar\/sitio\/wp-json\/wp\/v2\/product_tag?post=17069"}],"curies":[{"name":"wp","href":"https:\/\/api.w.org\/{rel}","templated":true}]}}