{"id":17119,"date":"2024-07-01T23:36:58","date_gmt":"2024-07-02T02:36:58","guid":{"rendered":"https:\/\/farmaciadagostino.com.ar\/sitio\/producto\/acondicionador-elvive-color-vive-x-400-ml\/"},"modified":"2026-03-09T10:10:43","modified_gmt":"2026-03-09T13:10:43","slug":"acondicionador-elvive-color-vive-x-400-ml","status":"publish","type":"product","link":"https:\/\/farmaciadagostino.com.ar\/sitio\/producto\/acondicionador-elvive-color-vive-x-400-ml\/","title":{"rendered":"Acondicionador Elvive Color Vive x 400 ml"},"content":{"rendered":"<p>La f\u00f3rmula con NUTRI-FILTRO UV act\u00faa en dos niveles: 1. Nutrici\u00f3n intensa para un cabello sedoso. 2. Protecci\u00f3n. La fibra capilar queda protegida de las agresiones externas. Se realza el brillo del color.. Elvive Color Vive para cabello te\u00f1ido.<\/p>\n<h5>Beneficios:<\/h5>\n<p>1. Prolongador de color.<\/p>\n<p>2. Resultados desde el primer uso.<\/p>\n<h5>Modo de uso:<\/h5>\n<p>Aplicar sobre el cabello h\u00famedo. Masajear suavemente y enjuagar.<\/p>\n","protected":false},"excerpt":{"rendered":"<p>La f\u00f3rmula con NUTRI-FILTRO UV act\u00faa en dos niveles: 1<\/p>\n","protected":false},"featured_media":9729,"comment_status":"open","ping_status":"closed","template":"","meta":[],"product_brand":[],"product_cat":[237,262,152],"product_tag":[],"class_list":{"0":"post-17119","1":"product","2":"type-product","3":"status-publish","4":"has-post-thumbnail","6":"product_cat-belleza","7":"product_cat-promo","8":"product_cat-cuidado-personal","10":"first","11":"instock","12":"sale","13":"shipping-taxable","14":"purchasable","15":"product-type-simple"},"_links":{"self":[{"href":"https:\/\/farmaciadagostino.com.ar\/sitio\/wp-json\/wp\/v2\/product\/17119","targetHints":{"allow":["GET"]}}],"collection":[{"href":"https:\/\/farmaciadagostino.com.ar\/sitio\/wp-json\/wp\/v2\/product"}],"about":[{"href":"https:\/\/farmaciadagostino.com.ar\/sitio\/wp-json\/wp\/v2\/types\/product"}],"replies":[{"embeddable":true,"href":"https:\/\/farmaciadagostino.com.ar\/sitio\/wp-json\/wp\/v2\/comments?post=17119"}],"wp:featuredmedia":[{"embeddable":true,"href":"https:\/\/farmaciadagostino.com.ar\/sitio\/wp-json\/wp\/v2\/media\/9729"}],"wp:attachment":[{"href":"https:\/\/farmaciadagostino.com.ar\/sitio\/wp-json\/wp\/v2\/media?parent=17119"}],"wp:term":[{"taxonomy":"product_brand","embeddable":true,"href":"https:\/\/farmaciadagostino.com.ar\/sitio\/wp-json\/wp\/v2\/product_brand?post=17119"},{"taxonomy":"product_cat","embeddable":true,"href":"https:\/\/farmaciadagostino.com.ar\/sitio\/wp-json\/wp\/v2\/product_cat?post=17119"},{"taxonomy":"product_tag","embeddable":true,"href":"https:\/\/farmaciadagostino.com.ar\/sitio\/wp-json\/wp\/v2\/product_tag?post=17119"}],"curies":[{"name":"wp","href":"https:\/\/api.w.org\/{rel}","templated":true}]}}