{"id":17253,"date":"2024-07-01T23:37:42","date_gmt":"2024-07-02T02:37:42","guid":{"rendered":"https:\/\/farmaciadagostino.com.ar\/sitio\/producto\/vogue-base-liquida-mate-natural-trigo\/"},"modified":"2026-03-09T10:25:52","modified_gmt":"2026-03-09T13:25:52","slug":"vogue-base-liquida-mate-natural-trigo","status":"publish","type":"product","link":"https:\/\/farmaciadagostino.com.ar\/sitio\/producto\/vogue-base-liquida-mate-natural-trigo\/","title":{"rendered":"Vogue Base L\u00edquida Mate Natural Trigo"},"content":{"rendered":"<p>Descubre la base de maquillaje Mate Natural, su textura ligera con hasta 12 horas de duraci\u00f3n y con \u00e1cido hialur\u00f3nico para un acabado mate natural y cubrimiento perfecto de larga duraci\u00f3n. Pru\u00e9bala y dile si al \u00e1cido hialur\u00f3nico con Mate Natural, cuidado para tu rostro con el beneficio anti poluci\u00f3n y filtros solares.<\/p>\n","protected":false},"excerpt":{"rendered":"<p>Descubre la base de maquillaje Mate Natural, su textura ligera con hasta 12 horas de duraci\u00f3n y con \u00e1cido hialur\u00f3nico para un acabado mate natural y cubrimiento perfecto de larga duraci\u00f3n<\/p>\n","protected":false},"featured_media":9639,"comment_status":"open","ping_status":"closed","template":"","meta":[],"product_brand":[],"product_cat":[237,265],"product_tag":[],"class_list":{"0":"post-17253","1":"product","2":"type-product","3":"status-publish","4":"has-post-thumbnail","6":"product_cat-belleza","7":"product_cat-maquillaje","9":"first","10":"instock","11":"shipping-taxable","12":"purchasable","13":"product-type-simple"},"_links":{"self":[{"href":"https:\/\/farmaciadagostino.com.ar\/sitio\/wp-json\/wp\/v2\/product\/17253","targetHints":{"allow":["GET"]}}],"collection":[{"href":"https:\/\/farmaciadagostino.com.ar\/sitio\/wp-json\/wp\/v2\/product"}],"about":[{"href":"https:\/\/farmaciadagostino.com.ar\/sitio\/wp-json\/wp\/v2\/types\/product"}],"replies":[{"embeddable":true,"href":"https:\/\/farmaciadagostino.com.ar\/sitio\/wp-json\/wp\/v2\/comments?post=17253"}],"wp:featuredmedia":[{"embeddable":true,"href":"https:\/\/farmaciadagostino.com.ar\/sitio\/wp-json\/wp\/v2\/media\/9639"}],"wp:attachment":[{"href":"https:\/\/farmaciadagostino.com.ar\/sitio\/wp-json\/wp\/v2\/media?parent=17253"}],"wp:term":[{"taxonomy":"product_brand","embeddable":true,"href":"https:\/\/farmaciadagostino.com.ar\/sitio\/wp-json\/wp\/v2\/product_brand?post=17253"},{"taxonomy":"product_cat","embeddable":true,"href":"https:\/\/farmaciadagostino.com.ar\/sitio\/wp-json\/wp\/v2\/product_cat?post=17253"},{"taxonomy":"product_tag","embeddable":true,"href":"https:\/\/farmaciadagostino.com.ar\/sitio\/wp-json\/wp\/v2\/product_tag?post=17253"}],"curies":[{"name":"wp","href":"https:\/\/api.w.org\/{rel}","templated":true}]}}