{"id":17358,"date":"2024-07-01T23:53:07","date_gmt":"2024-07-02T02:53:07","guid":{"rendered":"https:\/\/farmaciadagostino.com.ar\/sitio\/?post_type=product&#038;p=17358"},"modified":"2026-03-09T10:18:50","modified_gmt":"2026-03-09T13:18:50","slug":"vidol-talco-corporal-perfumado-floral-talquera-200g","status":"publish","type":"product","link":"https:\/\/farmaciadagostino.com.ar\/sitio\/producto\/vidol-talco-corporal-perfumado-floral-talquera-200g\/","title":{"rendered":"Vidol Talco Corporal Perfumado Floral Talquera 200g"},"content":{"rendered":"<div id=\"btn-description\" class=\"acco-header active\" style=\"margin: 0px; padding: 0px; border: 0px; font-variant-numeric: inherit; font-variant-east-asian: inherit; font-stretch: inherit; font-size: 14px; line-height: inherit; font-family: Montserrat, sans-serif; vertical-align: baseline; display: flex; -webkit-box-pack: justify; justify-content: space-between; -webkit-box-align: center; align-items: center; color: rgb(77, 77, 77);\">\n<h5 style=\"margin-top: 0px; margin-bottom: 0px; padding: 20px 0px; font-family: Montserrat; line-height: 18px; color: inherit; font-size: 17px; border: 0px; font-variant: inherit; font-stretch: inherit; vertical-align: baseline; letter-spacing: 0.02em;\">Descripci\u00f3n<\/h5>\n<div class=\"acco-arrow1 active\" style=\"margin: 0px; padding: 0px; border: 0px; font: inherit; vertical-align: baseline; position: relative;\"><\/div>\n<\/div>\n<div id=\"content-description\" class=\"descripcion-content active\" style=\"margin: 0px 0px 24px; padding: 0px; border: 0px; font-variant-numeric: inherit; font-variant-east-asian: inherit; font-stretch: inherit; font-size: 14px; line-height: 18px; font-family: Montserrat; vertical-align: baseline; height: auto; overflow: hidden; color: rgb(77, 77, 77);\">\n<p class=\"ver-mas\" style=\"margin-bottom: 0px; padding: 0px; border: 0px; font-style: inherit; font-variant: inherit; font-weight: 600; font-stretch: inherit; font-size: 15px; line-height: inherit; font-family: inherit; vertical-align: baseline; position: absolute; bottom: 3px; right: 9px; display: none; color: rgb(0, 181, 148);\">Ver mas<\/p>\n<div class=\"productDescription\" style=\"margin: 0px; padding: 0px; border: 0px; font: inherit; vertical-align: baseline;\">Esta elaborado con el mas fino talco y con fragancias naturales. Deja la piel suave y delicadamente perfumada, brindando una agradable y duradera sensaci\u00f3n de bienestar. El agregado de POLVO DE F\u00c9CULA le da una capacidad de absorci\u00f3n muy superior, ayudando a neutralizar los efectos de la transpiraci\u00f3n y eliminando olores desagradables. El EXTRACTO DE AVENA se obtiene a partir del germen de la AVENA que es un tejido muy rico en factores nutrientes. Posee gran poder suavizante y energetico para la piel.<\/div>\n<\/div>\n","protected":false},"excerpt":{"rendered":"<p>Descripci\u00f3nVer masEsta elaborado con el mas fino talco y con fragancias naturales<\/p>\n","protected":false},"featured_media":10054,"comment_status":"open","ping_status":"closed","template":"","meta":[],"product_brand":[],"product_cat":[152],"product_tag":[],"class_list":{"0":"post-17358","1":"product","2":"type-product","3":"status-publish","4":"has-post-thumbnail","6":"product_cat-cuidado-personal","8":"first","9":"instock","10":"shipping-taxable","11":"purchasable","12":"product-type-simple"},"_links":{"self":[{"href":"https:\/\/farmaciadagostino.com.ar\/sitio\/wp-json\/wp\/v2\/product\/17358","targetHints":{"allow":["GET"]}}],"collection":[{"href":"https:\/\/farmaciadagostino.com.ar\/sitio\/wp-json\/wp\/v2\/product"}],"about":[{"href":"https:\/\/farmaciadagostino.com.ar\/sitio\/wp-json\/wp\/v2\/types\/product"}],"replies":[{"embeddable":true,"href":"https:\/\/farmaciadagostino.com.ar\/sitio\/wp-json\/wp\/v2\/comments?post=17358"}],"wp:featuredmedia":[{"embeddable":true,"href":"https:\/\/farmaciadagostino.com.ar\/sitio\/wp-json\/wp\/v2\/media\/10054"}],"wp:attachment":[{"href":"https:\/\/farmaciadagostino.com.ar\/sitio\/wp-json\/wp\/v2\/media?parent=17358"}],"wp:term":[{"taxonomy":"product_brand","embeddable":true,"href":"https:\/\/farmaciadagostino.com.ar\/sitio\/wp-json\/wp\/v2\/product_brand?post=17358"},{"taxonomy":"product_cat","embeddable":true,"href":"https:\/\/farmaciadagostino.com.ar\/sitio\/wp-json\/wp\/v2\/product_cat?post=17358"},{"taxonomy":"product_tag","embeddable":true,"href":"https:\/\/farmaciadagostino.com.ar\/sitio\/wp-json\/wp\/v2\/product_tag?post=17358"}],"curies":[{"name":"wp","href":"https:\/\/api.w.org\/{rel}","templated":true}]}}