{"id":17612,"date":"2024-07-01T23:54:53","date_gmt":"2024-07-02T02:54:53","guid":{"rendered":"https:\/\/farmaciadagostino.com.ar\/sitio\/?post_type=product&#038;p=17612"},"modified":"2026-03-09T10:10:51","modified_gmt":"2026-03-09T13:10:51","slug":"biferdil-tratamiento-capilar-con-aceite-de-palta-20-gr-24-sachet","status":"publish","type":"product","link":"https:\/\/farmaciadagostino.com.ar\/sitio\/producto\/biferdil-tratamiento-capilar-con-aceite-de-palta-20-gr-24-sachet\/","title":{"rendered":"Biferdil Tratamiento Capilar Con Aceite de Palta 20 gr 24 Sachet"},"content":{"rendered":"<p>Tratamiento Capilar 3 con Aceite de Palta<br \/>\nBrillo y Fortalecimiento<\/p>\n<p>El Aceite de Palta re\u00fane las condiciones esenciales para contribuir a restaurar la salud del cabello favoreciendo su vitalidad y belleza. Este ingrediente natural contiene nutrientes, \u00e1cidos grasos esenciales, vitaminas y prote\u00ednas que proporcionan una nutrici\u00f3n duradera y brindan un aporte extra de brillo a los cabellos. Gracias a su alto valor nutritivo ayuda a combatir la sequedad y a promover el mantenimiento de una cabellera fortalecida y luminosa.<\/p>\n","protected":false},"excerpt":{"rendered":"<p>Tratamiento Capilar 3 con Aceite de Palta<br \/>\nBrillo y Fortalecimiento<\/p>\n<p>El Aceite de Palta re\u00fane las condiciones esenciales para contribuir a restaurar la salud del cabello favoreciendo su vitalidad y belleza<\/p>\n","protected":false},"featured_media":10291,"comment_status":"open","ping_status":"closed","template":"","meta":[],"product_brand":[],"product_cat":[237,152],"product_tag":[],"class_list":{"0":"post-17612","1":"product","2":"type-product","3":"status-publish","4":"has-post-thumbnail","6":"product_cat-belleza","7":"product_cat-cuidado-personal","9":"first","10":"instock","11":"shipping-taxable","12":"purchasable","13":"product-type-simple"},"_links":{"self":[{"href":"https:\/\/farmaciadagostino.com.ar\/sitio\/wp-json\/wp\/v2\/product\/17612","targetHints":{"allow":["GET"]}}],"collection":[{"href":"https:\/\/farmaciadagostino.com.ar\/sitio\/wp-json\/wp\/v2\/product"}],"about":[{"href":"https:\/\/farmaciadagostino.com.ar\/sitio\/wp-json\/wp\/v2\/types\/product"}],"replies":[{"embeddable":true,"href":"https:\/\/farmaciadagostino.com.ar\/sitio\/wp-json\/wp\/v2\/comments?post=17612"}],"wp:featuredmedia":[{"embeddable":true,"href":"https:\/\/farmaciadagostino.com.ar\/sitio\/wp-json\/wp\/v2\/media\/10291"}],"wp:attachment":[{"href":"https:\/\/farmaciadagostino.com.ar\/sitio\/wp-json\/wp\/v2\/media?parent=17612"}],"wp:term":[{"taxonomy":"product_brand","embeddable":true,"href":"https:\/\/farmaciadagostino.com.ar\/sitio\/wp-json\/wp\/v2\/product_brand?post=17612"},{"taxonomy":"product_cat","embeddable":true,"href":"https:\/\/farmaciadagostino.com.ar\/sitio\/wp-json\/wp\/v2\/product_cat?post=17612"},{"taxonomy":"product_tag","embeddable":true,"href":"https:\/\/farmaciadagostino.com.ar\/sitio\/wp-json\/wp\/v2\/product_tag?post=17612"}],"curies":[{"name":"wp","href":"https:\/\/api.w.org\/{rel}","templated":true}]}}