{"id":17615,"date":"2024-07-01T23:54:55","date_gmt":"2024-07-02T02:54:55","guid":{"rendered":"https:\/\/farmaciadagostino.com.ar\/sitio\/?post_type=product&#038;p=17615"},"modified":"2026-03-09T10:10:51","modified_gmt":"2026-03-09T13:10:51","slug":"capilatis-locion-anti-caida-70-ml","status":"publish","type":"product","link":"https:\/\/farmaciadagostino.com.ar\/sitio\/producto\/capilatis-locion-anti-caida-70-ml\/","title":{"rendered":"Capilatis Locion Anti-Caida 70 ml"},"content":{"rendered":"<p>Loci\u00f3n T\u00f3nica Capilar, logra mejorar la oxigenaci\u00f3n y nutrici\u00f3n del cabello, ayuda a detener progresivamente la ca\u00edda y prolonga el ciclo de vida de cabellos m\u00e1s fuertes y vigorosos. Nutre, fortalece, restaura y posibilita el crecimiento de cabellos m\u00e1s resistentes. Estimula la microcirculaci\u00f3n sangu\u00ednea a nivel del bulbo piloso y permite que los vasos sangu\u00edneos aporten los nutrientes necesarios para recuperar las caracter\u00edsticas de un cabello sano. Favorece el normal crecimiento de cabellos saludables y vigorosos, restablece los niveles de nutrientes perdidos, participa en el desarrollo pr\u00f3spero de los fol\u00edculos y ayuda a detener progresivamente la ca\u00edda del cabello. Se recomienda lavar previamente con el Shampoo adecuado al tipo de cabello, aplicar la loci\u00f3n sobre el cuero cabelludo h\u00famedo y modelar como de costumbre sin enjuagar. Se sugiere repetir la aplicaci\u00f3n tres veces por semana empleando la t\u00e9cnica de masaje capilar recomendada. Con el uso frecuente, la L\u00ednea Capilatis\u00ae contribuye a detener la ca\u00edda y a prolongar el ciclo de vida de cabellos m\u00e1s fuertes y vigorosos.<\/p>\n","protected":false},"excerpt":{"rendered":"<p>Loci\u00f3n T\u00f3nica Capilar, logra mejorar la oxigenaci\u00f3n y nutrici\u00f3n del cabello, ayuda a detener progresivamente la ca\u00edda y prolonga el ciclo de vida de cabellos m\u00e1s fuertes y vigorosos<\/p>\n","protected":false},"featured_media":11219,"comment_status":"open","ping_status":"closed","template":"","meta":[],"product_brand":[],"product_cat":[237,152],"product_tag":[],"class_list":{"0":"post-17615","1":"product","2":"type-product","3":"status-publish","4":"has-post-thumbnail","6":"product_cat-belleza","7":"product_cat-cuidado-personal","9":"first","10":"instock","11":"shipping-taxable","12":"purchasable","13":"product-type-simple"},"_links":{"self":[{"href":"https:\/\/farmaciadagostino.com.ar\/sitio\/wp-json\/wp\/v2\/product\/17615","targetHints":{"allow":["GET"]}}],"collection":[{"href":"https:\/\/farmaciadagostino.com.ar\/sitio\/wp-json\/wp\/v2\/product"}],"about":[{"href":"https:\/\/farmaciadagostino.com.ar\/sitio\/wp-json\/wp\/v2\/types\/product"}],"replies":[{"embeddable":true,"href":"https:\/\/farmaciadagostino.com.ar\/sitio\/wp-json\/wp\/v2\/comments?post=17615"}],"wp:featuredmedia":[{"embeddable":true,"href":"https:\/\/farmaciadagostino.com.ar\/sitio\/wp-json\/wp\/v2\/media\/11219"}],"wp:attachment":[{"href":"https:\/\/farmaciadagostino.com.ar\/sitio\/wp-json\/wp\/v2\/media?parent=17615"}],"wp:term":[{"taxonomy":"product_brand","embeddable":true,"href":"https:\/\/farmaciadagostino.com.ar\/sitio\/wp-json\/wp\/v2\/product_brand?post=17615"},{"taxonomy":"product_cat","embeddable":true,"href":"https:\/\/farmaciadagostino.com.ar\/sitio\/wp-json\/wp\/v2\/product_cat?post=17615"},{"taxonomy":"product_tag","embeddable":true,"href":"https:\/\/farmaciadagostino.com.ar\/sitio\/wp-json\/wp\/v2\/product_tag?post=17615"}],"curies":[{"name":"wp","href":"https:\/\/api.w.org\/{rel}","templated":true}]}}