{"id":17647,"date":"2024-07-01T23:55:05","date_gmt":"2024-07-02T02:55:05","guid":{"rendered":"https:\/\/farmaciadagostino.com.ar\/sitio\/?post_type=product&#038;p=17647"},"modified":"2026-03-09T10:25:56","modified_gmt":"2026-03-09T13:25:56","slug":"nopucid-locion-65-ml-incluye-shampoo-removedor-2-sobres-de-15-g","status":"publish","type":"product","link":"https:\/\/farmaciadagostino.com.ar\/sitio\/producto\/nopucid-locion-65-ml-incluye-shampoo-removedor-2-sobres-de-15-g\/","title":{"rendered":"Nopucid Loci\u00f3n 65 ml Incluye Shampoo Removedor 2 Sobres de 15 g"},"content":{"rendered":"<p>Elimina el 100% de los piojos y liendres con una sola aplicaci\u00f3n. Sus exclusivas micro-gotas de ULTRADIM act\u00faan de manera natural, no t\u00f3xica, ahogando y matando los piojos y liendres sin penetrar en el cuero cabelludo. Puede repetirse la aplicaci\u00f3n cuantas veces sea necesario. Incluye un shampoo especialmente formulado que permite remover f\u00e1cilmente la loci\u00f3n protegiendo la salud del cabello, dej\u00e1ndolo f\u00e1cil de peinar, sedoso y brillante. No necesita peine fijo, eficacia c\u00ednicamente comprobada sin T\u00f3xicos, 100% efectivo. Usar a partir de 1 a\u00f1o, aplicar en cabello seco \u00fanicamente.<\/p>\n","protected":false},"excerpt":{"rendered":"<p>Elimina el 100% de los piojos y liendres con una sola aplicaci\u00f3n<\/p>\n","protected":false},"featured_media":12071,"comment_status":"open","ping_status":"closed","template":"","meta":[],"product_brand":[],"product_cat":[152,149],"product_tag":[],"class_list":{"0":"post-17647","1":"product","2":"type-product","3":"status-publish","4":"has-post-thumbnail","6":"product_cat-cuidado-personal","7":"product_cat-farmacia","9":"first","10":"instock","11":"shipping-taxable","12":"purchasable","13":"product-type-simple"},"_links":{"self":[{"href":"https:\/\/farmaciadagostino.com.ar\/sitio\/wp-json\/wp\/v2\/product\/17647","targetHints":{"allow":["GET"]}}],"collection":[{"href":"https:\/\/farmaciadagostino.com.ar\/sitio\/wp-json\/wp\/v2\/product"}],"about":[{"href":"https:\/\/farmaciadagostino.com.ar\/sitio\/wp-json\/wp\/v2\/types\/product"}],"replies":[{"embeddable":true,"href":"https:\/\/farmaciadagostino.com.ar\/sitio\/wp-json\/wp\/v2\/comments?post=17647"}],"wp:featuredmedia":[{"embeddable":true,"href":"https:\/\/farmaciadagostino.com.ar\/sitio\/wp-json\/wp\/v2\/media\/12071"}],"wp:attachment":[{"href":"https:\/\/farmaciadagostino.com.ar\/sitio\/wp-json\/wp\/v2\/media?parent=17647"}],"wp:term":[{"taxonomy":"product_brand","embeddable":true,"href":"https:\/\/farmaciadagostino.com.ar\/sitio\/wp-json\/wp\/v2\/product_brand?post=17647"},{"taxonomy":"product_cat","embeddable":true,"href":"https:\/\/farmaciadagostino.com.ar\/sitio\/wp-json\/wp\/v2\/product_cat?post=17647"},{"taxonomy":"product_tag","embeddable":true,"href":"https:\/\/farmaciadagostino.com.ar\/sitio\/wp-json\/wp\/v2\/product_tag?post=17647"}],"curies":[{"name":"wp","href":"https:\/\/api.w.org\/{rel}","templated":true}]}}