{"id":17649,"date":"2024-07-01T23:55:05","date_gmt":"2024-07-02T02:55:05","guid":{"rendered":"https:\/\/farmaciadagostino.com.ar\/sitio\/?post_type=product&#038;p=17649"},"modified":"2026-03-09T10:18:55","modified_gmt":"2026-03-09T13:18:55","slug":"pantene-crema-para-peinar-restauracion-300-ml","status":"publish","type":"product","link":"https:\/\/farmaciadagostino.com.ar\/sitio\/producto\/pantene-crema-para-peinar-restauracion-300-ml\/","title":{"rendered":"Pantene Crema Para Peinar Restauracion 300 ml"},"content":{"rendered":"<p>Experimenta m\u00e1s control de tu pelo, desde la ma\u00f1ana hasta la noche, con las crema para peinar Repara de Pantene, la cual repara las puntas, donde normalmente el pelo suele estar m\u00e1s seco. <\/p>\n<h5>Beneficios:<\/h5>\n<p>Puedes utilizarlo para controlar el pelo rebelde y mejorarlo desde la ra\u00edz hasta la punta, mientras despide una fragancia activa que act\u00faa durante todo el d\u00eda. <\/p>\n<p>-Esta crema cuenta con el poder de la exclusiva f\u00f3rmula Pro-V de Pantene y tecnolog\u00eda de silicona inteligente que controla el frizz y mejora la definici\u00f3n. <\/p>\n<p>-Adem\u00e1s, su envase te permite encontrar f\u00e1cilmente el producto,ideal para tu tipo de pelo. <\/p>\n","protected":false},"excerpt":{"rendered":"<p>Experimenta m\u00e1s control de tu pelo, desde la ma\u00f1ana hasta la noche, con las crema para peinar Repara de Pantene, la cual repara las puntas, donde normalmente el pelo suele estar m\u00e1s seco<\/p>\n","protected":false},"featured_media":9088,"comment_status":"open","ping_status":"closed","template":"","meta":[],"product_brand":[],"product_cat":[237,152],"product_tag":[],"class_list":{"0":"post-17649","1":"product","2":"type-product","3":"status-publish","4":"has-post-thumbnail","6":"product_cat-belleza","7":"product_cat-cuidado-personal","9":"first","10":"instock","11":"shipping-taxable","12":"purchasable","13":"product-type-simple"},"_links":{"self":[{"href":"https:\/\/farmaciadagostino.com.ar\/sitio\/wp-json\/wp\/v2\/product\/17649","targetHints":{"allow":["GET"]}}],"collection":[{"href":"https:\/\/farmaciadagostino.com.ar\/sitio\/wp-json\/wp\/v2\/product"}],"about":[{"href":"https:\/\/farmaciadagostino.com.ar\/sitio\/wp-json\/wp\/v2\/types\/product"}],"replies":[{"embeddable":true,"href":"https:\/\/farmaciadagostino.com.ar\/sitio\/wp-json\/wp\/v2\/comments?post=17649"}],"wp:featuredmedia":[{"embeddable":true,"href":"https:\/\/farmaciadagostino.com.ar\/sitio\/wp-json\/wp\/v2\/media\/9088"}],"wp:attachment":[{"href":"https:\/\/farmaciadagostino.com.ar\/sitio\/wp-json\/wp\/v2\/media?parent=17649"}],"wp:term":[{"taxonomy":"product_brand","embeddable":true,"href":"https:\/\/farmaciadagostino.com.ar\/sitio\/wp-json\/wp\/v2\/product_brand?post=17649"},{"taxonomy":"product_cat","embeddable":true,"href":"https:\/\/farmaciadagostino.com.ar\/sitio\/wp-json\/wp\/v2\/product_cat?post=17649"},{"taxonomy":"product_tag","embeddable":true,"href":"https:\/\/farmaciadagostino.com.ar\/sitio\/wp-json\/wp\/v2\/product_tag?post=17649"}],"curies":[{"name":"wp","href":"https:\/\/api.w.org\/{rel}","templated":true}]}}